Last updated on 2025-02-23 15:49:40 CET.
Flavor | Version | Tinstall | Tcheck | Ttotal | Status | Flags |
---|---|---|---|---|---|---|
r-devel-linux-x86_64-debian-clang | 1.1.2 | 121.82 | 245.29 | 367.11 | NOTE | |
r-devel-linux-x86_64-debian-gcc | 1.1.2 | 82.29 | 164.55 | 246.84 | NOTE | |
r-devel-linux-x86_64-fedora-clang | 1.1.2 | 641.22 | NOTE | |||
r-devel-linux-x86_64-fedora-gcc | 1.1.2 | 622.34 | NOTE | |||
r-devel-macos-arm64 | 1.1.2 | 152.00 | NOTE | |||
r-devel-macos-x86_64 | 1.1.2 | 316.00 | NOTE | |||
r-devel-windows-x86_64 | 1.1.2 | 129.00 | 263.00 | 392.00 | NOTE | |
r-patched-linux-x86_64 | 1.1.2 | 116.01 | 247.97 | 363.98 | NOTE | |
r-release-linux-x86_64 | 1.1.2 | 116.84 | 247.37 | 364.21 | NOTE | |
r-release-macos-arm64 | 1.1.2 | 155.00 | NOTE | |||
r-release-macos-x86_64 | 1.1.2 | 263.00 | NOTE | |||
r-release-windows-x86_64 | 1.1.2 | 131.00 | 268.00 | 399.00 | NOTE | |
r-oldrel-macos-arm64 | 1.1.2 | 180.00 | NOTE | |||
r-oldrel-macos-x86_64 | 1.1.2 | 337.00 | NOTE | |||
r-oldrel-windows-x86_64 | 1.1.2 | 161.00 | 338.00 | 499.00 | NOTE |
Version: 1.1.2
Check: C++ specification
Result: NOTE
Specified C++11: please drop specification unless essential
Flavors: r-devel-linux-x86_64-debian-clang, r-devel-linux-x86_64-debian-gcc, r-devel-linux-x86_64-fedora-clang, r-devel-linux-x86_64-fedora-gcc, r-devel-macos-arm64, r-devel-macos-x86_64, r-devel-windows-x86_64, r-patched-linux-x86_64, r-release-linux-x86_64, r-release-macos-arm64, r-release-macos-x86_64, r-release-windows-x86_64, r-oldrel-macos-arm64, r-oldrel-macos-x86_64, r-oldrel-windows-x86_64
Version: 1.1.2
Check: Rd files
Result: NOTE
checkRd: (-1) kernel.assign.Rd:27: Lost braces; missing escapes or markup?
27 | {q = [0, 1]}. Kernels are of the Müller-Wang type ("MW"), Müller type ("M")
| ^
Flavors: r-devel-linux-x86_64-debian-clang, r-devel-linux-x86_64-debian-gcc, r-devel-linux-x86_64-fedora-clang, r-devel-linux-x86_64-fedora-gcc, r-devel-macos-arm64, r-devel-macos-x86_64, r-devel-windows-x86_64, r-patched-linux-x86_64, r-release-linux-x86_64, r-release-macos-arm64, r-release-macos-x86_64, r-release-windows-x86_64
Version: 1.1.2
Check: installed package size
Result: NOTE
installed size is 7.8Mb
sub-directories of 1Mb or more:
data 1.9Mb
libs 5.2Mb
Flavors: r-release-macos-arm64, r-release-macos-x86_64, r-oldrel-macos-arm64, r-oldrel-macos-x86_64
These binaries (installable software) and packages are in development.
They may not be fully stable and should be used with caution. We make no claims about them.
Health stats visible at Monitor.