Last updated on 2024-05-02 00:58:32 CEST.
Flavor | Version | Tinstall | Tcheck | Ttotal | Status | Flags |
---|---|---|---|---|---|---|
r-devel-linux-x86_64-debian-clang | 0.5.3 | 425.05 | 153.25 | 578.30 | NOTE | |
r-devel-linux-x86_64-debian-gcc | 0.5.3 | 369.09 | 130.38 | 499.47 | NOTE | |
r-devel-linux-x86_64-fedora-clang | 0.5.3 | 682.78 | NOTE | |||
r-devel-linux-x86_64-fedora-gcc | 0.5.3 | 852.60 | NOTE | |||
r-devel-windows-x86_64 | 0.5.3 | 267.00 | 185.00 | 452.00 | NOTE | |
r-patched-linux-x86_64 | 0.5.3 | 269.93 | 167.12 | 437.05 | NOTE | |
r-release-linux-x86_64 | 0.5.3 | 0.02 | 2.45 | 2.47 | ERROR | |
r-release-macos-arm64 | 0.5.3 | 163.00 | NOTE | |||
r-release-windows-x86_64 | 0.5.3 | 287.00 | 147.00 | 434.00 | NOTE | |
r-oldrel-macos-arm64 | 0.5.3 | 174.00 | NOTE | |||
r-oldrel-macos-x86_64 | 0.5.3 | 283.00 | NOTE | |||
r-oldrel-windows-x86_64 | 0.5.3 | 379.00 | 190.00 | 569.00 | NOTE |
Version: 0.5.3
Check: for GNU extensions in Makefiles
Result: NOTE
GNU make is a SystemRequirements.
Flavors: r-devel-linux-x86_64-debian-clang, r-devel-linux-x86_64-debian-gcc, r-devel-linux-x86_64-fedora-clang, r-devel-linux-x86_64-fedora-gcc, r-devel-windows-x86_64, r-patched-linux-x86_64, r-release-macos-arm64, r-release-windows-x86_64, r-oldrel-macos-arm64, r-oldrel-macos-x86_64, r-oldrel-windows-x86_64
Version: 0.5.3
Check: data for non-ASCII characters
Result: NOTE
Note: found 38 marked UTF-8 strings
Flavors: r-devel-linux-x86_64-fedora-clang, r-devel-linux-x86_64-fedora-gcc
Version: 0.5.3
Check: whether package can be installed
Result: ERROR
Installation failed.
Flavor: r-release-linux-x86_64
Version: 0.5.3
Check: installed package size
Result: NOTE
installed size is 84.0Mb
sub-directories of 1Mb or more:
libs 83.6Mb
Flavors: r-release-macos-arm64, r-oldrel-macos-arm64, r-oldrel-macos-x86_64
These binaries (installable software) and packages are in development.
They may not be fully stable and should be used with caution. We make no claims about them.
Health stats visible at Monitor.