Last updated on 2025-05-15 07:49:36 CEST.
Flavor | Version | Tinstall | Tcheck | Ttotal | Status | Flags |
---|---|---|---|---|---|---|
r-devel-linux-x86_64-debian-clang | 1.0 | 2.52 | 24.29 | 26.81 | NOTE | |
r-devel-linux-x86_64-debian-gcc | 1.0 | 1.92 | 19.01 | 20.93 | NOTE | |
r-devel-linux-x86_64-fedora-clang | 1.0 | 43.99 | OK | |||
r-devel-linux-x86_64-fedora-gcc | 1.0 | 40.08 | OK | |||
r-devel-windows-x86_64 | 1.0 | 4.00 | 44.00 | 48.00 | OK | |
r-patched-linux-x86_64 | 1.0 | 2.44 | 23.24 | 25.68 | OK | |
r-release-linux-x86_64 | 1.0 | 2.48 | 23.02 | 25.50 | OK | |
r-release-macos-arm64 | 1.0 | 18.00 | OK | |||
r-release-macos-x86_64 | 1.0 | 35.00 | OK | |||
r-release-windows-x86_64 | 1.0 | 4.00 | 44.00 | 48.00 | OK | |
r-oldrel-macos-arm64 | 1.0 | 17.00 | OK | |||
r-oldrel-macos-x86_64 | 1.0 | 23.00 | OK | |||
r-oldrel-windows-x86_64 | 1.0 | 4.00 | 49.00 | 53.00 | OK |
Version: 1.0
Check: CRAN incoming feasibility
Result: NOTE
Maintainer: ‘Sophie Lebre <sophie.lebre@umontpellier.fr>’
No Authors@R field in DESCRIPTION.
Please add one, modifying
Authors@R: person(given = "Sophie",
family = "Lebre",
role = c("aut", "cre"),
email = "sophie.lebre@umontpellier.fr")
as necessary.
File 'R/DCODE-internal.R' sets .Random.seed.
This is usually neither needed nor wanted.
The Description field contains
http://arxiv.org/abs/1602.04971).
Please enclose URLs in angle brackets (<...>).
The Description field contains
http://arxiv.org/abs/1602.04971).
Please refer to arXiv e-prints via their arXiv DOI <doi:10.48550/arXiv.YYMM.NNNNN>.
Flavors: r-devel-linux-x86_64-debian-clang, r-devel-linux-x86_64-debian-gcc
These binaries (installable software) and packages are in development.
They may not be fully stable and should be used with caution. We make no claims about them.
Health stats visible at Monitor.