Last updated on 2025-02-23 19:51:03 CET.
Flavor | Version | Tinstall | Tcheck | Ttotal | Status | Flags |
---|---|---|---|---|---|---|
r-devel-linux-x86_64-debian-clang | 1.4.1 | 2.07 | 61.71 | 63.78 | OK | |
r-devel-linux-x86_64-debian-gcc | 1.4.1 | 1.77 | 46.80 | 48.57 | OK | |
r-devel-linux-x86_64-fedora-clang | 1.4.1 | 118.50 | OK | |||
r-devel-linux-x86_64-fedora-gcc | 1.4.1 | 132.16 | OK | |||
r-devel-macos-arm64 | 1.4.1 | 44.00 | OK | |||
r-devel-macos-x86_64 | 1.4.1 | 93.00 | OK | |||
r-devel-windows-x86_64 | 1.4.1 | 2.00 | 121.00 | 123.00 | OK | |
r-patched-linux-x86_64 | 1.4.1 | 2.33 | 60.44 | 62.77 | OK | |
r-release-linux-x86_64 | 1.4.1 | 2.41 | 60.82 | 63.23 | OK | |
r-release-macos-arm64 | 1.4.1 | 43.00 | OK | |||
r-release-macos-x86_64 | 1.4.1 | 66.00 | OK | |||
r-release-windows-x86_64 | 1.4.1 | 3.00 | 119.00 | 122.00 | OK | |
r-oldrel-macos-arm64 | 1.4.1 | 57.00 | OK | |||
r-oldrel-macos-x86_64 | 1.4.1 | 85.00 | NOTE | |||
r-oldrel-windows-x86_64 | 1.4.1 | 4.00 | 123.00 | 127.00 | OK |
Version: 1.4.1
Check: re-building of vignette outputs
Result: NOTE
Error(s) in re-building vignettes:
--- re-building ‘DBR.Rnw’ using Sweave
DBR 1.4.1
Bayesian Discretized Beta Regression for the Analysis of Ratings Data
Warning in cor.test.default(pain$severity, pain$interference, method = "spearman") :
Cannot compute exact p-value with ties
Warning in cor.test.default(pain$age, pain$interference, method = "spearman") :
Cannot compute exact p-value with ties
Warning in ks.test.default(pred_sample, pain$interference) :
p-value will be approximate in the presence of ties
Error: processing vignette 'DBR.Rnw' failed with diagnostics:
Running 'texi2dvi' on 'DBR.tex' failed.
LaTeX errors:
! LaTeX Error: File `breqn.sty' not found.
Type X to quit or <RETURN> to proceed,
or enter new name. (Default extension: sty)
! Emergency stop.
<read *>
l.18 \usepackage
{atbegshi}% http://ctan.org/pkg/atbegshi^^M
! ==> Fatal error occurred, no output PDF file produced!
--- failed re-building ‘DBR.Rnw’
SUMMARY: processing the following file failed:
‘DBR.Rnw’
Error: Vignette re-building failed.
Execution halted
Flavor: r-oldrel-macos-x86_64
These binaries (installable software) and packages are in development.
They may not be fully stable and should be used with caution. We make no claims about them.
Health stats visible at Monitor.