CRAN Package Check Results for Package DALY

Last updated on 2025-05-15 09:52:12 CEST.

Flavor Version Tinstall Tcheck Ttotal Status Flags
r-devel-linux-x86_64-debian-clang 1.5.0 8.14 38.79 46.93 NOTE
r-devel-linux-x86_64-debian-gcc 1.5.0 6.05 30.13 36.18 NOTE
r-devel-linux-x86_64-fedora-clang 1.5.0 82.36 NOTE
r-devel-linux-x86_64-fedora-gcc 1.5.0 74.75 NOTE
r-devel-windows-x86_64 1.5.0 8.00 61.00 69.00 OK
r-patched-linux-x86_64 1.5.0 8.02 37.04 45.06 OK
r-release-linux-x86_64 1.5.0 7.29 36.72 44.01 OK
r-release-macos-arm64 1.5.0 33.00 OK
r-release-macos-x86_64 1.5.0 47.00 OK
r-release-windows-x86_64 1.5.0 9.00 62.00 71.00 OK
r-oldrel-macos-arm64 1.5.0 31.00 OK
r-oldrel-macos-x86_64 1.5.0 42.00 OK
r-oldrel-windows-x86_64 1.5.0 8.00 60.00 68.00 OK

Check Details

Version: 1.5.0
Check: CRAN incoming feasibility
Result: NOTE Maintainer: ‘Brecht Devleesschauwer <brechtdv@gmail.com>’ Package CITATION file contains call(s) to old-style citEntry(). Please use bibentry() instead. Found the following URLs which should use \doi (with the DOI name only): File ‘DALY-package.Rd’: http://dx.doi.org/10.1007/s00038-014-0552-z File ‘DALYcalculator.Rd’: http://dx.doi.org/10.1007/s00038-014-0552-z File ‘setStdLE.Rd’: http://dx.doi.org/10.1007/s00038-014-0552-z Flavors: r-devel-linux-x86_64-debian-clang, r-devel-linux-x86_64-debian-gcc

Version: 1.5.0
Check: compiled code
Result: NOTE File ‘DALY/libs/DALY.so’: Found no calls to: ‘R_registerRoutines’, ‘R_useDynamicSymbols’ It is good practice to register native routines and to disable symbol search. See ‘Writing portable packages’ in the ‘Writing R Extensions’ manual. Flavors: r-devel-linux-x86_64-fedora-clang, r-devel-linux-x86_64-fedora-gcc

These binaries (installable software) and packages are in development.
They may not be fully stable and should be used with caution. We make no claims about them.
Health stats visible at Monitor.