Last updated on 2025-10-31 01:48:54 CET.
| Flavor | Version | Tinstall | Tcheck | Ttotal | Status | Flags | 
|---|---|---|---|---|---|---|
| r-devel-linux-x86_64-debian-clang | 2.1.21 | 13.79 | 145.34 | 159.13 | OK | |
| r-devel-linux-x86_64-debian-gcc | 2.1.21 | 9.22 | 104.47 | 113.69 | OK | |
| r-devel-linux-x86_64-fedora-clang | 2.1.21 | 34.00 | 212.81 | 246.81 | OK | |
| r-devel-linux-x86_64-fedora-gcc | 2.1.21 | 63.00 | 235.09 | 298.09 | OK | |
| r-devel-windows-x86_64 | 2.1.21 | 15.00 | 156.00 | 171.00 | OK | |
| r-patched-linux-x86_64 | 2.1.21 | 14.78 | 136.27 | 151.05 | OK | |
| r-release-linux-x86_64 | 2.1.21 | 12.70 | 136.74 | 149.44 | OK | |
| r-release-macos-arm64 | 2.1.21 | 6.00 | 68.00 | 74.00 | ERROR | |
| r-release-macos-x86_64 | 2.1.21 | 14.00 | 148.00 | 162.00 | ERROR | |
| r-release-windows-x86_64 | 2.1.21 | 19.00 | 181.00 | 200.00 | OK | |
| r-oldrel-macos-arm64 | 2.1.21 | 7.00 | 74.00 | 81.00 | ERROR | |
| r-oldrel-macos-x86_64 | 2.1.21 | 15.00 | 162.00 | 177.00 | ERROR | |
| r-oldrel-windows-x86_64 | 2.1.21 | 21.00 | 204.00 | 225.00 | OK | 
Version: 2.1.21
Check: tests
Result: ERROR
    Running ‘testthat.R’ [8s/9s]
  Running the tests in ‘tests/testthat.R’ failed.
  Complete output:
    > # See https://github.com/tidyverse/dplyr/blob/main/tests/
    > library(testthat)
    > library(D4TAlink.light)
    Loading required package: rjson
    Loading required package: DBI
    Loading required package: RSQLite
    Loading required package: openssl
    Linking to: OpenSSL 3.3.2 3 Sep 2024
    > 
    > test_check("D4TAlink.light")
    
    
    processing file: 20251031_myTask.Rmd
    output file: 20251031_myTask.knit.md
    
    /opt/R/arm64/bin/pandoc +RTS -K512m -RTS 20251031_myTask.knit.md --to docx --from markdown+autolink_bare_uris+tex_math_single_backslash --output /Volumes/Temp/tmp/RtmpVO1JKu/file1332c5a923d41/MySponsor/myProject/myPackage/docs/20251031_myTask.docx --lua-filter /Volumes/Builds/packages/big-sur-arm64/Rlib/4.5/rmarkdown/rmarkdown/lua/pagebreak.lua --table-of-contents --toc-depth 3 --highlight-style tango --reference-doc /Volumes/Builds/packages/big-sur-arm64/Rlib/4.5/officedown/examples/bookdown/template.docx 
    
    Output created: /Volumes/Temp/tmp/RtmpVO1JKu/file1332c5a923d41/MySponsor/myProject/myPackage/docs/20251031_myTask.docx
    
    
    processing file: 20251031_myTask.Rmd
    output file: 20251031_myTask.knit.md
    
    /opt/R/arm64/bin/pandoc +RTS -K512m -RTS 20251031_myTask.knit.md --to docx --from markdown+autolink_bare_uris+tex_math_single_backslash --output /Volumes/Temp/tmp/RtmpVO1JKu/file1332c5a923d41/MySponsor/myProject/myPackage/docs/20251031_myTask.docx --lua-filter /Volumes/Builds/packages/big-sur-arm64/Rlib/4.5/rmarkdown/rmarkdown/lua/pagebreak.lua --table-of-contents --toc-depth 3 --highlight-style tango --reference-doc /Volumes/Builds/packages/big-sur-arm64/results/4.5/D4TAlink.light.Rcheck/D4TAlink.light/template/SQU4REtemplate.docx 
    
    Output created: /Volumes/Temp/tmp/RtmpVO1JKu/file1332c5a923d41/MySponsor/myProject/myPackage/docs/20251031_myTask.docx
    updating: word/footer1.xml
    	zip warning: Local Entry CRC does not match CD: word/footer1.xml
     (deflated 75%)
    updating: word/header1.xml (deflated 88%)
    [ FAIL 1 | WARN 0 | SKIP 0 | PASS 4 ]
    
    ══ Failed tests ════════════════════════════════════════════════════════════════
    ── Error ('test01.R:68:3'): (code run outside of `test_that()`) ────────────────
    Error in `find_quarto()`: Quarto command-line tools path not found!
    Please make sure you have installed and added Quarto to your PATH or set the
    QUARTO_PATH environment variable.
    Backtrace:
        ▆
     1. └─D4TAlink.light::renderTaskQmd(task) at test01.R:68:3
     2.   └─quarto::quarto_render(...)
     3.     └─quarto:::find_quarto()
     4.       └─cli::cli_abort(quarto_not_found_msg)
     5.         └─rlang::abort(...)
    
    [ FAIL 1 | WARN 0 | SKIP 0 | PASS 4 ]
    Error: Test failures
    Execution halted
Flavor: r-release-macos-arm64
Version: 2.1.21
Check: tests
Result: ERROR
    Running ‘testthat.R’ [16s/24s]
  Running the tests in ‘tests/testthat.R’ failed.
  Complete output:
    > # See https://github.com/tidyverse/dplyr/blob/main/tests/
    > library(testthat)
    > library(D4TAlink.light)
    Loading required package: rjson
    Loading required package: DBI
    Loading required package: RSQLite
    Loading required package: openssl
    Linking to: OpenSSL 3.3.2 3 Sep 2024
    > 
    > test_check("D4TAlink.light")
    
    
    processing file: 20251030_myTask.Rmd
    output file: 20251030_myTask.knit.md
    
    /opt/R/x86_64/bin/pandoc +RTS -K512m -RTS 20251030_myTask.knit.md --to docx --from markdown+autolink_bare_uris+tex_math_single_backslash --output /Volumes/Temp/tmp/Rtmpw0zyW1/file13f93887721a/MySponsor/myProject/myPackage/docs/20251030_myTask.docx --lua-filter /Volumes/Builds/packages/big-sur-x86_64/Rlib/4.5/rmarkdown/rmarkdown/lua/pagebreak.lua --table-of-contents --toc-depth 3 --highlight-style tango --reference-doc /Volumes/Builds/packages/big-sur-x86_64/Rlib/4.5/officedown/examples/bookdown/template.docx 
    
    Output created: /Volumes/Temp/tmp/Rtmpw0zyW1/file13f93887721a/MySponsor/myProject/myPackage/docs/20251030_myTask.docx
    
    
    processing file: 20251030_myTask.Rmd
    output file: 20251030_myTask.knit.md
    
    /opt/R/x86_64/bin/pandoc +RTS -K512m -RTS 20251030_myTask.knit.md --to docx --from markdown+autolink_bare_uris+tex_math_single_backslash --output /Volumes/Temp/tmp/Rtmpw0zyW1/file13f93887721a/MySponsor/myProject/myPackage/docs/20251030_myTask.docx --lua-filter /Volumes/Builds/packages/big-sur-x86_64/Rlib/4.5/rmarkdown/rmarkdown/lua/pagebreak.lua --table-of-contents --toc-depth 3 --highlight-style tango --reference-doc /Volumes/Builds/packages/big-sur-x86_64/results/4.5/D4TAlink.light.Rcheck/D4TAlink.light/template/SQU4REtemplate.docx 
    
    Output created: /Volumes/Temp/tmp/Rtmpw0zyW1/file13f93887721a/MySponsor/myProject/myPackage/docs/20251030_myTask.docx
    updating: word/footer1.xml
    	zip warning: Local Entry CRC does not match CD: word/footer1.xml
     (deflated 75%)
    updating: word/header1.xml (deflated 88%)
    [ FAIL 1 | WARN 0 | SKIP 0 | PASS 4 ]
    
    ══ Failed tests ════════════════════════════════════════════════════════════════
    ── Error ('test01.R:68:3'): (code run outside of `test_that()`) ────────────────
    Error in `find_quarto()`: Quarto command-line tools path not found!
    Please make sure you have installed and added Quarto to your PATH or set the
    QUARTO_PATH environment variable.
    Backtrace:
        ▆
     1. └─D4TAlink.light::renderTaskQmd(task) at test01.R:68:3
     2.   └─quarto::quarto_render(...)
     3.     └─quarto:::find_quarto()
     4.       └─cli::cli_abort(quarto_not_found_msg)
     5.         └─rlang::abort(...)
    
    [ FAIL 1 | WARN 0 | SKIP 0 | PASS 4 ]
    Error: Test failures
    Execution halted
Flavor: r-release-macos-x86_64
Version: 2.1.21
Check: tests
Result: ERROR
    Running ‘testthat.R’ [8s/9s]
  Running the tests in ‘tests/testthat.R’ failed.
  Complete output:
    > # See https://github.com/tidyverse/dplyr/blob/main/tests/
    > library(testthat)
    > library(D4TAlink.light)
    Loading required package: rjson
    Loading required package: DBI
    Loading required package: RSQLite
    Loading required package: openssl
    Linking to: OpenSSL 3.3.2 3 Sep 2024
    > 
    > test_check("D4TAlink.light")
    
    
    processing file: 20251031_myTask.Rmd
    output file: 20251031_myTask.knit.md
    
    /opt/R/arm64/bin/pandoc +RTS -K512m -RTS 20251031_myTask.knit.md --to docx --from markdown+autolink_bare_uris+tex_math_single_backslash --output /Volumes/Temp/tmp/RtmpECo24y/file5d2b4dc20127/MySponsor/myProject/myPackage/docs/20251031_myTask.docx --lua-filter /Volumes/Builds/packages/big-sur-arm64/Rlib/4.4/rmarkdown/rmarkdown/lua/pagebreak.lua --table-of-contents --toc-depth 3 --highlight-style tango --reference-doc /Volumes/Builds/packages/big-sur-arm64/Rlib/4.4/officedown/examples/bookdown/template.docx 
    
    Output created: /Volumes/Temp/tmp/RtmpECo24y/file5d2b4dc20127/MySponsor/myProject/myPackage/docs/20251031_myTask.docx
    
    
    processing file: 20251031_myTask.Rmd
    output file: 20251031_myTask.knit.md
    
    /opt/R/arm64/bin/pandoc +RTS -K512m -RTS 20251031_myTask.knit.md --to docx --from markdown+autolink_bare_uris+tex_math_single_backslash --output /Volumes/Temp/tmp/RtmpECo24y/file5d2b4dc20127/MySponsor/myProject/myPackage/docs/20251031_myTask.docx --lua-filter /Volumes/Builds/packages/big-sur-arm64/Rlib/4.4/rmarkdown/rmarkdown/lua/pagebreak.lua --table-of-contents --toc-depth 3 --highlight-style tango --reference-doc /Volumes/Builds/packages/big-sur-arm64/results/4.4/D4TAlink.light.Rcheck/D4TAlink.light/template/SQU4REtemplate.docx 
    
    Output created: /Volumes/Temp/tmp/RtmpECo24y/file5d2b4dc20127/MySponsor/myProject/myPackage/docs/20251031_myTask.docx
    updating: word/footer1.xml
    	zip warning: Local Entry CRC does not match CD: word/footer1.xml
     (deflated 75%)
    updating: word/header1.xml (deflated 88%)
    [ FAIL 1 | WARN 0 | SKIP 0 | PASS 4 ]
    
    ══ Failed tests ════════════════════════════════════════════════════════════════
    ── Error ('test01.R:68:3'): (code run outside of `test_that()`) ────────────────
    Error in `find_quarto()`: Quarto command-line tools path not found!
    Please make sure you have installed and added Quarto to your PATH or set the
    QUARTO_PATH environment variable.
    Backtrace:
        ▆
     1. └─D4TAlink.light::renderTaskQmd(task) at test01.R:68:3
     2.   └─quarto::quarto_render(...)
     3.     └─quarto:::find_quarto()
     4.       └─cli::cli_abort(quarto_not_found_msg)
     5.         └─rlang::abort(...)
    
    [ FAIL 1 | WARN 0 | SKIP 0 | PASS 4 ]
    Error: Test failures
    Execution halted
Flavor: r-oldrel-macos-arm64
Version: 2.1.21
Check: tests
Result: ERROR
    Running ‘testthat.R’ [15s/22s]
  Running the tests in ‘tests/testthat.R’ failed.
  Complete output:
    > # See https://github.com/tidyverse/dplyr/blob/main/tests/
    > library(testthat)
    > library(D4TAlink.light)
    Loading required package: rjson
    Loading required package: DBI
    Loading required package: RSQLite
    Loading required package: openssl
    Linking to: OpenSSL 3.3.2 3 Sep 2024
    > 
    > test_check("D4TAlink.light")
    
    
    processing file: 20251030_myTask.Rmd
    output file: 20251030_myTask.knit.md
    
    /opt/R/x86_64/bin/pandoc +RTS -K512m -RTS 20251030_myTask.knit.md --to docx --from markdown+autolink_bare_uris+tex_math_single_backslash --output /Volumes/Temp/tmp/RtmpDQVe8a/filed9ed229f9880/MySponsor/myProject/myPackage/docs/20251030_myTask.docx --lua-filter /Volumes/Builds/packages/big-sur-x86_64/Rlib/4.4/rmarkdown/rmarkdown/lua/pagebreak.lua --table-of-contents --toc-depth 3 --highlight-style tango --reference-doc /Volumes/Builds/packages/big-sur-x86_64/Rlib/4.4/officedown/examples/bookdown/template.docx 
    
    Output created: /Volumes/Temp/tmp/RtmpDQVe8a/filed9ed229f9880/MySponsor/myProject/myPackage/docs/20251030_myTask.docx
    
    
    processing file: 20251030_myTask.Rmd
    output file: 20251030_myTask.knit.md
    
    /opt/R/x86_64/bin/pandoc +RTS -K512m -RTS 20251030_myTask.knit.md --to docx --from markdown+autolink_bare_uris+tex_math_single_backslash --output /Volumes/Temp/tmp/RtmpDQVe8a/filed9ed229f9880/MySponsor/myProject/myPackage/docs/20251030_myTask.docx --lua-filter /Volumes/Builds/packages/big-sur-x86_64/Rlib/4.4/rmarkdown/rmarkdown/lua/pagebreak.lua --table-of-contents --toc-depth 3 --highlight-style tango --reference-doc /Volumes/Builds/packages/big-sur-x86_64/results/4.4/D4TAlink.light.Rcheck/D4TAlink.light/template/SQU4REtemplate.docx 
    
    Output created: /Volumes/Temp/tmp/RtmpDQVe8a/filed9ed229f9880/MySponsor/myProject/myPackage/docs/20251030_myTask.docx
    updating: word/footer1.xml
    	zip warning: Local Entry CRC does not match CD: word/footer1.xml
     (deflated 75%)
    updating: word/header1.xml (deflated 88%)
    [ FAIL 1 | WARN 0 | SKIP 0 | PASS 4 ]
    
    ══ Failed tests ════════════════════════════════════════════════════════════════
    ── Error ('test01.R:68:3'): (code run outside of `test_that()`) ────────────────
    Error in `find_quarto()`: Quarto command-line tools path not found!
    Please make sure you have installed and added Quarto to your PATH or set the
    QUARTO_PATH environment variable.
    Backtrace:
        ▆
     1. └─D4TAlink.light::renderTaskQmd(task) at test01.R:68:3
     2.   └─quarto::quarto_render(...)
     3.     └─quarto:::find_quarto()
     4.       └─cli::cli_abort(quarto_not_found_msg)
     5.         └─rlang::abort(...)
    
    [ FAIL 1 | WARN 0 | SKIP 0 | PASS 4 ]
    Error: Test failures
    Execution halted
Flavor: r-oldrel-macos-x86_64
These binaries (installable software) and packages are in development.
They may not be fully stable and should be used with caution. We make no claims about them.
Health stats visible at Monitor.