Last updated on 2024-05-02 04:00:11 CEST.
Flavor | Version | Tinstall | Tcheck | Ttotal | Status | Flags |
---|---|---|---|---|---|---|
r-devel-linux-x86_64-debian-clang | 1.6.1 | 10.23 | 121.26 | 131.49 | NOTE | |
r-devel-linux-x86_64-debian-gcc | 1.6.1 | 6.58 | 94.66 | 101.24 | NOTE | |
r-devel-linux-x86_64-fedora-clang | 1.6.1 | 164.11 | NOTE | |||
r-devel-linux-x86_64-fedora-gcc | 1.6.1 | 174.45 | NOTE | |||
r-devel-windows-x86_64 | 1.6.1 | 12.00 | 154.00 | 166.00 | NOTE | |
r-patched-linux-x86_64 | 1.6.1 | 6.13 | 120.15 | 126.28 | NOTE | |
r-release-linux-x86_64 | 1.6.1 | 5.55 | 123.49 | 129.04 | NOTE | |
r-release-macos-arm64 | 1.6.1 | 52.00 | NOTE | |||
r-release-windows-x86_64 | 1.6.1 | 10.00 | 155.00 | 165.00 | NOTE | |
r-oldrel-macos-arm64 | 1.6.1 | 66.00 | OK | |||
r-oldrel-macos-x86_64 | 1.6.1 | 145.00 | OK | |||
r-oldrel-windows-x86_64 | 1.6.1 | 12.00 | 179.00 | 191.00 | OK |
Version: 1.6.1
Check: Rd files
Result: NOTE
checkRd: (-1) jointprobs.Rd:14: Lost braces in \itemize; meant \describe ?
checkRd: (-1) jointprobs.Rd:15: Lost braces in \itemize; meant \describe ?
checkRd: (-1) jointprobs.Rd:16: Lost braces in \itemize; meant \describe ?
checkRd: (-1) jointprobs.Rd:21: Lost braces; missing escapes or markup?
21 | \eqn{K+1} categories the arrays will have either \eqn{K+1} or {K} dimensions, depending on whether
| ^
checkRd: (-1) multinom.gen.Rd:46: Lost braces
46 | For a \emph{K}-variate multinomial, the matrix{m} should have \emph{K-1} columns
| ^
Flavors: r-devel-linux-x86_64-debian-clang, r-devel-linux-x86_64-debian-gcc, r-devel-linux-x86_64-fedora-clang, r-devel-linux-x86_64-fedora-gcc, r-devel-windows-x86_64, r-patched-linux-x86_64, r-release-linux-x86_64, r-release-macos-arm64, r-release-windows-x86_64
These binaries (installable software) and packages are in development.
They may not be fully stable and should be used with caution. We make no claims about them.
Health stats visible at Monitor.