Last updated on 2024-05-02 00:58:30 CEST.
Flavor | Version | Tinstall | Tcheck | Ttotal | Status | Flags |
---|---|---|---|---|---|---|
r-devel-linux-x86_64-debian-clang | 0.1.9 | 2.91 | 91.27 | 94.18 | NOTE | |
r-devel-linux-x86_64-debian-gcc | 0.1.9 | 2.30 | 63.61 | 65.91 | NOTE | |
r-devel-linux-x86_64-fedora-clang | 0.1.9 | 122.12 | NOTE | |||
r-devel-linux-x86_64-fedora-gcc | 0.1.9 | 121.57 | NOTE | |||
r-devel-windows-x86_64 | 0.1.9 | 3.00 | 78.00 | 81.00 | NOTE | |
r-patched-linux-x86_64 | 0.1.9 | 3.86 | 84.49 | 88.35 | NOTE | |
r-release-linux-x86_64 | 0.1.9 | 3.49 | 86.27 | 89.76 | NOTE | |
r-release-macos-arm64 | 0.1.9 | 37.00 | NOTE | |||
r-release-macos-x86_64 | 0.1.9 | 119.00 | OK | |||
r-release-windows-x86_64 | 0.1.9 | 4.00 | 79.00 | 83.00 | NOTE | |
r-oldrel-macos-arm64 | 0.1.9 | 41.00 | OK | |||
r-oldrel-macos-x86_64 | 0.1.9 | 84.00 | OK | |||
r-oldrel-windows-x86_64 | 0.1.9 | 4.00 | 91.00 | 95.00 | OK |
Version: 0.1.9
Check: Rd files
Result: NOTE
checkRd: (-1) CorMID.Rd:54: Lost braces; missing escapes or markup?
54 | individual compound containing 2 carbons and observe a vector of {978,22,0}.
| ^
checkRd: (-1) CorMID.Rd:58: Lost braces; missing escapes or markup?
58 | The equivalent corMID vector would be {1,0,0}, indicating that the non-labeled
| ^
Flavors: r-devel-linux-x86_64-debian-clang, r-devel-linux-x86_64-debian-gcc, r-devel-linux-x86_64-fedora-clang, r-devel-linux-x86_64-fedora-gcc, r-devel-windows-x86_64, r-patched-linux-x86_64, r-release-linux-x86_64, r-release-macos-arm64, r-release-windows-x86_64
These binaries (installable software) and packages are in development.
They may not be fully stable and should be used with caution. We make no claims about them.
Health stats visible at Monitor.