Last updated on 2025-05-17 15:50:39 CEST.
Flavor | Version | Tinstall | Tcheck | Ttotal | Status | Flags |
---|---|---|---|---|---|---|
r-devel-linux-x86_64-debian-clang | 0.1.0 | 8.46 | 55.65 | 64.11 | NOTE | |
r-devel-linux-x86_64-debian-gcc | 0.1.0 | 5.79 | 40.55 | 46.34 | NOTE | |
r-devel-linux-x86_64-fedora-clang | 0.1.0 | 107.76 | OK | |||
r-devel-linux-x86_64-fedora-gcc | 0.1.0 | 100.81 | OK | |||
r-devel-windows-x86_64 | 0.1.0 | 10.00 | 68.00 | 78.00 | NOTE | |
r-patched-linux-x86_64 | 0.1.0 | 8.18 | 51.18 | 59.36 | NOTE | |
r-release-linux-x86_64 | 0.1.0 | 7.65 | 50.71 | 58.36 | NOTE | |
r-release-macos-arm64 | 0.1.0 | 31.00 | OK | |||
r-release-macos-x86_64 | 0.1.0 | 70.00 | OK | |||
r-release-windows-x86_64 | 0.1.0 | 10.00 | 71.00 | 81.00 | NOTE | |
r-oldrel-macos-arm64 | 0.1.0 | 31.00 | OK | |||
r-oldrel-macos-x86_64 | 0.1.0 | 42.00 | OK | |||
r-oldrel-windows-x86_64 | 0.1.0 | 12.00 | 87.00 | 99.00 | OK |
Version: 0.1.0
Check: CRAN incoming feasibility
Result: NOTE
Maintainer: ‘Jiajing Zheng <carolinez6850@gmail.com>’
The Description field contains
Inference with Unobserved Confounding <arXiv:2102.09412>, with Gaussian
Please refer to arXiv e-prints via their arXiv DOI <doi:10.48550/arXiv.YYMM.NNNNN>.
Flavors: r-devel-linux-x86_64-debian-clang, r-devel-linux-x86_64-debian-gcc
Version: 0.1.0
Check: Rd cross-references
Result: NOTE
Found the following Rd file(s) with Rd \link{} targets missing package
anchors:
bcalibrate.Rd: kEstimate, pca
cal_rv.Rd: kEstimate, pca
gcalibrate.Rd: kEstimate, pca
plot_estimates.Rd: theme
Please provide package anchors for all Rd \link{} targets not in the
package itself and the base packages.
Flavors: r-devel-linux-x86_64-debian-clang, r-devel-linux-x86_64-debian-gcc, r-devel-windows-x86_64, r-patched-linux-x86_64, r-release-linux-x86_64, r-release-windows-x86_64
These binaries (installable software) and packages are in development.
They may not be fully stable and should be used with caution. We make no claims about them.
Health stats visible at Monitor.