Last updated on 2025-02-23 19:51:02 CET.
Flavor | Version | Tinstall | Tcheck | Ttotal | Status | Flags |
---|---|---|---|---|---|---|
r-devel-linux-x86_64-debian-clang | 1.0 | 6.10 | 57.01 | 63.11 | NOTE | |
r-devel-linux-x86_64-debian-gcc | 1.0 | 4.22 | 40.38 | 44.60 | NOTE | |
r-devel-linux-x86_64-fedora-clang | 1.0 | 98.05 | NOTE | |||
r-devel-linux-x86_64-fedora-gcc | 1.0 | 92.54 | NOTE | |||
r-devel-macos-arm64 | 1.0 | 30.00 | NOTE | |||
r-devel-macos-x86_64 | 1.0 | 79.00 | NOTE | |||
r-devel-windows-x86_64 | 1.0 | 9.00 | 77.00 | 86.00 | NOTE | |
r-patched-linux-x86_64 | 1.0 | 5.48 | 50.42 | 55.90 | NOTE | |
r-release-linux-x86_64 | 1.0 | 5.88 | 51.09 | 56.97 | NOTE | |
r-release-macos-arm64 | 1.0 | 29.00 | NOTE | |||
r-release-macos-x86_64 | 1.0 | 60.00 | NOTE | |||
r-release-windows-x86_64 | 1.0 | 9.00 | 75.00 | 84.00 | NOTE | |
r-oldrel-macos-arm64 | 1.0 | 32.00 | OK | |||
r-oldrel-macos-x86_64 | 1.0 | 100.00 | OK | |||
r-oldrel-windows-x86_64 | 1.0 | 9.00 | 86.00 | 95.00 | OK |
Version: 1.0
Check: Rd files
Result: NOTE
checkRd: (-1) CovrgPlot.Rd:28: Lost braces; missing escapes or markup?
28 | \item{plotCI}{a vector of up to 4 numbers out of the set {1,2,3,4}, corresponding to which
| ^
Flavors: r-devel-linux-x86_64-debian-clang, r-devel-linux-x86_64-debian-gcc, r-devel-linux-x86_64-fedora-clang, r-devel-linux-x86_64-fedora-gcc, r-devel-macos-arm64, r-devel-macos-x86_64, r-devel-windows-x86_64, r-patched-linux-x86_64, r-release-linux-x86_64, r-release-macos-arm64, r-release-macos-x86_64, r-release-windows-x86_64
These binaries (installable software) and packages are in development.
They may not be fully stable and should be used with caution. We make no claims about them.
Health stats visible at Monitor.