CRAN Package Check Results for Package ConfIntVariance

Last updated on 2025-05-15 13:50:56 CEST.

Flavor Version Tinstall Tcheck Ttotal Status Flags
r-devel-linux-x86_64-debian-clang 1.0.2 1.92 20.18 22.10 NOTE
r-devel-linux-x86_64-debian-gcc 1.0.2 1.35 15.80 17.15 NOTE
r-devel-linux-x86_64-fedora-clang 1.0.2 36.07 OK
r-devel-linux-x86_64-fedora-gcc 1.0.2 32.42 OK
r-devel-windows-x86_64 1.0.2 3.00 44.00 47.00 OK
r-patched-linux-x86_64 1.0.2 1.91 19.21 21.12 OK
r-release-linux-x86_64 1.0.2 1.78 19.24 21.02 OK
r-release-macos-arm64 1.0.2 14.00 OK
r-release-macos-x86_64 1.0.2 24.00 OK
r-release-windows-x86_64 1.0.2 3.00 43.00 46.00 OK
r-oldrel-macos-arm64 1.0.2 17.00 OK
r-oldrel-macos-x86_64 1.0.2 21.00 OK
r-oldrel-windows-x86_64 1.0.2 3.00 42.00 45.00 OK

Check Details

Version: 1.0.2
Check: CRAN incoming feasibility
Result: NOTE Maintainer: ‘Mathias Fuchs<mathias@mathiasfuchs.de>’ No Authors@R field in DESCRIPTION. Please add one, modifying Authors@R: person(given = "Mathias", family = "Fuchs", role = c("aut", "cre"), email = "mathias@mathiasfuchs.de") as necessary. Found the following \keyword or \concept entries which likely give several index terms: File ‘confIntVariance-package.Rd’: \keyword{variance, confidence interval} Flavors: r-devel-linux-x86_64-debian-clang, r-devel-linux-x86_64-debian-gcc

These binaries (installable software) and packages are in development.
They may not be fully stable and should be used with caution. We make no claims about them.
Health stats visible at Monitor.