Last updated on 2025-02-02 07:50:06 CET.
Flavor | Version | Tinstall | Tcheck | Ttotal | Status | Flags |
---|---|---|---|---|---|---|
r-devel-linux-x86_64-debian-clang | 0.1.0 | 17.83 | 133.80 | 151.63 | OK | |
r-devel-linux-x86_64-debian-gcc | 0.1.0 | 13.29 | 94.47 | 107.76 | OK | |
r-devel-linux-x86_64-fedora-clang | 0.1.0 | 240.31 | OK | |||
r-devel-linux-x86_64-fedora-gcc | 0.1.0 | 228.44 | OK | |||
r-devel-windows-x86_64 | 0.1.0 | 16.00 | 124.00 | 140.00 | OK | |
r-patched-linux-x86_64 | 0.1.0 | 14.86 | 124.89 | 139.75 | OK | |
r-release-linux-x86_64 | 0.1.0 | 15.76 | 121.16 | 136.92 | OK | |
r-release-macos-arm64 | 0.1.0 | 70.00 | OK | |||
r-release-macos-x86_64 | 0.1.0 | 165.00 | ERROR | |||
r-release-windows-x86_64 | 0.1.0 | 18.00 | 122.00 | 140.00 | OK | |
r-oldrel-macos-arm64 | 0.1.0 | 64.00 | OK | |||
r-oldrel-macos-x86_64 | 0.1.0 | 132.00 | ERROR | |||
r-oldrel-windows-x86_64 | 0.1.0 | 22.00 | 151.00 | 173.00 | OK |
Version: 0.1.0
Check: examples
Result: ERROR
Running examples in ‘CompareMultipleModels-Ex.R’ failed
The error most likely occurred in:
> ### Name: best_model_finder
> ### Title: Finding the Best Model Using Eight Metrics Values
> ### Aliases: best_model_finder
>
> ### ** Examples
>
> set.seed(123) # for reproducibility
> Y <- rnorm(100, 100, 10)
> model_1 <-CEEMDANML::carigaan(Y, ratio = 0.8, n_lag = 4)
Error in optim(init[mask], armafn, method = optim.method, hessian = TRUE, :
non-finite finite-difference value [1]
Calls: <Anonymous> -> arima -> optim
Execution halted
Flavors: r-release-macos-x86_64, r-oldrel-macos-x86_64
These binaries (installable software) and packages are in development.
They may not be fully stable and should be used with caution. We make no claims about them.
Health stats visible at Monitor.