CRAN Package Check Results for Package CombinS

Last updated on 2025-05-17 15:50:39 CEST.

Flavor Version Tinstall Tcheck Ttotal Status Flags
r-devel-linux-x86_64-debian-clang 1.1-1 2.25 20.71 22.96 NOTE
r-devel-linux-x86_64-debian-gcc 1.1-1 1.49 16.65 18.14 NOTE
r-devel-linux-x86_64-fedora-clang 1.1-1 37.42 OK
r-devel-linux-x86_64-fedora-gcc 1.1-1 34.99 OK
r-devel-windows-x86_64 1.1-1 3.00 48.00 51.00 OK
r-patched-linux-x86_64 1.1-1 2.06 20.18 22.24 OK
r-release-linux-x86_64 1.1-1 2.19 19.93 22.12 OK
r-release-macos-arm64 1.1-1 18.00 OK
r-release-macos-x86_64 1.1-1 27.00 OK
r-release-windows-x86_64 1.1-1 3.00 49.00 52.00 OK
r-oldrel-macos-arm64 1.1-1 20.00 NOTE
r-oldrel-macos-x86_64 1.1-1 32.00 NOTE
r-oldrel-windows-x86_64 1.1-1 3.00 47.00 50.00 NOTE

Check Details

Version: 1.1-1
Check: CRAN incoming feasibility
Result: NOTE Maintainer: ‘Mohamed Laib <laib.med@gmail.com>’ No Authors@R field in DESCRIPTION. Please add one, modifying Authors@R: c(person(given = "Mohamed", family = "Laib", role = c("aut", "cre"), email = "laib.med@gmail.com"), person(given = "Imane", family = "Rezgui", role = "aut"), person(given = "Zebida", family = "Gheribi-Aoulmi", role = "aut"), person(given = "Herve", family = "Monod", role = "aut")) as necessary. The URL field contains the following bad parts: 'www.sites.google.com/site/mohamedlaibwebpage' The URL field should be a list of URLs separated by commas or whitespace. Found the following URLs which should use \doi (with the DOI name only): File ‘GPBIB4A.Rd’: http://dx.doi.org/10.4236/am.2015.62024 File ‘GPBIB4B.Rd’: http://dx.doi.org/10.4236/am.2015.62024 File ‘GPBIB5.Rd’: http://dx.doi.org/10.4236/am.2015.62024 File ‘GPBIB7A.Rd’: http://dx.doi.org/10.4236/am.2015.62024 File ‘GPBIB7B.Rd’: http://dx.doi.org/10.4236/am.2015.62024 Flavors: r-devel-linux-x86_64-debian-clang, r-devel-linux-x86_64-debian-gcc

Version: 1.1-1
Check: LazyData
Result: NOTE 'LazyData' is specified without a 'data' directory Flavors: r-oldrel-macos-arm64, r-oldrel-macos-x86_64, r-oldrel-windows-x86_64

These binaries (installable software) and packages are in development.
They may not be fully stable and should be used with caution. We make no claims about them.
Health stats visible at Monitor.