Last updated on 2025-05-15 09:52:11 CEST.
Flavor | Version | Tinstall | Tcheck | Ttotal | Status | Flags |
---|---|---|---|---|---|---|
r-devel-linux-x86_64-debian-clang | 1.0.5 | 6.34 | 51.02 | 57.36 | NOTE | |
r-devel-linux-x86_64-debian-gcc | 1.0.5 | 3.78 | 38.21 | 41.99 | NOTE | |
r-devel-linux-x86_64-fedora-clang | 1.0.5 | 94.62 | OK | |||
r-devel-linux-x86_64-fedora-gcc | 1.0.5 | 98.40 | OK | |||
r-devel-windows-x86_64 | 1.0.5 | 8.00 | 67.00 | 75.00 | OK | |
r-patched-linux-x86_64 | 1.0.5 | 6.04 | 47.19 | 53.23 | OK | |
r-release-linux-x86_64 | 1.0.5 | 5.90 | 46.86 | 52.76 | OK | |
r-release-macos-arm64 | 1.0.5 | 35.00 | OK | |||
r-release-macos-x86_64 | 1.0.5 | 65.00 | OK | |||
r-release-windows-x86_64 | 1.0.5 | 9.00 | 67.00 | 76.00 | OK | |
r-oldrel-macos-arm64 | 1.0.5 | 32.00 | OK | |||
r-oldrel-macos-x86_64 | 1.0.5 | 50.00 | OK | |||
r-oldrel-windows-x86_64 | 1.0.5 | 9.00 | 82.00 | 91.00 | OK |
Version: 1.0.5
Check: CRAN incoming feasibility
Result: NOTE
Maintainer: ‘Elias Laurin Meyer <elias.meyer@meduniwien.ac.at>’
The Description field contains
in Meyer et al. <arXiv:2202.02182>.
Please refer to arXiv e-prints via their arXiv DOI <doi:10.48550/arXiv.YYMM.NNNNN>.
Flavors: r-devel-linux-x86_64-debian-clang, r-devel-linux-x86_64-debian-gcc
These binaries (installable software) and packages are in development.
They may not be fully stable and should be used with caution. We make no claims about them.
Health stats visible at Monitor.