Last updated on 2024-05-02 08:01:37 CEST.
Flavor | Version | Tinstall | Tcheck | Ttotal | Status | Flags |
---|---|---|---|---|---|---|
r-devel-linux-x86_64-debian-clang | 0.8.0 | 67.52 | 343.55 | 411.07 | OK | |
r-devel-linux-x86_64-debian-gcc | 0.8.0 | 59.58 | 246.87 | 306.45 | OK | |
r-devel-linux-x86_64-fedora-clang | 0.8.0 | 543.72 | NOTE | |||
r-devel-linux-x86_64-fedora-gcc | 0.8.0 | 513.76 | NOTE | |||
r-devel-windows-x86_64 | 0.8.0 | 50.00 | 246.00 | 296.00 | NOTE | |
r-patched-linux-x86_64 | 0.7.0 | 70.61 | 317.22 | 387.83 | OK | |
r-release-linux-x86_64 | 0.8.0 | 1.08 | 2.22 | 3.30 | ERROR | |
r-release-macos-arm64 | 0.8.0 | 96.00 | NOTE | |||
r-release-macos-x86_64 | 0.8.0 | 8.00 | ERROR | |||
r-release-windows-x86_64 | 0.8.0 | 52.00 | 250.00 | 302.00 | NOTE | |
r-oldrel-macos-arm64 | 0.8.0 | 12.00 | ERROR | |||
r-oldrel-macos-x86_64 | 0.8.0 | 166.00 | NOTE | |||
r-oldrel-windows-x86_64 | 0.8.0 | 70.00 | 298.00 | 368.00 | NOTE |
Version: 0.8.0
Check: installed package size
Result: NOTE
installed size is 7.0Mb
sub-directories of 1Mb or more:
data 4.5Mb
doc 1.6Mb
Flavors: r-devel-linux-x86_64-fedora-clang, r-devel-windows-x86_64, r-release-macos-arm64, r-release-windows-x86_64, r-oldrel-macos-x86_64, r-oldrel-windows-x86_64
Version: 0.8.0
Check: data for non-ASCII characters
Result: NOTE
Note: found 32 marked UTF-8 strings
Flavors: r-devel-linux-x86_64-fedora-clang, r-devel-linux-x86_64-fedora-gcc
Version: 0.8.0
Check: package dependencies
Result: ERROR
Package required but not available: ‘ctsem’
See section ‘The DESCRIPTION file’ in the ‘Writing R Extensions’
manual.
Flavors: r-release-linux-x86_64, r-release-macos-x86_64, r-oldrel-macos-arm64
These binaries (installable software) and packages are in development.
They may not be fully stable and should be used with caution. We make no claims about them.
Health stats visible at Monitor.