Last updated on 2025-05-17 13:49:32 CEST.
Flavor | Version | Tinstall | Tcheck | Ttotal | Status | Flags |
---|---|---|---|---|---|---|
r-devel-linux-x86_64-debian-clang | 1.3.3 | 59.72 | 173.38 | 233.10 | NOTE | |
r-devel-linux-x86_64-debian-gcc | 1.3.3 | 47.17 | 98.26 | 145.43 | NOTE | |
r-devel-linux-x86_64-fedora-clang | 1.3.3 | 387.15 | OK | |||
r-devel-linux-x86_64-fedora-gcc | 1.3.3 | 387.02 | OK | |||
r-devel-windows-x86_64 | 1.3.3 | 68.00 | 178.00 | 246.00 | OK | |
r-patched-linux-x86_64 | 1.3.3 | 65.27 | 144.11 | 209.38 | OK | |
r-release-linux-x86_64 | 1.3.3 | 64.22 | 147.29 | 211.51 | OK | |
r-release-macos-arm64 | 1.3.3 | 156.00 | OK | |||
r-release-macos-x86_64 | 1.3.3 | 212.00 | OK | |||
r-release-windows-x86_64 | 1.3.3 | 72.00 | 178.00 | 250.00 | OK | |
r-oldrel-macos-arm64 | 1.3.3 | 107.00 | NOTE | |||
r-oldrel-macos-x86_64 | 1.3.3 | 325.00 | NOTE | |||
r-oldrel-windows-x86_64 | 1.3.3 | 80.00 | 234.00 | 314.00 | OK |
Version: 1.3.3
Check: DESCRIPTION meta-information
Result: NOTE
Author field differs from that derived from Authors@R
Author: ‘Lampros Mouselimis [aut, cre] (<https://orcid.org/0000-0002-8024-1546>), Conrad Sanderson [cph] (Author of the C++ Armadillo library), Ryan Curtin [cph] (Author of the C++ Armadillo library), Siddharth Agrawal [cph] (Author of the C code of the Mini-Batch-Kmeans algorithm (https://github.com/siddharth-agrawal/Mini-Batch-K-Means)), Brendan Frey [cph] (Author of the matlab code of the Affinity propagation algorithm (for commercial use please contact the author of the matlab code)), Delbert Dueck [cph] (Author of the matlab code of the Affinity propagation algorithm), Vitalie Spinu [ctb] (Github Contributor)’
Authors@R: ‘Lampros Mouselimis [aut, cre] (ORCID: <https://orcid.org/0000-0002-8024-1546>), Conrad Sanderson [cph] (Author of the C++ Armadillo library), Ryan Curtin [cph] (Author of the C++ Armadillo library), Siddharth Agrawal [cph] (Author of the C code of the Mini-Batch-Kmeans algorithm (https://github.com/siddharth-agrawal/Mini-Batch-K-Means)), Brendan Frey [cph] (Author of the matlab code of the Affinity propagation algorithm (for commercial use please contact the author of the matlab code)), Delbert Dueck [cph] (Author of the matlab code of the Affinity propagation algorithm), Vitalie Spinu [ctb] (Github: Github Contributor)’
Flavors: r-devel-linux-x86_64-debian-clang, r-devel-linux-x86_64-debian-gcc
Version: 1.3.3
Check: installed package size
Result: NOTE
installed size is 9.3Mb
sub-directories of 1Mb or more:
libs 8.0Mb
Flavors: r-oldrel-macos-arm64, r-oldrel-macos-x86_64
These binaries (installable software) and packages are in development.
They may not be fully stable and should be used with caution. We make no claims about them.
Health stats visible at Monitor.