Last updated on 2025-02-23 19:51:01 CET.
Flavor | Version | Tinstall | Tcheck | Ttotal | Status | Flags |
---|---|---|---|---|---|---|
r-devel-linux-x86_64-debian-clang | 1.0.11 | 7.45 | 200.14 | 207.59 | NOTE | |
r-devel-linux-x86_64-debian-gcc | 1.0.11 | 5.59 | 125.54 | 131.13 | NOTE | |
r-devel-linux-x86_64-fedora-clang | 1.0.11 | 349.64 | NOTE | |||
r-devel-linux-x86_64-fedora-gcc | 1.0.11 | 342.27 | NOTE | |||
r-devel-macos-arm64 | 1.0.11 | 88.00 | OK | |||
r-devel-macos-x86_64 | 1.0.11 | 178.00 | NOTE | |||
r-devel-windows-x86_64 | 1.0.11 | 11.00 | 192.00 | 203.00 | NOTE | |
r-patched-linux-x86_64 | 1.0.11 | 6.09 | 187.06 | 193.15 | OK | |
r-release-linux-x86_64 | 1.0.11 | 6.59 | 186.73 | 193.32 | OK | |
r-release-macos-arm64 | 1.0.11 | 88.00 | OK | |||
r-release-macos-x86_64 | 1.0.11 | 128.00 | OK | |||
r-release-windows-x86_64 | 1.0.11 | 11.00 | 196.00 | 207.00 | OK | |
r-oldrel-macos-arm64 | 1.0.11 | 81.00 | OK | |||
r-oldrel-macos-x86_64 | 1.0.11 | 132.00 | OK | |||
r-oldrel-windows-x86_64 | 1.0.11 | 12.00 | 237.00 | 249.00 | OK |
Version: 1.0.11
Check: tests
Result: NOTE
Running ‘test01-Simplex.R’ [2s/3s]
Comparing ‘test01-Simplex.Rout’ to ‘test01-Simplex.Rout.save’ ... OK
Running ‘test02-WV.R’ [2s/2s]
Comparing ‘test02-WV.Rout’ to ‘test02-WV.Rout.save’ ... OK
Running ‘test03-simulate.R’ [34s/44s]
Comparing ‘test03-simulate.Rout’ to ‘test03-simulate.Rout.save’ ...213c213
< 3rd Qu.:14.000 3rd Qu.:265.75 3rd Qu.: 0.0029188 3rd Qu.:0.5005
---
> 3rd Qu.:14.000 3rd Qu.:265.75 3rd Qu.: 0.0029187 3rd Qu.:0.5005
Running ‘test04-algorithm.R’ [94s/111s]
Comparing ‘test04-algorithm.Rout’ to ‘test04-algorithm.Rout.save’ ...177c177
< Max. :2.002 Max. :0.9989221 Max. :2747
---
> Max. :2.002 Max. :0.9989222 Max. :2747
238c238
< Mean : 7.286 Mean :184.3 Mean : 0.03329 Mean :0.5902
---
> Mean : 7.286 Mean :184.3 Mean : 0.03329 Mean :0.5903
244c244
< Median :1.0415 Median :1.0144845 Median :1352
---
> Median :1.0415 Median :1.0144844 Median :1352
Flavor: r-devel-linux-x86_64-debian-clang
Version: 1.0.11
Check: tests
Result: NOTE
Running ‘test01-Simplex.R’ [1s/2s]
Comparing ‘test01-Simplex.Rout’ to ‘test01-Simplex.Rout.save’ ... OK
Running ‘test02-WV.R’ [1s/2s]
Comparing ‘test02-WV.Rout’ to ‘test02-WV.Rout.save’ ... OK
Running ‘test03-simulate.R’ [21s/29s]
Comparing ‘test03-simulate.Rout’ to ‘test03-simulate.Rout.save’ ...213c213
< 3rd Qu.:14.000 3rd Qu.:265.75 3rd Qu.: 0.0029188 3rd Qu.:0.5005
---
> 3rd Qu.:14.000 3rd Qu.:265.75 3rd Qu.: 0.0029187 3rd Qu.:0.5005
Running ‘test04-algorithm.R’ [53s/74s]
Comparing ‘test04-algorithm.Rout’ to ‘test04-algorithm.Rout.save’ ...177c177
< Max. :2.002 Max. :0.9989221 Max. :2747
---
> Max. :2.002 Max. :0.9989222 Max. :2747
238c238
< Mean : 7.286 Mean :184.3 Mean : 0.03329 Mean :0.5902
---
> Mean : 7.286 Mean :184.3 Mean : 0.03329 Mean :0.5903
244c244
< Median :1.0415 Median :1.0144845 Median :1352
---
> Median :1.0415 Median :1.0144844 Median :1352
Flavor: r-devel-linux-x86_64-debian-gcc
Version: 1.0.11
Check: tests
Result: NOTE
Running ‘test01-Simplex.R’
Comparing ‘test01-Simplex.Rout’ to ‘test01-Simplex.Rout.save’ ... OK
Running ‘test02-WV.R’
Comparing ‘test02-WV.Rout’ to ‘test02-WV.Rout.save’ ... OK
Running ‘test03-simulate.R’ [57s/96s]
Comparing ‘test03-simulate.Rout’ to ‘test03-simulate.Rout.save’ ...213c213
< 3rd Qu.:14.000 3rd Qu.:265.75 3rd Qu.: 0.0029188 3rd Qu.:0.5005
---
> 3rd Qu.:14.000 3rd Qu.:265.75 3rd Qu.: 0.0029187 3rd Qu.:0.5005
Running ‘test04-algorithm.R’ [161s/235s]
Comparing ‘test04-algorithm.Rout’ to ‘test04-algorithm.Rout.save’ ...177c177
< Max. :2.002 Max. :0.9989221 Max. :2747
---
> Max. :2.002 Max. :0.9989222 Max. :2747
238c238
< Mean : 7.286 Mean :184.3 Mean : 0.03329 Mean :0.5902
---
> Mean : 7.286 Mean :184.3 Mean : 0.03329 Mean :0.5903
244c244
< Median :1.0415 Median :1.0144845 Median :1352
---
> Median :1.0415 Median :1.0144844 Median :1352
Flavor: r-devel-linux-x86_64-fedora-clang
Version: 1.0.11
Check: tests
Result: NOTE
Running ‘test01-Simplex.R’
Comparing ‘test01-Simplex.Rout’ to ‘test01-Simplex.Rout.save’ ... OK
Running ‘test02-WV.R’
Comparing ‘test02-WV.Rout’ to ‘test02-WV.Rout.save’ ... OK
Running ‘test03-simulate.R’ [55s/66s]
Comparing ‘test03-simulate.Rout’ to ‘test03-simulate.Rout.save’ ...213c213
< 3rd Qu.:14.000 3rd Qu.:265.75 3rd Qu.: 0.0029188 3rd Qu.:0.5005
---
> 3rd Qu.:14.000 3rd Qu.:265.75 3rd Qu.: 0.0029187 3rd Qu.:0.5005
Running ‘test04-algorithm.R’ [152s/199s]
Comparing ‘test04-algorithm.Rout’ to ‘test04-algorithm.Rout.save’ ...177c177
< Max. :2.002 Max. :0.9989221 Max. :2747
---
> Max. :2.002 Max. :0.9989222 Max. :2747
238c238
< Mean : 7.286 Mean :184.3 Mean : 0.03329 Mean :0.5902
---
> Mean : 7.286 Mean :184.3 Mean : 0.03329 Mean :0.5903
244c244
< Median :1.0415 Median :1.0144845 Median :1352
---
> Median :1.0415 Median :1.0144844 Median :1352
Flavor: r-devel-linux-x86_64-fedora-gcc
Version: 1.0.11
Check: tests
Result: NOTE
Running ‘test01-Simplex.R’ [1s/1s]
Comparing ‘test01-Simplex.Rout’ to ‘test01-Simplex.Rout.save’ ... OK
Running ‘test02-WV.R’ [1s/1s]
Comparing ‘test02-WV.Rout’ to ‘test02-WV.Rout.save’ ... OK
Running ‘test03-simulate.R’ [18s/27s]
Comparing ‘test03-simulate.Rout’ to ‘test03-simulate.Rout.save’ ...213c213
< 3rd Qu.:14.000 3rd Qu.:265.75 3rd Qu.: 0.0029188 3rd Qu.:0.5005
---
> 3rd Qu.:14.000 3rd Qu.:265.75 3rd Qu.: 0.0029187 3rd Qu.:0.5005
Running ‘test04-algorithm.R’ [44s/67s]
Comparing ‘test04-algorithm.Rout’ to ‘test04-algorithm.Rout.save’ ...177c177
< Max. :2.002 Max. :0.9989221 Max. :2747
---
> Max. :2.002 Max. :0.9989222 Max. :2747
238c238
< Mean : 7.286 Mean :184.3 Mean : 0.03329 Mean :0.5902
---
> Mean : 7.286 Mean :184.3 Mean : 0.03329 Mean :0.5903
244c244
< Median :1.0415 Median :1.0144845 Median :1352
---
> Median :1.0415 Median :1.0144844 Median :1352
Flavor: r-devel-macos-x86_64
Version: 1.0.11
Check: tests
Result: NOTE
Running 'test01-Simplex.R' [2s]
Comparing 'test01-Simplex.Rout' to 'test01-Simplex.Rout.save' ... OK
Running 'test02-WV.R' [2s]
Comparing 'test02-WV.Rout' to 'test02-WV.Rout.save' ... OK
Running 'test03-simulate.R' [27s]
Comparing 'test03-simulate.Rout' to 'test03-simulate.Rout.save' ...213c213
< 3rd Qu.:14.000 3rd Qu.:265.75 3rd Qu.: 0.0029188 3rd Qu.:0.5005
---
> 3rd Qu.:14.000 3rd Qu.:265.75 3rd Qu.: 0.0029187 3rd Qu.:0.5005
Running 'test04-algorithm.R' [70s]
Comparing 'test04-algorithm.Rout' to 'test04-algorithm.Rout.save' ...177c177
< Max. :2.002 Max. :0.9989221 Max. :2747
---
> Max. :2.002 Max. :0.9989222 Max. :2747
238c238
< Mean : 7.286 Mean :184.3 Mean : 0.03329 Mean :0.5902
---
> Mean : 7.286 Mean :184.3 Mean : 0.03329 Mean :0.5903
244c244
< Median :1.0415 Median :1.0144845 Median :1352
---
> Median :1.0415 Median :1.0144844 Median :1352
Flavor: r-devel-windows-x86_64
These binaries (installable software) and packages are in development.
They may not be fully stable and should be used with caution. We make no claims about them.
Health stats visible at Monitor.