CRAN Package Check Results for Package ClinicalTrialSummary

Last updated on 2025-05-17 15:50:38 CEST.

Flavor Version Tinstall Tcheck Ttotal Status Flags
r-devel-linux-x86_64-debian-clang 1.1.1 11.75 30.54 42.29 NOTE
r-devel-linux-x86_64-debian-gcc 1.1.1 8.31 22.95 31.26 NOTE
r-devel-linux-x86_64-fedora-clang 1.1.1 78.41 OK
r-devel-linux-x86_64-fedora-gcc 1.1.1 68.50 OK
r-devel-windows-x86_64 1.1.1 14.00 66.00 80.00 OK
r-patched-linux-x86_64 1.1.1 11.94 29.34 41.28 OK
r-release-linux-x86_64 1.1.1 11.39 29.48 40.87 OK
r-release-macos-arm64 1.1.1 29.00 OK
r-release-macos-x86_64 1.1.1 37.00 OK
r-release-windows-x86_64 1.1.1 13.00 68.00 81.00 OK
r-oldrel-macos-arm64 1.1.1 25.00 OK
r-oldrel-macos-x86_64 1.1.1 34.00 OK
r-oldrel-windows-x86_64 1.1.1 15.00 75.00 90.00 OK

Check Details

Version: 1.1.1
Check: CRAN incoming feasibility
Result: NOTE Maintainer: ‘Daewoo Pak <heavyrain.pak@gmail.com>’ No Authors@R field in DESCRIPTION. Please add one, modifying Authors@R: c(person(given = "Daewoo", family = "Pak", role = c("aut", "cre"), email = "heavyrain.pak@gmail.com"), person(given = "Song", family = "Yang", role = "aut")) as necessary. Found the following \keyword or \concept entries which likely give several index terms: File ‘ClinicalTrialSummary-package.Rd’: \keyword{Survival analysis, Clinical trials, Hazar [TRUNCATED] Flavors: r-devel-linux-x86_64-debian-clang, r-devel-linux-x86_64-debian-gcc

These binaries (installable software) and packages are in development.
They may not be fully stable and should be used with caution. We make no claims about them.
Health stats visible at Monitor.