Last updated on 2025-07-06 01:48:21 CEST.
Flavor | Version | Tinstall | Tcheck | Ttotal | Status | Flags |
---|---|---|---|---|---|---|
r-devel-linux-x86_64-debian-clang | 0.6 | 26.22 | 234.44 | 260.66 | ERROR | |
r-devel-linux-x86_64-debian-gcc | 0.6 | 17.64 | 147.35 | 164.99 | ERROR | |
r-devel-linux-x86_64-fedora-clang | 0.6 | 426.22 | OK | |||
r-devel-linux-x86_64-fedora-gcc | 0.6 | 441.00 | OK | |||
r-devel-windows-x86_64 | 0.6 | 24.00 | 187.00 | 211.00 | OK | |
r-patched-linux-x86_64 | 0.6 | 24.12 | 224.02 | 248.14 | ERROR | |
r-release-linux-x86_64 | 0.6 | 26.26 | 218.85 | 245.11 | ERROR | |
r-release-macos-x86_64 | 0.6 | 210.00 | OK | |||
r-release-windows-x86_64 | 0.6 | 25.00 | 188.00 | 213.00 | OK | |
r-oldrel-macos-x86_64 | 0.6 | 199.00 | OK | |||
r-oldrel-windows-x86_64 | 0.6 | 34.00 | 270.00 | 304.00 | OK |
Version: 0.6
Check: examples
Result: ERROR
Running examples in ‘ClimaRep-Ex.R’ failed
The error most likely occurred in:
> base::assign(".ptime", proc.time(), pos = "CheckExEnv")
> ### Name: mh_overlay
> ### Title: Overlay Mahalanobis-based Climate Representativeness
> ### Classifications
> ### Aliases: mh_overlay
>
> ### ** Examples
>
> ClimaRep_overlay <- ClimaRep::mh_overlay(folder_path = system.file("extdata", package = "ClimaRep"))
Processing 2 rasters from /home/hornik/tmp/R.check/r-devel-clang/Work/build/Packages/ClimaRep/extdata
Calculating counts for category: Lost (value = 2)
Calculating counts for category: Retained (value = 1)
Calculating counts for category: Novel (value = 3)
Error: [writeRaster] path does not exist
Execution halted
Flavor: r-devel-linux-x86_64-debian-clang
Version: 0.6
Check: examples
Result: ERROR
Running examples in ‘ClimaRep-Ex.R’ failed
The error most likely occurred in:
> base::assign(".ptime", proc.time(), pos = "CheckExEnv")
> ### Name: mh_overlay
> ### Title: Overlay Mahalanobis-based Climate Representativeness
> ### Classifications
> ### Aliases: mh_overlay
>
> ### ** Examples
>
> ClimaRep_overlay <- ClimaRep::mh_overlay(folder_path = system.file("extdata", package = "ClimaRep"))
Processing 2 rasters from /home/hornik/tmp/R.check/r-devel-gcc/Work/build/Packages/ClimaRep/extdata
Calculating counts for category: Lost (value = 2)
Calculating counts for category: Retained (value = 1)
Calculating counts for category: Novel (value = 3)
Error: [writeRaster] path does not exist
Execution halted
Flavor: r-devel-linux-x86_64-debian-gcc
Version: 0.6
Check: examples
Result: ERROR
Running examples in ‘ClimaRep-Ex.R’ failed
The error most likely occurred in:
> base::assign(".ptime", proc.time(), pos = "CheckExEnv")
> ### Name: mh_overlay
> ### Title: Overlay Mahalanobis-based Climate Representativeness
> ### Classifications
> ### Aliases: mh_overlay
>
> ### ** Examples
>
> ClimaRep_overlay <- ClimaRep::mh_overlay(folder_path = system.file("extdata", package = "ClimaRep"))
Processing 2 rasters from /home/hornik/tmp/R.check/r-patched-gcc/Work/build/Packages/ClimaRep/extdata
Calculating counts for category: Lost (value = 2)
Calculating counts for category: Retained (value = 1)
Calculating counts for category: Novel (value = 3)
Error: [writeRaster] path does not exist
Execution halted
Flavor: r-patched-linux-x86_64
Version: 0.6
Check: examples
Result: ERROR
Running examples in ‘ClimaRep-Ex.R’ failed
The error most likely occurred in:
> base::assign(".ptime", proc.time(), pos = "CheckExEnv")
> ### Name: mh_overlay
> ### Title: Overlay Mahalanobis-based Climate Representativeness
> ### Classifications
> ### Aliases: mh_overlay
>
> ### ** Examples
>
> ClimaRep_overlay <- ClimaRep::mh_overlay(folder_path = system.file("extdata", package = "ClimaRep"))
Processing 2 rasters from /home/hornik/tmp/R.check/r-release-gcc/Work/build/Packages/ClimaRep/extdata
Calculating counts for category: Lost (value = 2)
Calculating counts for category: Retained (value = 1)
Calculating counts for category: Novel (value = 3)
Error: [writeRaster] path does not exist
Execution halted
Flavor: r-release-linux-x86_64
These binaries (installable software) and packages are in development.
They may not be fully stable and should be used with caution. We make no claims about them.
Health stats visible at Monitor.