Last updated on 2024-05-02 11:51:16 CEST.
Flavor | Version | Tinstall | Tcheck | Ttotal | Status | Flags |
---|---|---|---|---|---|---|
r-devel-linux-x86_64-debian-clang | 3.4.5 | 4.98 | 84.30 | 89.28 | OK | |
r-devel-linux-x86_64-debian-gcc | 3.4.5 | 3.53 | 63.43 | 66.96 | OK | |
r-devel-linux-x86_64-fedora-clang | 3.4.5 | 117.13 | OK | |||
r-devel-linux-x86_64-fedora-gcc | 3.4.5 | 122.69 | OK | |||
r-devel-windows-x86_64 | 3.4.5 | 5.00 | 135.00 | 140.00 | OK | |
r-patched-linux-x86_64 | 3.4.5 | 4.76 | 80.30 | 85.06 | OK | |
r-release-linux-x86_64 | 3.4.0 | 4.79 | 81.34 | 86.13 | NOTE | |
r-release-macos-arm64 | 3.4.5 | 45.00 | OK | |||
r-release-macos-x86_64 | 3.4.5 | 126.00 | OK | |||
r-release-windows-x86_64 | 3.4.5 | 4.00 | 135.00 | 139.00 | OK | |
r-oldrel-macos-arm64 | 3.4.5 | 56.00 | OK | |||
r-oldrel-macos-x86_64 | 3.4.5 | 124.00 | OK | |||
r-oldrel-windows-x86_64 | 3.4.5 | 5.00 | 129.00 | 134.00 | OK |
Version: 3.4.0
Check: Rd files
Result: NOTE
checkRd: (-1) cd01-0-distanceMatrix.Rd:37-39: Lost braces in \itemize; meant \describe ?
checkRd: (-1) cd01-0-distanceMatrix.Rd:40-43: Lost braces in \itemize; meant \describe ?
checkRd: (-1) cd01-0-distanceMatrix.Rd:44-46: Lost braces in \itemize; meant \describe ?
checkRd: (-1) cd01-0-distanceMatrix.Rd:47-48: Lost braces in \itemize; meant \describe ?
checkRd: (-1) cd01-0-distanceMatrix.Rd:49-50: Lost braces in \itemize; meant \describe ?
checkRd: (-1) cd01-0-distanceMatrix.Rd:51-52: Lost braces in \itemize; meant \describe ?
checkRd: (-1) cd02-1-cluster3.Rd:25: Lost braces
25 | Kevin R. Coombes email{krc@silicovore.com}
| ^
checkRd: (-1) cd03-0-ClusterTest-class.Rd:70: Lost braces
70 | Kevin R. Coombes email{krc@silicovore.com}
| ^
Flavor: r-release-linux-x86_64
These binaries (installable software) and packages are in development.
They may not be fully stable and should be used with caution. We make no claims about them.
Health stats visible at Monitor.