Last updated on 2024-05-02 11:51:16 CEST.
Flavor | Version | Tinstall | Tcheck | Ttotal | Status | Flags |
---|---|---|---|---|---|---|
r-devel-linux-x86_64-debian-clang | 0.2-6 | 3.73 | 36.84 | 40.57 | NOTE | |
r-devel-linux-x86_64-debian-gcc | 0.2-6 | 2.96 | 27.97 | 30.93 | NOTE | |
r-devel-linux-x86_64-fedora-clang | 0.2-6 | 53.10 | NOTE | |||
r-devel-linux-x86_64-fedora-gcc | 0.2-6 | 49.58 | NOTE | |||
r-devel-windows-x86_64 | 0.2-6 | 5.00 | 55.00 | 60.00 | NOTE | |
r-patched-linux-x86_64 | 0.2-6 | 5.49 | 35.61 | 41.10 | NOTE | |
r-release-linux-x86_64 | 0.2-6 | 4.58 | 35.06 | 39.64 | NOTE | |
r-release-macos-arm64 | 0.2-6 | 21.00 | NOTE | |||
r-release-windows-x86_64 | 0.2-6 | 4.00 | 55.00 | 59.00 | NOTE | |
r-oldrel-macos-arm64 | 0.2-6 | 21.00 | OK | |||
r-oldrel-macos-x86_64 | 0.2-6 | 27.00 | OK | |||
r-oldrel-windows-x86_64 | 0.2-6 | 6.00 | 56.00 | 62.00 | OK |
Version: 0.2-6
Check: Rd files
Result: NOTE
checkRd: (-1) rstable.Rd:42: Lost braces
42 | Lo\"{g}ae\"{v}e, M. (1977). Probability Theory I. (fourth edition) Springer-Verlag, New York.
| ^
checkRd: (-1) rstable.Rd:42: Lost braces
42 | Lo\"{g}ae\"{v}e, M. (1977). Probability Theory I. (fourth edition) Springer-Verlag, New York.
| ^
Flavors: r-devel-linux-x86_64-debian-clang, r-devel-linux-x86_64-debian-gcc, r-devel-linux-x86_64-fedora-clang, r-devel-linux-x86_64-fedora-gcc, r-devel-windows-x86_64, r-patched-linux-x86_64, r-release-linux-x86_64, r-release-macos-arm64, r-release-windows-x86_64
These binaries (installable software) and packages are in development.
They may not be fully stable and should be used with caution. We make no claims about them.
Health stats visible at Monitor.