Last updated on 2025-05-15 07:49:35 CEST.
Flavor | Version | Tinstall | Tcheck | Ttotal | Status | Flags |
---|---|---|---|---|---|---|
r-devel-linux-x86_64-debian-clang | 0.1.1 | 12.52 | 137.01 | 149.53 | NOTE | |
r-devel-linux-x86_64-debian-gcc | 0.1.1 | 7.63 | 93.79 | 101.42 | NOTE | |
r-devel-linux-x86_64-fedora-clang | 0.1.1 | 230.24 | NOTE | |||
r-devel-linux-x86_64-fedora-gcc | 0.1.1 | 228.04 | NOTE | |||
r-devel-windows-x86_64 | 0.1.1 | 13.00 | 129.00 | 142.00 | NOTE | |
r-patched-linux-x86_64 | 0.1.1 | 11.65 | 127.77 | 139.42 | NOTE | |
r-release-linux-x86_64 | 0.1.1 | 12.11 | 129.38 | 141.49 | NOTE | |
r-release-macos-arm64 | 0.1.1 | 73.00 | NOTE | |||
r-release-macos-x86_64 | 0.1.1 | 136.00 | NOTE | |||
r-release-windows-x86_64 | 0.1.1 | 14.00 | 133.00 | 147.00 | NOTE | |
r-oldrel-macos-arm64 | 0.1.1 | 65.00 | NOTE | |||
r-oldrel-macos-x86_64 | 0.1.1 | 102.00 | NOTE | |||
r-oldrel-windows-x86_64 | 0.1.1 | 17.00 | 165.00 | 182.00 | NOTE |
Version: 0.1.1
Check: CRAN incoming feasibility
Result: NOTE
Maintainer: ‘Fiammetta Menchetti <fiammetta.menchetti@gmail.com>’
The Description field contains
(MBSTS) as described in Menchetti & Bojinov (2020) <arXiv:2006.12269>.
Please refer to arXiv e-prints via their arXiv DOI <doi:10.48550/arXiv.YYMM.NNNNN>.
Flavors: r-devel-linux-x86_64-debian-clang, r-devel-linux-x86_64-debian-gcc
Version: 0.1.1
Check: Rd files
Result: NOTE
checkRd: (-1) as.mbsts.Rd:71: Lost braces; missing escapes or markup?
71 | \item{states.samples}{(\code{niter}- \code{burn}) draws from p(alpha_t | Y_{1:T}).}
| ^
checkRd: (-1) mcmc.Rd:61: Lost braces; missing escapes or markup?
61 | \item{states.samples}{(\code{niter}- \code{burn}) draws from p(alpha_t | Y_{1:T}).}
| ^
Flavors: r-devel-linux-x86_64-debian-clang, r-devel-linux-x86_64-debian-gcc, r-devel-linux-x86_64-fedora-clang, r-devel-linux-x86_64-fedora-gcc, r-devel-windows-x86_64, r-patched-linux-x86_64, r-release-linux-x86_64, r-release-macos-arm64, r-release-macos-x86_64, r-release-windows-x86_64, r-oldrel-macos-arm64, r-oldrel-macos-x86_64, r-oldrel-windows-x86_64
These binaries (installable software) and packages are in development.
They may not be fully stable and should be used with caution. We make no claims about them.
Health stats visible at Monitor.