Last updated on 2025-02-23 15:49:38 CET.
Flavor | Version | Tinstall | Tcheck | Ttotal | Status | Flags |
---|---|---|---|---|---|---|
r-devel-linux-x86_64-debian-clang | 1.6-2 | 9.07 | 23.79 | 32.86 | NOTE | |
r-devel-linux-x86_64-debian-gcc | 1.6-2 | 7.06 | 19.08 | 26.14 | NOTE | |
r-devel-linux-x86_64-fedora-clang | 1.6-2 | 55.08 | NOTE | |||
r-devel-linux-x86_64-fedora-gcc | 1.6-2 | 53.78 | NOTE | |||
r-devel-macos-arm64 | 1.6-2 | 35.00 | NOTE | |||
r-devel-macos-x86_64 | 1.6-2 | 52.00 | NOTE | |||
r-devel-windows-x86_64 | 1.6-2 | 25.00 | 87.00 | 112.00 | NOTE | |
r-patched-linux-x86_64 | 1.6-2 | 7.03 | 20.77 | 27.80 | OK | |
r-release-linux-x86_64 | 1.6-2 | 7.33 | 20.94 | 28.27 | OK | |
r-release-macos-arm64 | 1.6-2 | 44.00 | NOTE | |||
r-release-macos-x86_64 | 1.6-2 | 42.00 | NOTE | |||
r-release-windows-x86_64 | 1.6-2 | 26.00 | 87.00 | 113.00 | NOTE | |
r-oldrel-macos-arm64 | 1.6-2 | 40.00 | NOTE | |||
r-oldrel-macos-x86_64 | 1.6-2 | 83.00 | NOTE | |||
r-oldrel-windows-x86_64 | 1.6-2 | 29.00 | 106.00 | 135.00 | WARN |
Version: 1.6-2
Check: top-level files
Result: NOTE
possible bashism in configure.ac line 36 (should be 'b = a'):
if test "xx$CAIRO_LIBS" == "xx"; then
possible bashism in configure.ac line 129 (should be 'b = a'):
if test "xx${CAIRO_LIBS}" == "xx"; then
possible bashism in configure.ac line 130 (should be 'b = a'):
if test $uses_ats == "yes"; then
possible bashism in configure.ac line 214 (test -a/-o):
if test -z "${FCI}" -a -e "${pre}/include/fontconfig/fontconfig.h"; then
possible bashism in configure.ac line 218 (test -a/-o):
if test -z "${FTI}" -a -e "${pre}/include/freetype2/freetype/freetype.h"; then
possible bashism in configure.ac line 227 (test -a/-o):
if test -z "${FCI}" -a -z "${FTI}"; then
Flavors: r-devel-linux-x86_64-debian-clang, r-devel-linux-x86_64-debian-gcc, r-devel-linux-x86_64-fedora-clang, r-devel-linux-x86_64-fedora-gcc
Version: 1.6-2
Check: compiled code
Result: NOTE
File ‘Cairo/libs/Cairo.so’:
Found non-API call to R: ‘Rf_gsetVar’
Compiled code should not call non-API entry points in R.
See ‘Writing portable packages’ in the ‘Writing R Extensions’ manual,
and section ‘Moving into C API compliance’ for issues with the use of
non-API entry points.
Flavors: r-devel-linux-x86_64-debian-clang, r-devel-linux-x86_64-debian-gcc, r-devel-linux-x86_64-fedora-clang, r-devel-linux-x86_64-fedora-gcc, r-devel-macos-arm64, r-devel-macos-x86_64
Version: 1.6-2
Check: compiled code
Result: NOTE
File 'Cairo/libs/x64/Cairo.dll':
Found non-API call to R: 'Rf_gsetVar'
Compiled code should not call non-API entry points in R.
See 'Writing portable packages' in the 'Writing R Extensions' manual,
and section 'Moving into C API compliance' for issues with the use of
non-API entry points.
Flavor: r-devel-windows-x86_64
Version: 1.6-2
Check: installed package size
Result: NOTE
installed size is 63.7Mb
sub-directories of 1Mb or more:
libs 63.6Mb
Flavors: r-release-macos-arm64, r-release-macos-x86_64, r-release-windows-x86_64, r-oldrel-macos-arm64, r-oldrel-macos-x86_64, r-oldrel-windows-x86_64
Version: 1.6-2
Check: whether package can be installed
Result: WARN
Found the following significant warnings:
D:/rtools43/usr/lib/mxe/usr/x86_64-w64-mingw32.static.posix/include/minwindef.h:196:3: warning: function declaration isn't a prototype [-Wstrict-prototypes]
D:/rtools43/usr/lib/mxe/usr/x86_64-w64-mingw32.static.posix/include/minwindef.h:197:3: warning: function declaration isn't a prototype [-Wstrict-prototypes]
D:/rtools43/usr/lib/mxe/usr/x86_64-w64-mingw32.static.posix/include/minwindef.h:198:3: warning: function declaration isn't a prototype [-Wstrict-prototypes]
D:/rtools43/usr/lib/mxe/usr/x86_64-w64-mingw32.static.posix/include/processthreadsapi.h:130:47: warning: ISO C does not allow extra ';' outside of a function [-Wpedantic]
D:/rtools43/usr/lib/mxe/usr/x86_64-w64-mingw32.static.posix/include/wingdi.h:2105:52: warning: ISO C restricts enumerator values to range of 'int' [-Wpedantic]
D:/rtools43/usr/lib/mxe/usr/x86_64-w64-mingw32.static.posix/include/wingdi.h:2137:42: warning: ISO C restricts enumerator values to range of 'int' [-Wpedantic]
D:/rtools43/usr/lib/mxe/usr/x86_64-w64-mingw32.static.posix/include/wingdi.h:2145:43: warning: ISO C restricts enumerator values to range of 'int' [-Wpedantic]
D:/rtools43/usr/lib/mxe/usr/x86_64-w64-mingw32.static.posix/include/wingdi.h:2152:49: warning: ISO C restricts enumerator values to range of 'int' [-Wpedantic]
D:/rtools43/usr/lib/mxe/usr/x86_64-w64-mingw32.static.posix/include/wingdi.h:2161:46: warning: ISO C restricts enumerator values to range of 'int' [-Wpedantic]
D:/rtools43/usr/lib/mxe/usr/x86_64-w64-mingw32.static.posix/include/wingdi.h:2254:43: warning: ISO C restricts enumerator values to range of 'int' [-Wpedantic]
D:/rtools43/usr/lib/mxe/usr/x86_64-w64-mingw32.static.posix/include/wingdi.h:2269:46: warning: ISO C restricts enumerator values to range of 'int' [-Wpedantic]
D:/rtools43/usr/lib/mxe/usr/x86_64-w64-mingw32.static.posix/include/wingdi.h:2355:49: warning: ISO C restricts enumerator values to range of 'int' [-Wpedantic]
D:/rtools43/usr/lib/mxe/usr/x86_64-w64-mingw32.static.posix/include/winuser.h:4235:34: warning: ISO C does not allow extra ';' outside of a function [-Wpedantic]
D:/rtools43/usr/lib/mxe/usr/x86_64-w64-mingw32.static.posix/include/winuser.h:4236:35: warning: ISO C does not allow extra ';' outside of a function [-Wpedantic]
D:/rtools43/usr/lib/mxe/usr/x86_64-w64-mingw32.static.posix/include/winuser.h:6736:40: warning: ISO C does not allow extra ';' outside of a function [-Wpedantic]
D:/rtools43/usr/lib/mxe/usr/x86_64-w64-mingw32.static.posix/include/winuser.h:6749:54: warning: ISO C does not allow extra ';' outside of a function [-Wpedantic]
D:/rtools43/usr/lib/mxe/usr/x86_64-w64-mingw32.static.posix/include/rpcndr.h:451:3: warning: function declaration isn't a prototype [-Wstrict-prototypes]
D:/rtools43/usr/lib/mxe/usr/x86_64-w64-mingw32.static.posix/include/urlmon.h:1333:24: warning: ISO C restricts enumerator values to range of 'int' [-Wpedantic]
D:/rtools43/usr/lib/mxe/usr/x86_64-w64-mingw32.static.posix/include/urlmon.h:1745:25: warning: ISO C restricts enumerator values to range of 'int' [-Wpedantic]
D:/rtools43/usr/lib/mxe/usr/x86_64-w64-mingw32.static.posix/include/winioctl.h:359:11: warning: ISO C forbids zero-size array 'SerialNumber' [-Wpedantic]
See 'd:/Rcompile/CRANpkg/local/4.3/Cairo.Rcheck/00install.out' for details.
* used C compiler: 'gcc.exe (GCC) 12.3.0'
Flavor: r-oldrel-windows-x86_64
These binaries (installable software) and packages are in development.
They may not be fully stable and should be used with caution. We make no claims about them.
Health stats visible at Monitor.