Last updated on 2025-05-15 07:49:36 CEST.
Flavor | Version | Tinstall | Tcheck | Ttotal | Status | Flags |
---|---|---|---|---|---|---|
r-devel-linux-x86_64-debian-clang | 0.2.0 | 1.59 | 24.01 | 25.60 | NOTE | |
r-devel-linux-x86_64-debian-gcc | 0.2.0 | 1.34 | 19.81 | 21.15 | NOTE | |
r-devel-linux-x86_64-fedora-clang | 0.2.0 | 41.05 | OK | |||
r-devel-linux-x86_64-fedora-gcc | 0.2.0 | 53.41 | OK | |||
r-devel-windows-x86_64 | 0.2.0 | 3.00 | 44.00 | 47.00 | OK | |
r-patched-linux-x86_64 | 0.2.0 | 1.65 | 22.13 | 23.78 | OK | |
r-release-linux-x86_64 | 0.2.0 | 1.55 | 22.13 | 23.68 | OK | |
r-release-macos-arm64 | 0.2.0 | 24.00 | OK | |||
r-release-macos-x86_64 | 0.2.0 | 43.00 | OK | |||
r-release-windows-x86_64 | 0.2.0 | 4.00 | 43.00 | 47.00 | OK | |
r-oldrel-macos-arm64 | 0.2.0 | 22.00 | OK | |||
r-oldrel-macos-x86_64 | 0.2.0 | 33.00 | OK | |||
r-oldrel-windows-x86_64 | 0.2.0 | 2.00 | 48.00 | 50.00 | OK |
Version: 0.2.0
Check: DESCRIPTION meta-information
Result: NOTE
Author field differs from that derived from Authors@R
Author: ‘Josep Pueyo-Ros [aut, cre] (<https://orcid.org/0000-0002-1236-5651>), Marcelo S. Perlin [rev] (@msperlin), João Martins [rev] (@zambujo)’
Authors@R: ‘Josep Pueyo-Ros [aut, cre] (ORCID: <https://orcid.org/0000-0002-1236-5651>), Marcelo S. Perlin [rev] (github: @msperlin), João Martins [rev] (github: @zambujo)’
Flavors: r-devel-linux-x86_64-debian-clang, r-devel-linux-x86_64-debian-gcc
These binaries (installable software) and packages are in development.
They may not be fully stable and should be used with caution. We make no claims about them.
Health stats visible at Monitor.