Last updated on 2025-10-09 15:49:58 CEST.
Flavor | Version | Tinstall | Tcheck | Ttotal | Status | Flags |
---|---|---|---|---|---|---|
r-devel-linux-x86_64-debian-clang | 1.0.0 | 104.97 | 84.40 | 189.37 | WARN | |
r-devel-linux-x86_64-debian-gcc | 1.0.0 | 83.07 | 59.79 | 142.86 | WARN | |
r-devel-linux-x86_64-fedora-clang | 1.0.0 | 332.82 | NOTE | |||
r-devel-linux-x86_64-fedora-gcc | 1.0.0 | 346.90 | NOTE | |||
r-devel-windows-x86_64 | 1.0.0 | 126.00 | 113.00 | 239.00 | NOTE | |
r-patched-linux-x86_64 | 1.0.0 | 112.21 | 78.97 | 191.18 | NOTE | |
r-release-linux-x86_64 | 1.0.0 | 111.58 | 79.24 | 190.82 | NOTE | |
r-release-macos-arm64 | 1.0.0 | 74.00 | NOTE | |||
r-release-macos-x86_64 | 1.0.0 | 128.00 | NOTE | |||
r-release-windows-x86_64 | 1.0.0 | 121.00 | 111.00 | 232.00 | NOTE | |
r-oldrel-macos-arm64 | 1.0.0 | 76.00 | NOTE | |||
r-oldrel-macos-x86_64 | 1.0.0 | 92.00 | NOTE | |||
r-oldrel-windows-x86_64 | 1.0.0 | 148.00 | 141.00 | 289.00 | NOTE |
Version: 1.0.0
Check: CRAN incoming feasibility
Result: NOTE
Maintainer: ‘S. Gorsky <sgorsky@umass.edu>’
The Description field contains
information, see Gorsky, Chan and Ma (2020) <arXiv:2001.06451>.
Please refer to arXiv e-prints via their arXiv DOI <doi:10.48550/arXiv.YYMM.NNNNN>.
Flavors: r-devel-linux-x86_64-debian-clang, r-devel-linux-x86_64-debian-gcc
Version: 1.0.0
Check: whether package can be installed
Result: WARN
Found the following significant warnings:
/home/hornik/tmp/R.check/r-devel-clang/Work/build/Packages/RcppArmadillo/include/RcppArmadillo/version/arma.h:66:17: warning: Using fallback compilation with Armadillo 14.6.3. Please consider defining -DARMA_USE_CURRENT and also removing C++11 compilation directive. See GitHub issue #475 for more. [-W#pragma-messages]
See ‘/home/hornik/tmp/R.check/r-devel-clang/Work/PKGS/COMIX.Rcheck/00install.out’ for details.
* used C++ compiler: ‘Debian clang version 19.1.7 (7)’
Flavor: r-devel-linux-x86_64-debian-clang
Version: 1.0.0
Check: C++ specification
Result: NOTE
Specified C++11: please drop specification unless essential
Flavors: r-devel-linux-x86_64-debian-clang, r-devel-linux-x86_64-debian-gcc, r-devel-linux-x86_64-fedora-clang, r-devel-linux-x86_64-fedora-gcc, r-devel-windows-x86_64, r-patched-linux-x86_64, r-release-linux-x86_64, r-release-macos-arm64, r-release-macos-x86_64, r-release-windows-x86_64, r-oldrel-macos-arm64, r-oldrel-macos-x86_64, r-oldrel-windows-x86_64
Version: 1.0.0
Check: whether package can be installed
Result: WARN
Found the following significant warnings:
/home/hornik/tmp/R.check/r-devel-gcc/Work/build/Packages/RcppArmadillo/include/RcppArmadillo/version/arma.h:66:199: note: ‘#pragma message: Using fallback compilation with Armadillo 14.6.3. Please consider defining -DARMA_USE_CURRENT and also removing C++11 compilation directive. See GitHub issue #475 for more.’
See ‘/home/hornik/tmp/R.check/r-devel-gcc/Work/PKGS/COMIX.Rcheck/00install.out’ for details.
* used C++ compiler: ‘g++-15 (Debian 15.2.0-4) 15.2.0’
Flavor: r-devel-linux-x86_64-debian-gcc
Version: 1.0.0
Check: installed package size
Result: NOTE
installed size is 16.2Mb
sub-directories of 1Mb or more:
doc 1.8Mb
libs 14.2Mb
Flavors: r-oldrel-macos-arm64, r-oldrel-macos-x86_64
These binaries (installable software) and packages are in development.
They may not be fully stable and should be used with caution. We make no claims about them.
Health stats visible at Monitor.