Last updated on 2025-10-31 07:51:42 CET.
| Flavor | Version | Tinstall | Tcheck | Ttotal | Status | Flags | 
|---|---|---|---|---|---|---|
| r-devel-linux-x86_64-debian-clang | 3.7.2 | 74.32 | 671.70 | 746.02 | NOTE | |
| r-devel-linux-x86_64-debian-gcc | 3.7.2 | 56.69 | 505.95 | 562.64 | NOTE | |
| r-devel-linux-x86_64-fedora-clang | 3.7.2 | 341.00 | 929.70 | 1270.70 | NOTE | |
| r-devel-linux-x86_64-fedora-gcc | 3.7.2 | 521.00 | 685.59 | 1206.59 | NOTE | |
| r-devel-windows-x86_64 | 3.7.2 | 71.00 | 578.00 | 649.00 | OK | |
| r-patched-linux-x86_64 | 3.7.2 | 0.39 | 1.96 | 2.35 | ERROR | |
| r-release-linux-x86_64 | 3.7.2 | 47.55 | 650.37 | 697.92 | OK | |
| r-release-macos-arm64 | 3.7.2 | 34.00 | 276.00 | 310.00 | OK | |
| r-release-macos-x86_64 | 3.7.2 | 71.00 | 739.00 | 810.00 | OK | |
| r-release-windows-x86_64 | 3.7.2 | 75.00 | 579.00 | 654.00 | OK | |
| r-oldrel-macos-arm64 | 3.7.2 | 34.00 | 298.00 | 332.00 | NOTE | |
| r-oldrel-macos-x86_64 | 3.7.2 | 46.00 | 470.00 | 516.00 | NOTE | |
| r-oldrel-windows-x86_64 | 3.7.2 | 98.00 | 777.00 | 875.00 | NOTE | 
Version: 3.7.2
Check: CRAN incoming feasibility
Result: NOTE
  Maintainer: ‘James Dalgleish <james.dalgleish@nih.gov>’
  
  No Authors@R field in DESCRIPTION.
  Please add one, modifying
    Authors@R: c(person(given = "James",
                        family = "Dalgeish",
                        role = "aut"),
                 person(given = "Yonghong",
                        family = "Wang",
                        role = "aut"),
                 person(given = "Jack",
                        family = "Zhu",
                        role = "aut"),
                 person(given = "Paul",
                        family = "Meltzer",
                        role = "aut"),
                 person(given = "James",
                        family = "Dalgleish",
                        role = "cre",
                        email = "james.dalgleish@nih.gov"))
  as necessary.
Flavors: r-devel-linux-x86_64-debian-clang, r-devel-linux-x86_64-debian-gcc
Version: 3.7.2
Check: dependencies in R code
Result: NOTE
  Namespace in Imports field not imported from: 'Hmisc'
    All declared Imports should be used.
Flavors: r-devel-linux-x86_64-fedora-clang, r-devel-linux-x86_64-fedora-gcc
Version: 3.7.2
Check: package dependencies
Result: ERROR
  Packages required but not available: 'GenomicInteractions', 'rtracklayer'
  
  Packages suggested but not available for checking:
    'HiCseg', 'InteractionSet', 'GenomicFeatures', 'GenomeInfoDb',
    'BSgenome.Hsapiens.UCSC.hg19'
  
  See section ‘The DESCRIPTION file’ in the ‘Writing R Extensions’
  manual.
Flavor: r-patched-linux-x86_64
Version: 3.7.2
Check: package dependencies
Result: NOTE
  Package suggested but not available for checking: ‘BSgenome.Hsapiens.UCSC.hg19’
Flavors: r-oldrel-macos-arm64, r-oldrel-macos-x86_64
Version: 3.7.2
Check: installed package size
Result: NOTE
    installed size is  5.2Mb
    sub-directories of 1Mb or more:
      doc       3.2Mb
      extdata   1.7Mb
Flavors: r-oldrel-macos-arm64, r-oldrel-macos-x86_64, r-oldrel-windows-x86_64
These binaries (installable software) and packages are in development.
They may not be fully stable and should be used with caution. We make no claims about them.
Health stats visible at Monitor.