Last updated on 2025-05-17 17:49:15 CEST.
Flavor | Version | Tinstall | Tcheck | Ttotal | Status | Flags |
---|---|---|---|---|---|---|
r-devel-linux-x86_64-debian-clang | 1.0.3 | 6.60 | 22.86 | 29.46 | NOTE | |
r-devel-linux-x86_64-debian-gcc | 1.0.3 | 4.82 | 17.71 | 22.53 | NOTE | |
r-devel-linux-x86_64-fedora-clang | 1.0.3 | 50.21 | OK | |||
r-devel-linux-x86_64-fedora-gcc | 1.0.3 | 45.88 | OK | |||
r-devel-windows-x86_64 | 1.0.3 | 10.00 | 47.00 | 57.00 | OK | |
r-patched-linux-x86_64 | 1.0.3 | 7.18 | 20.83 | 28.01 | OK | |
r-release-linux-x86_64 | 1.0.3 | 6.56 | 21.06 | 27.62 | OK | |
r-release-macos-arm64 | 1.0.3 | 18.00 | OK | |||
r-release-macos-x86_64 | 1.0.3 | 45.00 | OK | |||
r-release-windows-x86_64 | 1.0.3 | 10.00 | 49.00 | 59.00 | OK | |
r-oldrel-macos-arm64 | 1.0.3 | 23.00 | OK | |||
r-oldrel-macos-x86_64 | 1.0.3 | 37.00 | OK | |||
r-oldrel-windows-x86_64 | 1.0.3 | 10.00 | 53.00 | 63.00 | OK |
Version: 1.0.3
Check: CRAN incoming feasibility
Result: NOTE
Maintainer: ‘Felix Held <felix.held@gmail.com>’
The Description field contains
al. (2014) <arXiv:1312.5921>. The package can also be used to learn
Please refer to arXiv e-prints via their arXiv DOI <doi:10.48550/arXiv.YYMM.NNNNN>.
Flavors: r-devel-linux-x86_64-debian-clang, r-devel-linux-x86_64-debian-gcc
These binaries (installable software) and packages are in development.
They may not be fully stable and should be used with caution. We make no claims about them.
Health stats visible at Monitor.