Last updated on 2025-05-15 09:52:11 CEST.
Flavor | Version | Tinstall | Tcheck | Ttotal | Status | Flags |
---|---|---|---|---|---|---|
r-devel-linux-x86_64-debian-clang | 0.1.1 | 3.04 | 108.27 | 111.31 | NOTE | |
r-devel-linux-x86_64-debian-gcc | 0.1.1 | 2.33 | 68.19 | 70.52 | NOTE | |
r-devel-linux-x86_64-fedora-clang | 0.1.1 | 183.80 | OK | |||
r-devel-linux-x86_64-fedora-gcc | 0.1.1 | 193.56 | OK | |||
r-devel-windows-x86_64 | 0.1.1 | 5.00 | 132.00 | 137.00 | OK | |
r-patched-linux-x86_64 | 0.1.1 | 3.34 | 103.70 | 107.04 | OK | |
r-release-linux-x86_64 | 0.1.1 | 2.85 | 103.80 | 106.65 | OK | |
r-release-macos-arm64 | 0.1.1 | 55.00 | OK | |||
r-release-macos-x86_64 | 0.1.1 | 128.00 | OK | |||
r-release-windows-x86_64 | 0.1.1 | 6.00 | 135.00 | 141.00 | OK | |
r-oldrel-macos-arm64 | 0.1.1 | 57.00 | NOTE | |||
r-oldrel-macos-x86_64 | 0.1.1 | 86.00 | NOTE | |||
r-oldrel-windows-x86_64 | 0.1.1 | 5.00 | 154.00 | 159.00 | NOTE |
Version: 0.1.1
Check: CRAN incoming feasibility
Result: NOTE
Maintainer: ‘Stefan Konigorski <stefan.konigorski@gmail.com>’
Package CITATION file contains call(s) to old-style citEntry(). Please
use bibentry() instead.
Flavors: r-devel-linux-x86_64-debian-clang, r-devel-linux-x86_64-debian-gcc
Version: 0.1.1
Check: LazyData
Result: NOTE
'LazyData' is specified without a 'data' directory
Flavors: r-oldrel-macos-arm64, r-oldrel-macos-x86_64, r-oldrel-windows-x86_64
These binaries (installable software) and packages are in development.
They may not be fully stable and should be used with caution. We make no claims about them.
Health stats visible at Monitor.