CRAN Package Check Results for Package CIDER

Last updated on 2025-07-17 17:50:11 CEST.

Flavor Version Tinstall Tcheck Ttotal Status Flags
r-devel-linux-x86_64-debian-clang 0.99.4 26.59 230.09 256.68 ERROR
r-devel-linux-x86_64-debian-gcc 0.99.4 19.62 153.31 172.93 ERROR
r-devel-linux-x86_64-fedora-clang 0.99.4 419.18 ERROR
r-devel-linux-x86_64-fedora-gcc 0.99.4 417.50 ERROR
r-devel-windows-x86_64 0.99.4 26.00 448.00 474.00 OK
r-patched-linux-x86_64 0.99.4 26.79 215.35 242.14 ERROR
r-release-linux-x86_64 0.99.4 23.08 217.86 240.94 ERROR
r-release-macos-arm64 0.99.4 244.00 OK
r-release-macos-x86_64 0.99.4 440.00 OK
r-release-windows-x86_64 0.99.4 27.00 199.00 226.00 ERROR
r-oldrel-macos-arm64 0.99.4 242.00 OK
r-oldrel-macos-x86_64 0.99.4 444.00 OK
r-oldrel-windows-x86_64 0.99.4 38.00 254.00 292.00 ERROR

Check Details

Version: 0.99.4
Check: re-building of vignette outputs
Result: ERROR Error(s) in re-building vignettes: ... --- re-building ‘asCIDER.Rmd’ using rmarkdown trying URL 'https://figshare.com/ndownloader/files/31469387' Quitting from asCIDER.Rmd:45-54 [unnamed-chunk-2] ~~~~~~~~~~~~~~~~~~~~~~~~~~~~~~~~~~~~~~~~~~~~~~~~~~~~~~~~~~~~~~~~~~~~~~~~~~~~~~~~ <error/rlang_error> Error in `download.file()`: ! cannot open URL 'https://figshare.com/ndownloader/files/31469387' --- Backtrace: ▆ 1. └─utils::download.file(data_url, destfile = data_file, mode = "wb") ~~~~~~~~~~~~~~~~~~~~~~~~~~~~~~~~~~~~~~~~~~~~~~~~~~~~~~~~~~~~~~~~~~~~~~~~~~~~~~~~ Error: processing vignette 'asCIDER.Rmd' failed with diagnostics: cannot open URL 'https://figshare.com/ndownloader/files/31469387' --- failed re-building ‘asCIDER.Rmd’ --- re-building ‘evaluation.Rmd’ using rmarkdown trying URL 'https://figshare.com/ndownloader/files/52116197' Quitting from evaluation.Rmd:56-67 [unnamed-chunk-2] ~~~~~~~~~~~~~~~~~~~~~~~~~~~~~~~~~~~~~~~~~~~~~~~~~~~~~~~~~~~~~~~~~~~~~~~~~~~~~~~~ <error/rlang_error> Error in `download.file()`: ! cannot open URL 'https://figshare.com/ndownloader/files/52116197' --- Backtrace: ▆ 1. └─utils::download.file(data_url, destfile = data_file, mode = "wb") ~~~~~~~~~~~~~~~~~~~~~~~~~~~~~~~~~~~~~~~~~~~~~~~~~~~~~~~~~~~~~~~~~~~~~~~~~~~~~~~~ Error: processing vignette 'evaluation.Rmd' failed with diagnostics: cannot open URL 'https://figshare.com/ndownloader/files/52116197' --- failed re-building ‘evaluation.Rmd’ SUMMARY: processing the following files failed: ‘asCIDER.Rmd’ ‘evaluation.Rmd’ Error: Vignette re-building failed. Execution halted Flavors: r-devel-linux-x86_64-debian-clang, r-devel-linux-x86_64-debian-gcc, r-patched-linux-x86_64, r-release-linux-x86_64

Version: 0.99.4
Check: re-building of vignette outputs
Result: ERROR Error(s) in re-building vignettes: --- re-building ‘asCIDER.Rmd’ using rmarkdown trying URL 'https://figshare.com/ndownloader/files/31469387' Quitting from asCIDER.Rmd:45-54 [unnamed-chunk-2] ~~~~~~~~~~~~~~~~~~~~~~~~~~~~~~~~~~~~~~~~~~~~~~~~~~~~~~~~~~~~~~~~~~~~~~~~~~~~~~~~ <error/rlang_error> Error in `download.file()`: ! cannot open URL 'https://figshare.com/ndownloader/files/31469387' --- Backtrace: ▆ 1. └─utils::download.file(data_url, destfile = data_file, mode = "wb") ~~~~~~~~~~~~~~~~~~~~~~~~~~~~~~~~~~~~~~~~~~~~~~~~~~~~~~~~~~~~~~~~~~~~~~~~~~~~~~~~ Error: processing vignette 'asCIDER.Rmd' failed with diagnostics: cannot open URL 'https://figshare.com/ndownloader/files/31469387' --- failed re-building ‘asCIDER.Rmd’ --- re-building ‘evaluation.Rmd’ using rmarkdown trying URL 'https://figshare.com/ndownloader/files/52116197' Quitting from evaluation.Rmd:56-67 [unnamed-chunk-2] ~~~~~~~~~~~~~~~~~~~~~~~~~~~~~~~~~~~~~~~~~~~~~~~~~~~~~~~~~~~~~~~~~~~~~~~~~~~~~~~~ <error/rlang_error> Error in `download.file()`: ! cannot open URL 'https://figshare.com/ndownloader/files/52116197' --- Backtrace: ▆ 1. └─utils::download.file(data_url, destfile = data_file, mode = "wb") ~~~~~~~~~~~~~~~~~~~~~~~~~~~~~~~~~~~~~~~~~~~~~~~~~~~~~~~~~~~~~~~~~~~~~~~~~~~~~~~~ Error: processing vignette 'evaluation.Rmd' failed with diagnostics: cannot open URL 'https://figshare.com/ndownloader/files/52116197' --- failed re-building ‘evaluation.Rmd’ SUMMARY: processing the following files failed: ‘asCIDER.Rmd’ ‘evaluation.Rmd’ Error: Vignette re-building failed. Execution halted Flavors: r-devel-linux-x86_64-fedora-clang, r-devel-linux-x86_64-fedora-gcc, r-release-windows-x86_64, r-oldrel-windows-x86_64

These binaries (installable software) and packages are in development.
They may not be fully stable and should be used with caution. We make no claims about them.
Health stats visible at Monitor.