Last updated on 2025-07-14 13:48:22 CEST.
Flavor | Version | Tinstall | Tcheck | Ttotal | Status | Flags |
---|---|---|---|---|---|---|
r-devel-linux-x86_64-debian-clang | 1.3.1.1 | 5.54 | 247.50 | 253.04 | OK | |
r-devel-linux-x86_64-debian-gcc | 1.3.1.1 | 3.67 | 169.91 | 173.58 | OK | |
r-devel-linux-x86_64-fedora-clang | 1.3.1.1 | 379.43 | OK | |||
r-devel-linux-x86_64-fedora-gcc | 1.3.1.1 | 458.35 | OK | |||
r-devel-windows-x86_64 | 1.3.1.1 | 7.00 | 266.00 | 273.00 | OK | |
r-patched-linux-x86_64 | 1.3.1.1 | 5.89 | 241.60 | 247.49 | OK | |
r-release-linux-x86_64 | 1.3.1.1 | 4.20 | 245.37 | 249.57 | OK | |
r-release-macos-arm64 | 1.3.1.1 | 177.00 | OK | |||
r-release-macos-x86_64 | 1.3.1.1 | 359.00 | OK | |||
r-release-windows-x86_64 | 1.3.1.1 | 6.00 | 276.00 | 282.00 | OK | |
r-oldrel-macos-arm64 | 1.3.1.1 | 173.00 | OK | |||
r-oldrel-macos-x86_64 | 1.3.1.1 | 317.00 | OK | |||
r-oldrel-windows-x86_64 | 1.3.1.1 | 9.00 | 226.00 | 235.00 | ERROR |
Version: 1.3.1.1
Check: re-building of vignette outputs
Result: ERROR
Error(s) in re-building vignettes:
--- re-building 'using_CEOdata.Rmd' using rmarkdown
trying URL 'https://ceo.gencat.cat/web/.content/20_barometre/Matrius_BOP/Microdades_barometre.zip'
Content type 'application/zip' length 17242574 bytes (16.4 MB)
==================================================
downloaded 16.4 MB
Quitting from using_CEOdata.Rmd:96-99 [unnamed-chunk-8]
~~~~~~~~~~~~~~~~~~~~~~~~~~~~~~~~~~~~~~~~~~~~~~~~~~~~~~~~~~~~~~~~~~~~~~~~~~~~~~~~
NULL
~~~~~~~~~~~~~~~~~~~~~~~~~~~~~~~~~~~~~~~~~~~~~~~~~~~~~~~~~~~~~~~~~~~~~~~~~~~~~~~~
Error: processing vignette 'using_CEOdata.Rmd' failed with diagnostics:
ℹ In argument: `REO = factor(REO, levels = rev(REO))`.
Caused by error in `levels<-`:
! factor level [1192] is duplicated
--- failed re-building 'using_CEOdata.Rmd'
--- re-building 'working_with_survey_data_using_the_CEOdata_package.Rmd' using rmarkdown
trying URL 'https://ceo.gencat.cat/web/.content/20_barometre/Matrius_BOP/Microdades_barometre.zip'
Content type 'application/zip' length 17242574 bytes (16.4 MB)
==================================================
downloaded 16.4 MB
Quitting from working_with_survey_data_using_the_CEOdata_package.Rmd:83-96 [tags]
~~~~~~~~~~~~~~~~~~~~~~~~~~~~~~~~~~~~~~~~~~~~~~~~~~~~~~~~~~~~~~~~~~~~~~~~~~~~~~~~
NULL
~~~~~~~~~~~~~~~~~~~~~~~~~~~~~~~~~~~~~~~~~~~~~~~~~~~~~~~~~~~~~~~~~~~~~~~~~~~~~~~~
Error: processing vignette 'working_with_survey_data_using_the_CEOdata_package.Rmd' failed with diagnostics:
ℹ In argument: `REO = factor(REO, levels = rev(REO))`.
Caused by error in `levels<-`:
! factor level [1192] is duplicated
--- failed re-building 'working_with_survey_data_using_the_CEOdata_package.Rmd'
--- re-building 'cheatsheet.pdf.asis' using asis
--- finished re-building 'cheatsheet.pdf.asis'
SUMMARY: processing the following files failed:
'using_CEOdata.Rmd'
'working_with_survey_data_using_the_CEOdata_package.Rmd'
Error: Vignette re-building failed.
Execution halted
Flavor: r-oldrel-windows-x86_64
These binaries (installable software) and packages are in development.
They may not be fully stable and should be used with caution. We make no claims about them.
Health stats visible at Monitor.