CRAN Package Check Results for Package CDM

Last updated on 2025-04-16 10:50:03 CEST.

Flavor Version Tinstall Tcheck Ttotal Status Flags
r-devel-linux-x86_64-debian-clang 8.2-6 103.52 141.55 245.07 NOTE
r-devel-linux-x86_64-debian-gcc 8.2-6 70.78 89.38 160.16 NOTE
r-devel-linux-x86_64-fedora-clang 8.2-6 462.95 NOTE
r-devel-linux-x86_64-fedora-gcc 8.2-6 420.65 NOTE
r-devel-windows-x86_64 8.2-6 120.00 181.00 301.00 NOTE
r-patched-linux-x86_64 8.2-6 109.21 134.69 243.90 NOTE
r-release-linux-x86_64 8.2-6 102.27 133.28 235.55 NOTE
r-release-macos-arm64 8.2-6 101.00 NOTE
r-release-macos-x86_64 8.2-6 197.00 NOTE
r-release-windows-x86_64 8.2-6 121.00 179.00 300.00 NOTE
r-oldrel-macos-arm64 8.2-6 151.00 NOTE
r-oldrel-macos-x86_64 8.2-6 132.00 NOTE
r-oldrel-windows-x86_64 8.2-6 146.00 220.00 366.00 NOTE

Check Details

Version: 8.2-6
Check: Rd files
Result: NOTE checkRd: (-1) data.dtmr.Rd:57: Lost braces; missing escapes or markup? 57 | \code{RU}: {Referent units} | ^ checkRd: (-1) data.dtmr.Rd:59: Lost braces; missing escapes or markup? 59 | \code{PI}: {Partitioning and iterating attribute} | ^ checkRd: (-1) data.dtmr.Rd:61: Lost braces; missing escapes or markup? 61 | \code{APP}: {Appropriateness attribute} | ^ checkRd: (-1) data.dtmr.Rd:63: Lost braces; missing escapes or markup? 63 | \code{MC}: {Multiplicative Comparison attribute} | ^ Flavors: r-devel-linux-x86_64-debian-clang, r-devel-linux-x86_64-debian-gcc, r-devel-linux-x86_64-fedora-clang, r-devel-linux-x86_64-fedora-gcc, r-devel-windows-x86_64, r-patched-linux-x86_64, r-release-linux-x86_64, r-release-macos-arm64, r-release-macos-x86_64, r-release-windows-x86_64, r-oldrel-macos-arm64, r-oldrel-macos-x86_64, r-oldrel-windows-x86_64

Version: 8.2-6
Check: installed package size
Result: NOTE installed size is 6.1Mb sub-directories of 1Mb or more: data 1.3Mb libs 3.3Mb Flavors: r-oldrel-macos-arm64, r-oldrel-macos-x86_64

These binaries (installable software) and packages are in development.
They may not be fully stable and should be used with caution. We make no claims about them.
Health stats visible at Monitor.