Last updated on 2025-05-15 07:49:35 CEST.
Flavor | Version | Tinstall | Tcheck | Ttotal | Status | Flags |
---|---|---|---|---|---|---|
r-devel-linux-x86_64-debian-clang | 4.0 | 95.03 | 256.49 | 351.52 | NOTE | |
r-devel-linux-x86_64-debian-gcc | 4.0 | 59.87 | 168.69 | 228.56 | NOTE | |
r-devel-linux-x86_64-fedora-clang | 4.0 | 579.71 | OK | |||
r-devel-linux-x86_64-fedora-gcc | 4.0 | 569.54 | OK | |||
r-devel-windows-x86_64 | 4.0 | 79.00 | 255.00 | 334.00 | OK | |
r-patched-linux-x86_64 | 4.0 | 82.70 | 237.65 | 320.35 | OK | |
r-release-linux-x86_64 | 4.0 | 82.36 | 238.89 | 321.25 | OK | |
r-release-macos-arm64 | 4.0 | 142.00 | OK | |||
r-release-macos-x86_64 | 4.0 | 324.00 | OK | |||
r-release-windows-x86_64 | 4.0 | 75.00 | 244.00 | 319.00 | OK | |
r-oldrel-macos-arm64 | 4.0 | 133.00 | NOTE | |||
r-oldrel-macos-x86_64 | 4.0 | 226.00 | NOTE | |||
r-oldrel-windows-x86_64 | 4.0 | 106.00 | 313.00 | 419.00 | OK |
Version: 4.0
Check: CRAN incoming feasibility
Result: NOTE
Maintainer: ‘Duncan Lee <Duncan.Lee@glasgow.ac.uk>’
No Authors@R field in DESCRIPTION.
Please add one, modifying
Authors@R: c(person(given = "Duncan",
family = "Lee",
role = c("aut", "cre"),
email = "duncan.lee@glasgow.ac.uk"),
person(given = "Alastair",
family = "Rushworth",
role = "aut"),
person(given = "Gary",
family = "Napier",
role = "aut"),
person(given = "William",
family = "Pettersson",
role = "aut"))
as necessary.
Flavors: r-devel-linux-x86_64-debian-clang, r-devel-linux-x86_64-debian-gcc
Version: 4.0
Check: installed package size
Result: NOTE
installed size is 8.1Mb
sub-directories of 1Mb or more:
R 1.0Mb
libs 5.9Mb
Flavors: r-oldrel-macos-arm64, r-oldrel-macos-x86_64
These binaries (installable software) and packages are in development.
They may not be fully stable and should be used with caution. We make no claims about them.
Health stats visible at Monitor.