Last updated on 2025-05-03 22:49:49 CEST.
Flavor | Version | Tinstall | Tcheck | Ttotal | Status | Flags |
---|---|---|---|---|---|---|
r-devel-linux-x86_64-debian-clang | 1.0-7 | 9.77 | 116.28 | 126.05 | NOTE | |
r-devel-linux-x86_64-debian-gcc | 1.0-7 | 7.73 | 84.11 | 91.84 | NOTE | |
r-devel-linux-x86_64-fedora-clang | 1.0-7 | 196.35 | OK | |||
r-devel-linux-x86_64-fedora-gcc | 1.0-7 | 198.30 | OK | |||
r-devel-windows-x86_64 | 1.0-7 | 12.00 | 133.00 | 145.00 | OK | |
r-patched-linux-x86_64 | 1.0-7 | 10.86 | 108.68 | 119.54 | OK | |
r-release-linux-x86_64 | OK | |||||
r-release-macos-arm64 | 1.0-7 | 60.00 | OK | |||
r-release-macos-x86_64 | 1.0-7 | 115.00 | OK | |||
r-release-windows-x86_64 | 1.0-7 | 11.00 | 130.00 | 141.00 | OK | |
r-oldrel-macos-arm64 | 1.0-7 | 62.00 | OK | |||
r-oldrel-macos-x86_64 | 1.0-7 | 87.00 | OK | |||
r-oldrel-windows-x86_64 | 1.0-7 | 16.00 | 155.00 | 171.00 | OK |
Version: 1.0-7
Check: CRAN incoming feasibility
Result: NOTE
Maintainer: ‘Anoop Shah <anoop@doctors.org.uk>’
Package CITATION file contains call(s) to old-style personList() or
as.personList(). Please use c() on person objects instead.
Package CITATION file contains call(s) to old-style citEntry(). Please
use bibentry() instead.
Flavors: r-devel-linux-x86_64-debian-clang, r-devel-linux-x86_64-debian-gcc
These binaries (installable software) and packages are in development.
They may not be fully stable and should be used with caution. We make no claims about them.
Health stats visible at Monitor.