Last updated on 2025-02-23 19:51:00 CET.
Flavor | Version | Tinstall | Tcheck | Ttotal | Status | Flags |
---|---|---|---|---|---|---|
r-devel-linux-x86_64-debian-clang | 0.1.0 | 66.32 | 901.71 | 968.03 | OK | |
r-devel-linux-x86_64-debian-gcc | 0.1.0 | 64.54 | 584.22 | 648.76 | ERROR | |
r-devel-linux-x86_64-fedora-clang | 0.1.0 | 1088.53 | ERROR | |||
r-devel-linux-x86_64-fedora-gcc | 0.1.0 | 1089.02 | ERROR | |||
r-devel-macos-arm64 | 0.1.0 | 5.00 | ERROR | |||
r-devel-macos-x86_64 | 0.1.0 | 6.00 | ERROR | |||
r-devel-windows-x86_64 | 0.1.0 | 82.00 | 839.00 | 921.00 | OK | |
r-patched-linux-x86_64 | 0.1.0 | 63.49 | 867.08 | 930.57 | OK | |
r-release-linux-x86_64 | 0.1.0 | 66.48 | 867.45 | 933.93 | OK | |
r-release-macos-arm64 | 0.1.0 | 10.00 | ERROR | |||
r-release-macos-x86_64 | 0.1.0 | 502.00 | NOTE | |||
r-release-windows-x86_64 | 0.1.0 | 86.00 | 875.00 | 961.00 | OK | |
r-oldrel-macos-arm64 | 0.1.0 | 461.00 | NOTE | |||
r-oldrel-macos-x86_64 | 0.1.0 | 11.00 | ERROR | |||
r-oldrel-windows-x86_64 | 0.1.0 | 92.00 | 1051.00 | 1143.00 | OK |
Version: 0.1.0
Check: examples
Result: ERROR
Running examples in ‘CAESAR.Suite-Ex.R’ failed
The error most likely occurred in:
> base::assign(".ptime", proc.time(), pos = "CheckExEnv")
> ### Name: CoUMAP
> ### Title: Co-embedding UMAP for Genes and Cells in a Seurat Object
> ### Aliases: CoUMAP
>
> ### ** Examples
>
> data(toydata)
>
> seu <- toydata$seu
>
> seu <- CoUMAP(seu, gene.set = rownames(seu))
Error in min(nrow(X), na.rm = col(X)) :
'length = 40100' in coercion to 'logical(1)'
Calls: CoUMAP ... <Anonymous> -> .local -> do.call -> <Anonymous> -> uwot
Execution halted
Examples with CPU (user + system) or elapsed time > 5s
user system elapsed
CAESAR.CTDEP 4.055 0.56 5.895
Flavor: r-devel-linux-x86_64-debian-gcc
Version: 0.1.0
Check: re-building of vignette outputs
Result: ERROR
Error(s) in re-building vignettes:
...
--- re-building ‘STMOB.Rmd’ using rmarkdown
trying URL 'https://github.com/XiaoZhangryy/CAESAR.Suite/blob/master/vignettes_data/MOB_ST.rda?raw=true'
Content type 'application/octet-stream' length 5988380 bytes (5.7 MB)
==================================================
downloaded 5.7 MB
trying URL 'https://github.com/XiaoZhangryy/CAESAR.Suite/blob/master/vignettes_data/MOB_scRNA.rda?raw=true'
Content type 'application/octet-stream' length 48066404 bytes (45.8 MB)
==================================================
downloaded 45.8 MB
Performing log-normalization
0% 10 20 30 40 50 60 70 80 90 100%
[----|----|----|----|----|----|----|----|----|----|
**************************************************|
Calculating gene variances
0% 10 20 30 40 50 60 70 80 90 100%
[----|----|----|----|----|----|----|----|----|----|
**************************************************|
Calculating feature variances of standardized and clipped values
0% 10 20 30 40 50 60 70 80 90 100%
[----|----|----|----|----|----|----|----|----|----|
**************************************************|
Performing log-normalization
0% 10 20 30 40 50 60 70 80 90 100%
[----|----|----|----|----|----|----|----|----|----|
**************************************************|
Calculating gene variances
0% 10 20 30 40 50 60 70 80 90 100%
[----|----|----|----|----|----|----|----|----|----|
**************************************************|
Calculating feature variances of standardized and clipped values
0% 10 20 30 40 50 60 70 80 90 100%
[----|----|----|----|----|----|----|----|----|----|
**************************************************|
Progress: ───────────────────────────────────────── 100%
Progress: ──────────────────────────────────────────── 100%
Progress: ──────────────────────────────────────────────── 100%
Progress: ────────────────────────────────────────────────── 100%
Progress: ─────────────────────────────────────────────────── 100%
Progress: ───────────────────────────────────────────────────── 100%
Progress: ─────────────────────────────────────────────────────── 100%
Progress: ──────────────────────────────────────────────────────── 100%
Progress: ────────────────────────────────────────────────────────── 100%
Progress: ────────────────────────────────────────────────────────── 100%
Progress: ─────────────────────────────────────────────────────────── 100%
Progress: ──────────────────────────────────────────────────────────── 100%
Progress: ───────────────────────────────────────────────────────────── 100%
Progress: ────────────────────────────────────────────────────────────── 100%
Progress: ─────────────────────────────────────────────────────────────── 100%
Progress: ─────────────────────────────────────────────────────────────── 100%
Progress: ──────────────────────────────────────────────────────────────── 100%** Processing: /home/hornik/tmp/R.check/r-devel-gcc/Work/PKGS/CAESAR.Suite.Rcheck/vign_test/CAESAR.Suite/vignettes/STMOB_files/figure-html/unnamed-chunk-12-1.png
844x576 pixels, 3x8 bits/pixel, RGB
Input IDAT size = 126860 bytes
Input file size = 127118 bytes
Trying:
zc = 9 zm = 8 zs = 0 f = 0 IDAT size = 96729
zc = 9 zm = 8 zs = 1 f = 0
zc = 1 zm = 8 zs = 2 f = 0
zc = 9 zm = 8 zs = 3 f = 0
zc = 9 zm = 8 zs = 0 f = 5
zc = 9 zm = 8 zs = 1 f = 5
zc = 1 zm = 8 zs = 2 f = 5
zc = 9 zm = 8 zs = 3 f = 5
Selecting parameters:
zc = 9 zm = 8 zs = 0 f = 0 IDAT size = 96729
Output IDAT size = 96729 bytes (30131 bytes decrease)
Output file size = 96807 bytes (30311 bytes = 23.84% decrease)
** Processing: /home/hornik/tmp/R.check/r-devel-gcc/Work/PKGS/CAESAR.Suite.Rcheck/vign_test/CAESAR.Suite/vignettes/STMOB_files/figure-html/unnamed-chunk-13-1.png
844x576 pixels, 3x8 bits/pixel, RGB
Input IDAT size = 128341 bytes
Input file size = 128599 bytes
Trying:
zc = 9 zm = 8 zs = 0 f = 0 IDAT size = 97991
zc = 9 zm = 8 zs = 1 f = 0
zc = 1 zm = 8 zs = 2 f = 0
zc = 9 zm = 8 zs = 3 f = 0
zc = 9 zm = 8 zs = 0 f = 5
zc = 9 zm = 8 zs = 1 f = 5
zc = 1 zm = 8 zs = 2 f = 5
zc = 9 zm = 8 zs = 3 f = 5
Selecting parameters:
zc = 9 zm = 8 zs = 0 f = 0 IDAT size = 97991
Output IDAT size = 97991 bytes (30350 bytes decrease)
Output file size = 98069 bytes (30530 bytes = 23.74% decrease)
** Processing: /home/hornik/tmp/R.check/r-devel-gcc/Work/PKGS/CAESAR.Suite.Rcheck/vign_test/CAESAR.Suite/vignettes/STMOB_files/figure-html/unnamed-chunk-14-1.png
844x576 pixels, 3x8 bits/pixel, RGB
Input IDAT size = 128341 bytes
Input file size = 128599 bytes
Trying:
zc = 9 zm = 8 zs = 0 f = 0 IDAT size = 97991
zc = 9 zm = 8 zs = 1 f = 0
zc = 1 zm = 8 zs = 2 f = 0
zc = 9 zm = 8 zs = 3 f = 0
zc = 9 zm = 8 zs = 0 f = 5
zc = 9 zm = 8 zs = 1 f = 5
zc = 1 zm = 8 zs = 2 f = 5
zc = 9 zm = 8 zs = 3 f = 5
Selecting parameters:
zc = 9 zm = 8 zs = 0 f = 0 IDAT size = 97991
Output IDAT size = 97991 bytes (30350 bytes decrease)
Output file size = 98069 bytes (30530 bytes = 23.74% decrease)
** Processing: /home/hornik/tmp/R.check/r-devel-gcc/Work/PKGS/CAESAR.Suite.Rcheck/vign_test/CAESAR.Suite/vignettes/STMOB_files/figure-html/unnamed-chunk-15-1.png
844x576 pixels, 3x8 bits/pixel, RGB
Input IDAT size = 92821 bytes
Input file size = 93031 bytes
Trying:
zc = 9 zm = 8 zs = 0 f = 0 IDAT size = 68226
zc = 9 zm = 8 zs = 1 f = 0
zc = 1 zm = 8 zs = 2 f = 0
zc = 9 zm = 8 zs = 3 f = 0
zc = 9 zm = 8 zs = 0 f = 5
zc = 9 zm = 8 zs = 1 f = 5
zc = 1 zm = 8 zs = 2 f = 5
zc = 9 zm = 8 zs = 3 f = 5
Selecting parameters:
zc = 9 zm = 8 zs = 0 f = 0 IDAT size = 68226
Output IDAT size = 68226 bytes (24595 bytes decrease)
Output file size = 68304 bytes (24727 bytes = 26.58% decrease)
** Processing: /home/hornik/tmp/R.check/r-devel-gcc/Work/PKGS/CAESAR.Suite.Rcheck/vign_test/CAESAR.Suite/vignettes/STMOB_files/figure-html/unnamed-chunk-16-1.png
844x864 pixels, 3x8 bits/pixel, RGB
Input IDAT size = 189490 bytes
Input file size = 189844 bytes
Trying:
zc = 9 zm = 8 zs = 0 f = 0 IDAT size = 170046
zc = 9 zm = 8 zs = 1 f = 0
zc = 1 zm = 8 zs = 2 f = 0
zc = 9 zm = 8 zs = 3 f = 0
zc = 9 zm = 8 zs = 0 f = 5
zc = 9 zm = 8 zs = 1 f = 5
zc = 1 zm = 8 zs = 2 f = 5
zc = 9 zm = 8 zs = 3 f = 5
Selecting parameters:
zc = 9 zm = 8 zs = 0 f = 0 IDAT size = 170046
Output IDAT size = 170046 bytes (19444 bytes decrease)
Output file size = 170124 bytes (19720 bytes = 10.39% decrease)
** Processing: /home/hornik/tmp/R.check/r-devel-gcc/Work/PKGS/CAESAR.Suite.Rcheck/vign_test/CAESAR.Suite/vignettes/STMOB_files/figure-html/unnamed-chunk-19-1.png
844x480 pixels, 3x8 bits/pixel, RGB
Input IDAT size = 49756 bytes
Input file size = 49906 bytes
Trying:
zc = 9 zm = 8 zs = 0 f = 0 IDAT size = 41497
zc = 9 zm = 8 zs = 1 f = 0
zc = 1 zm = 8 zs = 2 f = 0
zc = 9 zm = 8 zs = 3 f = 0
zc = 9 zm = 8 zs = 0 f = 5
zc = 9 zm = 8 zs = 1 f = 5
zc = 1 zm = 8 zs = 2 f = 5
zc = 9 zm = 8 zs = 3 f = 5
Selecting parameters:
zc = 9 zm = 8 zs = 0 f = 0 IDAT size = 41497
Output IDAT size = 41497 bytes (8259 bytes decrease)
Output file size = 41575 bytes (8331 bytes = 16.69% decrease)
Quitting from lines 267-282 [unnamed-chunk-20] (STMOB.Rmd)
Error: processing vignette 'STMOB.Rmd' failed with diagnostics:
'length = 14600' in coercion to 'logical(1)'
--- failed re-building ‘STMOB.Rmd’
--- re-building ‘XeniumBC.Rmd’ using rmarkdown
trying URL 'https://github.com/XiaoZhangryy/CAESAR.Suite/blob/master/vignettes_data/BC_scRNAList.rda?raw=true'
Content type 'application/octet-stream' length 2310272 bytes (2.2 MB)
==================================================
downloaded 2.2 MB
trying URL 'https://github.com/XiaoZhangryy/CAESAR.Suite/blob/master/vignettes_data/BC_XeniumList.rda?raw=true'
Content type 'application/octet-stream' length 1256437 bytes (1.2 MB)
==================================================
downloaded 1.2 MB
trying URL 'https://github.com/XiaoZhangryy/CAESAR.Suite/blob/master/vignettes_data/BC_feature_imgList.rda?raw=true'
Content type 'application/octet-stream' length 12559173 bytes (12.0 MB)
==================================================
downloaded 12.0 MB
Performing log-normalization
0% 10 20 30 40 50 60 70 80 90 100%
[----|----|----|----|----|----|----|----|----|----|
**************************************************|
Performing log-normalization
0% 10 20 30 40 50 60 70 80 90 100%
[----|----|----|----|----|----|----|----|----|----|
**************************************************|
Performing log-normalization
0% 10 20 30 40 50 60 70 80 90 100%
[----|----|----|----|----|----|----|----|----|----|
**************************************************|
Performing log-normalization
0% 10 20 30 40 50 60 70 80 90 100%
[----|----|----|----|----|----|----|----|----|----|
**************************************************|
Progress: ──────────── 100%
Progress: ─────────────── 100%
Progress: ────────────────── 100%
Progress: ───────────────────── 100%
Progress: ──────────────────────── 100%
Progress: ─────────────────────────── 100%
Progress: ────────────────────────────── 100%
Progress: ───────────────────────────────── 100%
Progress: ──────────────────────────────────── 100%
Progress: ──────────────────────────────────────── 100%
Progress: ─────────────────────────────────────────── 100%
Progress: ────────────────────────────────────────────── 100%
Progress: ──────────────────────────────────────────────── 100%
Progress: ────────────────────────────────────────────────── 100%
Progress: ──────────────────────────────────────────────────── 100%
Progress: ───────────────────────────────────────────────────── 100%
Progress: ─────────────────────────────────────────────────────── 100%
Progress: ──────────────────────────────────────────────────────── 100%
Progress: ───────────────────────────────────────────────────────── 100%
Progress: ────────────────────────────────────────────────────────── 100%
Progress: ────────────────────────────────────────────────────────── 100%
Progress: ─────────────────────────────────────────────────────────── 100%
Progress: ──────────────────────────────────────────────────────────── 100%
Progress: ──────────────────────────────────────────────────────────── 100%
Progress: ───────────────────────────────────────────────────────────── 100%
Progress: ───────────────────────────────────────────────────────────── 100%
Progress: ───────────────────────────────────────────────────────────── 100%
Progress: ────────────────────────────────────────────────────────────── 100%
Progress: ────────────────────────────────────────────────────────────── 100%
Progress: ────────────────────────────────────────────────────────────── 100%
Progress: ─────────────────────────────────────────────────────────────── 100%
Progress: ─────────────────────────────────────────────────────────────── 100%
Progress: ─────────────────────────────────────────────────────────────── 100%
Progress: ─────────────────────────────────────────────────────────────── 100%
Progress: ─────────────────────────────────────────────────────────────── 100%
Progress: ─────────────────────────────────────────────────────────────── 100%
Progress: ─────────────────────────────────────────────────────────────── 100%
Progress: ──────────────────────────────────────────────────────────────── 100%
Progress: ──────────────────────────────────────────────────────────────── 100%
Progress: ──────────────────────────────────────────────────────────────── 100%
Progress: ─────────────── 100%
Progress: ───────────────── 100%
Progress: ────────────────── 100%
Progress: ─────────────────── 100%
Progress: ──────────────────── 100%
Progress: ───────────────────── 100%
Progress: ────────────────────── 100%
Progress: ─────────────────────── 100%
Progress: ─────────────────────── 100%
Progress: ─────────────────────── 100%
Progress: ──────────────────────── 100%
Progress: ──────────────────────── 100%
Progress: ──────────────────────── 100%
Progress: ──────────────────────── 100%
Progress: ──────────────────────── 100%
Progress: ──────────────────────── 100%
Progress: ──────────────────────── 100%
Progress: ──────────────────────── 100%
Progress: ───────────────────────── 100%
Progress: ───────────────────────── 100%
Progress: ────────────────────────── 100%
Progress: ─────────────────────────── 100%
Progress: ──────────────────────────── 100%
Progress: ───────────────────────────── 100%
Progress: ────────────────────────────── 100%
Progress: ──────────────────────────────── 100%
Progress: ────────────────────────────────── 100%
Progress: ──────────────────────────────────── 100%
Progress: ────────────────────────────────────── 100%
Progress: ─────────────────────────────────────── 100%
Progress: ──────────────────────────────────────── 100%
Progress: ───────────────────────────────────────── 100%
Progress: ────────────────────────────────────────── 100%
Progress: ────────────────────────────────────────── 100%
Progress: ─────────────────────────────────────────── 100%
Progress: ───────────────────────────────────────────── 100%
Progress: ───────────────────────────────────────────── 100%
Progress: ────────────────────────────────────────────── 100%
Progress: ─────────────────────────────────────────────── 100%
Progress: ───────────────────────────────────────────────── 100%
Progress: ────────────────────────────────────────────────── 100%
Progress: ─────────────────────────────────────────────────── 100%
Progress: ──────────────────────────────────────────────────── 100%
Progress: ───────────────────────────────────────────────────── 100%
Progress: ───────────────────────────────────────────────────── 100%
Progress: ────────────────────────────────────────────────────── 100%
Progress: ────────────────────────────────────────────────────── 100%
Progress: ─────────────────────────────────────────────────────── 100%
Progress: ─────────────────────────────────────────────────────── 100%
Progress: ─────────────────────────────────────────────────────── 100%
Progress: ─────────────────────────────────────────────────────── 100%
Progress: ─────────────────────────────────────────────────────── 100%
Progress: ─────────────────────────────────────────────────────── 100%
Progress: ──────────────────────────────────────────────────────── 100%
Progress: ──────────────────────────────────────────────────────── 100%
Progress: ──────────────────────────────────────────────────────── 100%
Progress: ──────────────────────────────────────────────────────── 100%
Progress: ──────────────────────────────────────────────────────── 100%
Progress: ──────────────────────────────────────────────────────── 100%
Progress: ──────────────────────────────────────────────────────── 100%
Progress: ──────────────────────────────────────────────────────── 100%
Progress: ──────────────────────────────────────────────────────── 100%
Progress: ───────────────────────────────────────────────────────── 100%
Progress: ───────────────────────────────────────────────────────── 100%
Progress: ───────────────────────────────────────────────────────── 100%
Progress: ───────────────────────────────────────────────────────── 100%
Progress: ───────────────────────────────────────────────────────── 100%
Progress: ───────────────────────────────────────────────────────── 100%
Progress: ───────────────────────────────────────────────────────── 100%
Progress: ───────────────────────────────────────────────────────── 100%
Progress: ───────────────────────────────────────────────────────── 100%
Progress: ───────────────────────────────────────────────────────── 100%
Progress: ───────────────────────────────────────────────────────── 100%
Progress: ───────────────────────────────────────────────────────── 100%
Progress: ───────────────────────────────────────────────────────── 100%
Progress: ────────────────────────────────────────────────────────── 100%
Progress: ────────────────────────────────────────────────────────── 100%
Progress: ────────────────────────────────────────────────────────── 100%
Progress: ────────────────────────────────────────────────────────── 100%
Progress: ────────────────────────────────────────────────────────── 100%
Progress: ─────────────────────────────────────────────────────────── 100%
Progress: ─────────────────────────────────────────────────────────── 100%
Progress: ─────────────────────────────────────────────────────────── 100%
Progress: ─────────────────────────────────────────────────────────── 100%
Progress: ─────────────────────────────────────────────────────────── 100%
Progress: ─────────────────────────────────────────────────────────── 100%
Progress: ─────────────────────────────────────────────────────────── 100%
Progress: ──────────────────────────────────────────────────────────── 100%
Progress: ──────────────────────────────────────────────────────────── 100%
Progress: ──────────────────────────────────────────────────────────── 100%
Progress: ──────────────────────────────────────────────────────────── 100%
Progress: ───────────────────────────────────────────────────────────── 100%
Progress: ───────────────────────────────────────────────────────────── 100%
Progress: ───────────────────────────────────────────────────────────── 100%
Progress: ───────────────────────────────────────────────────────────── 100%
Progress: ───────────────────────────────────────────────────────────── 100%
Progress: ───────────────────────────────────────────────────────────── 100%
Progress: ────────────────────────────────────────────────────────────── 100%
Progress: ────────────────────────────────────────────────────────────── 100%
Progress: ────────────────────────────────────────────────────────────── 100%
Progress: ────────────────────────────────────────────────────────────── 100%
Progress: ────────────────────────────────────────────────────────────── 100%
Progress: ────────────────────────────────────────────────────────────── 100%
Progress: ────────────────────────────────────────────────────────────── 100%
Progress: ────────────────────────────────────────────────────────────── 100%
Progress: ─────────────────────────────────────────────────────────────── 100%
Progress: ─────────────────────────────────────────────────────────────── 100%
Progress: ─────────────────────────────────────────────────────────────── 100%
Progress: ─────────────────────────────────────────────────────────────── 100%
Progress: ─────────────────────────────────────────────────────────────── 100%
Progress: ─────────────────────────────────────────────────────────────── 100%
Progress: ─────────────────────────────────────────────────────────────── 100%
Progress: ─────────────────────────────────────────────────────────────── 100%
Progress: ─────────────────────────────────────────────────────────────── 100%
Progress: ─────────────────────────────────────────────────────────────── 100%
Progress: ─────────────────────────────────────────────────────────────── 100%
Progress: ─────────────────────────────────────────────────────────────── 100%
Progress: ─────────────────────────────────────────────────────────────── 100%
Progress: ─────────────────────────────────────────────────────────────── 100%
Progress: ──────────────────────────────────────────────────────────────── 100%
Progress: ──────────────────────────────────────────────────────────────── 100%
Progress: ──────────────────────────────────────────────────────────────── 100%
Progress: ──────────────────────────────────────────────────────────────── 100%** Processing: /home/hornik/tmp/R.check/r-devel-gcc/Work/PKGS/CAESAR.Suite.Rcheck/vign_test/CAESAR.Suite/vignettes/XeniumBC_files/figure-html/unnamed-chunk-12-1.png
1152x1512 pixels, 3x8 bits/pixel, RGB
Input IDAT size = 529798 bytes
Input file size = 530644 bytes
Trying:
zc = 9 zm = 8 zs = 0 f = 0 IDAT size = 381671
zc = 9 zm = 8 zs = 1 f = 0
zc = 1 zm = 8 zs = 2 f = 0
zc = 9 zm = 8 zs = 3 f = 0
zc = 9 zm = 8 zs = 0 f = 5
zc = 9 zm = 8 zs = 1 f = 5
zc = 1 zm = 8 zs = 2 f = 5
zc = 9 zm = 8 zs = 3 f = 5
Selecting parameters:
zc = 9 zm = 8 zs = 0 f = 0 IDAT size = 381671
Output IDAT size = 381671 bytes (148127 bytes decrease)
Output file size = 381749 bytes (148895 bytes = 28.06% decrease)
** Processing: /home/hornik/tmp/R.check/r-devel-gcc/Work/PKGS/CAESAR.Suite.Rcheck/vign_test/CAESAR.Suite/vignettes/XeniumBC_files/figure-html/unnamed-chunk-13-1.png
1152x1512 pixels, 3x8 bits/pixel, RGB
Input IDAT size = 407870 bytes
Input file size = 408536 bytes
Trying:
zc = 9 zm = 8 zs = 0 f = 0 IDAT size = 290562
zc = 9 zm = 8 zs = 1 f = 0
zc = 1 zm = 8 zs = 2 f = 0
zc = 9 zm = 8 zs = 3 f = 0
zc = 9 zm = 8 zs = 0 f = 5
zc = 9 zm = 8 zs = 1 f = 5
zc = 1 zm = 8 zs = 2 f = 5
zc = 9 zm = 8 zs = 3 f = 5
Selecting parameters:
zc = 9 zm = 8 zs = 0 f = 0 IDAT size = 290562
Output IDAT size = 290562 bytes (117308 bytes decrease)
Output file size = 290640 bytes (117896 bytes = 28.86% decrease)
** Processing: /home/hornik/tmp/R.check/r-devel-gcc/Work/PKGS/CAESAR.Suite.Rcheck/vign_test/CAESAR.Suite/vignettes/XeniumBC_files/figure-html/unnamed-chunk-16-1.png
1152x480 pixels, 3x8 bits/pixel, RGB
Input IDAT size = 138203 bytes
Input file size = 138473 bytes
Trying:
zc = 9 zm = 8 zs = 0 f = 0 IDAT size = 113268
zc = 9 zm = 8 zs = 1 f = 0
zc = 1 zm = 8 zs = 2 f = 0
zc = 9 zm = 8 zs = 3 f = 0
zc = 9 zm = 8 zs = 0 f = 5
zc = 9 zm = 8 zs = 1 f = 5
zc = 1 zm = 8 zs = 2 f = 5
zc = 9 zm = 8 zs = 3 f = 5
Selecting parameters:
zc = 9 zm = 8 zs = 0 f = 0 IDAT size = 113268
Output IDAT size = 113268 bytes (24935 bytes decrease)
Output file size = 113346 bytes (25127 bytes = 18.15% decrease)
Quitting from lines 287-306 [unnamed-chunk-17] (XeniumBC.Rmd)
Error: processing vignette 'XeniumBC.Rmd' failed with diagnostics:
'length = 151350' in coercion to 'logical(1)'
--- failed re-building ‘XeniumBC.Rmd’
SUMMARY: processing the following files failed:
‘STMOB.Rmd’ ‘XeniumBC.Rmd’
Error: Vignette re-building failed.
Execution halted
Flavor: r-devel-linux-x86_64-debian-gcc
Version: 0.1.0
Check: examples
Result: ERROR
Running examples in ‘CAESAR.Suite-Ex.R’ failed
The error most likely occurred in:
> ### Name: CoUMAP
> ### Title: Co-embedding UMAP for Genes and Cells in a Seurat Object
> ### Aliases: CoUMAP
>
> ### ** Examples
>
> data(toydata)
>
> seu <- toydata$seu
>
> seu <- CoUMAP(seu, gene.set = rownames(seu))
Error in min(nrow(X), na.rm = col(X)) :
'length = 40100' in coercion to 'logical(1)'
Calls: CoUMAP ... <Anonymous> -> .local -> do.call -> <Anonymous> -> uwot
Execution halted
Flavors: r-devel-linux-x86_64-fedora-clang, r-devel-linux-x86_64-fedora-gcc
Version: 0.1.0
Check: re-building of vignette outputs
Result: ERROR
Error(s) in re-building vignettes:
--- re-building ‘STMOB.Rmd’ using rmarkdown
trying URL 'https://github.com/XiaoZhangryy/CAESAR.Suite/blob/master/vignettes_data/MOB_ST.rda?raw=true'
Content type 'application/octet-stream' length 5988380 bytes (5.7 MB)
==================================================
downloaded 5.7 MB
trying URL 'https://github.com/XiaoZhangryy/CAESAR.Suite/blob/master/vignettes_data/MOB_scRNA.rda?raw=true'
Content type 'application/octet-stream' length 48066404 bytes (45.8 MB)
==================================================
downloaded 45.8 MB
Performing log-normalization
0% 10 20 30 40 50 60 70 80 90 100%
[----|----|----|----|----|----|----|----|----|----|
**************************************************|
Calculating gene variances
0% 10 20 30 40 50 60 70 80 90 100%
[----|----|----|----|----|----|----|----|----|----|
**************************************************|
Calculating feature variances of standardized and clipped values
0% 10 20 30 40 50 60 70 80 90 100%
[----|----|----|----|----|----|----|----|----|----|
**************************************************|
Performing log-normalization
0% 10 20 30 40 50 60 70 80 90 100%
[----|----|----|----|----|----|----|----|----|----|
**************************************************|
Calculating gene variances
0% 10 20 30 40 50 60 70 80 90 100%
[----|----|----|----|----|----|----|----|----|----|
**************************************************|
Calculating feature variances of standardized and clipped values
0% 10 20 30 40 50 60 70 80 90 100%
[----|----|----|----|----|----|----|----|----|----|
**************************************************|
Progress: ──────────────────────────────────────── 100%
Progress: ─────────────────────────────────────────── 100%
Progress: ──────────────────────────────────────────── 100%
Progress: ────────────────────────────────────────────── 100%
Progress: ──────────────────────────────────────────────── 100%
Progress: ───────────────────────────────────────────────── 100%
Progress: ──────────────────────────────────────────────────── 100%
Progress: ───────────────────────────────────────────────────── 100%
Progress: ──────────────────────────────────────────────────────── 100%
Progress: ───────────────────────────────────────────────────────── 100%
Progress: ────────────────────────────────────────────────────────── 100%
Progress: ─────────────────────────────────────────────────────────── 100%
Progress: ─────────────────────────────────────────────────────────── 100%
Progress: ──────────────────────────────────────────────────────────── 100%
Progress: ──────────────────────────────────────────────────────────── 100%
Progress: ───────────────────────────────────────────────────────────── 100%
Progress: ────────────────────────────────────────────────────────────── 100%
Progress: ────────────────────────────────────────────────────────────── 100%
Progress: ─────────────────────────────────────────────────────────────── 100%
Progress: ─────────────────────────────────────────────────────────────── 100%
Progress: ──────────────────────────────────────────────────────────────── 100%** Processing: /data/gannet/ripley/R/packages/tests-clang/CAESAR.Suite.Rcheck/vign_test/CAESAR.Suite/vignettes/STMOB_files/figure-html/unnamed-chunk-12-1.png
844x576 pixels, 3x8 bits/pixel, RGB
Input IDAT size = 126368 bytes
Input file size = 126626 bytes
Trying:
zc = 9 zm = 8 zs = 0 f = 0 IDAT size = 92863
zc = 9 zm = 8 zs = 1 f = 0
zc = 1 zm = 8 zs = 2 f = 0
zc = 9 zm = 8 zs = 3 f = 0
zc = 9 zm = 8 zs = 0 f = 5
zc = 9 zm = 8 zs = 1 f = 5
zc = 1 zm = 8 zs = 2 f = 5
zc = 9 zm = 8 zs = 3 f = 5
Selecting parameters:
zc = 9 zm = 8 zs = 0 f = 0 IDAT size = 92863
Output IDAT size = 92863 bytes (33505 bytes decrease)
Output file size = 92941 bytes (33685 bytes = 26.60% decrease)
** Processing: /data/gannet/ripley/R/packages/tests-clang/CAESAR.Suite.Rcheck/vign_test/CAESAR.Suite/vignettes/STMOB_files/figure-html/unnamed-chunk-13-1.png
844x576 pixels, 3x8 bits/pixel, RGB
Input IDAT size = 127839 bytes
Input file size = 128097 bytes
Trying:
zc = 9 zm = 8 zs = 0 f = 0 IDAT size = 93814
zc = 9 zm = 8 zs = 1 f = 0
zc = 1 zm = 8 zs = 2 f = 0
zc = 9 zm = 8 zs = 3 f = 0
zc = 9 zm = 8 zs = 0 f = 5
zc = 9 zm = 8 zs = 1 f = 5
zc = 1 zm = 8 zs = 2 f = 5
zc = 9 zm = 8 zs = 3 f = 5
Selecting parameters:
zc = 9 zm = 8 zs = 0 f = 0 IDAT size = 93814
Output IDAT size = 93814 bytes (34025 bytes decrease)
Output file size = 93892 bytes (34205 bytes = 26.70% decrease)
** Processing: /data/gannet/ripley/R/packages/tests-clang/CAESAR.Suite.Rcheck/vign_test/CAESAR.Suite/vignettes/STMOB_files/figure-html/unnamed-chunk-14-1.png
844x576 pixels, 3x8 bits/pixel, RGB
Input IDAT size = 127839 bytes
Input file size = 128097 bytes
Trying:
zc = 9 zm = 8 zs = 0 f = 0 IDAT size = 93814
zc = 9 zm = 8 zs = 1 f = 0
zc = 1 zm = 8 zs = 2 f = 0
zc = 9 zm = 8 zs = 3 f = 0
zc = 9 zm = 8 zs = 0 f = 5
zc = 9 zm = 8 zs = 1 f = 5
zc = 1 zm = 8 zs = 2 f = 5
zc = 9 zm = 8 zs = 3 f = 5
Selecting parameters:
zc = 9 zm = 8 zs = 0 f = 0 IDAT size = 93814
Output IDAT size = 93814 bytes (34025 bytes decrease)
Output file size = 93892 bytes (34205 bytes = 26.70% decrease)
** Processing: /data/gannet/ripley/R/packages/tests-clang/CAESAR.Suite.Rcheck/vign_test/CAESAR.Suite/vignettes/STMOB_files/figure-html/unnamed-chunk-15-1.png
844x576 pixels, 3x8 bits/pixel, RGB
Input IDAT size = 91989 bytes
Input file size = 92199 bytes
Trying:
zc = 9 zm = 8 zs = 0 f = 0 IDAT size = 66560
zc = 9 zm = 8 zs = 1 f = 0
zc = 1 zm = 8 zs = 2 f = 0
zc = 9 zm = 8 zs = 3 f = 0
zc = 9 zm = 8 zs = 0 f = 5
zc = 9 zm = 8 zs = 1 f = 5
zc = 1 zm = 8 zs = 2 f = 5
zc = 9 zm = 8 zs = 3 f = 5
Selecting parameters:
zc = 9 zm = 8 zs = 0 f = 0 IDAT size = 66560
Output IDAT size = 66560 bytes (25429 bytes decrease)
Output file size = 66638 bytes (25561 bytes = 27.72% decrease)
** Processing: /data/gannet/ripley/R/packages/tests-clang/CAESAR.Suite.Rcheck/vign_test/CAESAR.Suite/vignettes/STMOB_files/figure-html/unnamed-chunk-16-1.png
844x864 pixels, 3x8 bits/pixel, RGB
Input IDAT size = 188968 bytes
Input file size = 189322 bytes
Trying:
zc = 9 zm = 8 zs = 0 f = 0 IDAT size = 168348
zc = 9 zm = 8 zs = 1 f = 0
zc = 1 zm = 8 zs = 2 f = 0
zc = 9 zm = 8 zs = 3 f = 0
zc = 9 zm = 8 zs = 0 f = 5
zc = 9 zm = 8 zs = 1 f = 5
zc = 1 zm = 8 zs = 2 f = 5
zc = 9 zm = 8 zs = 3 f = 5
Selecting parameters:
zc = 9 zm = 8 zs = 0 f = 0 IDAT size = 168348
Output IDAT size = 168348 bytes (20620 bytes decrease)
Output file size = 168426 bytes (20896 bytes = 11.04% decrease)
** Processing: /data/gannet/ripley/R/packages/tests-clang/CAESAR.Suite.Rcheck/vign_test/CAESAR.Suite/vignettes/STMOB_files/figure-html/unnamed-chunk-19-1.png
844x480 pixels, 3x8 bits/pixel, RGB
Input IDAT size = 49375 bytes
Input file size = 49525 bytes
Trying:
zc = 9 zm = 8 zs = 0 f = 0 IDAT size = 38960
zc = 9 zm = 8 zs = 1 f = 0
zc = 1 zm = 8 zs = 2 f = 0
zc = 9 zm = 8 zs = 3 f = 0
zc = 9 zm = 8 zs = 0 f = 5
zc = 9 zm = 8 zs = 1 f = 5
zc = 1 zm = 8 zs = 2 f = 5
zc = 9 zm = 8 zs = 3 f = 5
Selecting parameters:
zc = 9 zm = 8 zs = 0 f = 0 IDAT size = 38960
Output IDAT size = 38960 bytes (10415 bytes decrease)
Output file size = 39038 bytes (10487 bytes = 21.18% decrease)
Quitting from lines 267-282 [unnamed-chunk-20] (STMOB.Rmd)
Error: processing vignette 'STMOB.Rmd' failed with diagnostics:
'length = 14600' in coercion to 'logical(1)'
--- failed re-building ‘STMOB.Rmd’
--- re-building ‘XeniumBC.Rmd’ using rmarkdown
trying URL 'https://github.com/XiaoZhangryy/CAESAR.Suite/blob/master/vignettes_data/BC_scRNAList.rda?raw=true'
Content type 'application/octet-stream' length 2310272 bytes (2.2 MB)
==================================================
downloaded 2.2 MB
trying URL 'https://github.com/XiaoZhangryy/CAESAR.Suite/blob/master/vignettes_data/BC_XeniumList.rda?raw=true'
Content type 'application/octet-stream' length 1256437 bytes (1.2 MB)
==================================================
downloaded 1.2 MB
trying URL 'https://github.com/XiaoZhangryy/CAESAR.Suite/blob/master/vignettes_data/BC_feature_imgList.rda?raw=true'
Content type 'application/octet-stream' length 12559173 bytes (12.0 MB)
==================================================
downloaded 12.0 MB
Performing log-normalization
0% 10 20 30 40 50 60 70 80 90 100%
[----|----|----|----|----|----|----|----|----|----|
**************************************************|
Performing log-normalization
0% 10 20 30 40 50 60 70 80 90 100%
[----|----|----|----|----|----|----|----|----|----|
**************************************************|
Performing log-normalization
0% 10 20 30 40 50 60 70 80 90 100%
[----|----|----|----|----|----|----|----|----|----|
**************************************************|
Performing log-normalization
0% 10 20 30 40 50 60 70 80 90 100%
[----|----|----|----|----|----|----|----|----|----|
**************************************************|
Progress: ────────── 100%
Progress: ───────────── 100%
Progress: ──────────────── 100%
Progress: ──────────────────── 100%
Progress: ──────────────────────── 100%
Progress: ───────────────────────────── 100%
Progress: ───────────────────────────────── 100%
Progress: ─────────────────────────────────────── 100%
Progress: ──────────────────────────────────────────── 100%
Progress: ───────────────────────────────────────────────── 100%
Progress: ────────────────────────────────────────────────────── 100%
Progress: ───────────────────────────────────────────────────────── 100%
Progress: ─────────────────────────────────────────────────────────── 100%
Progress: ───────────────────────────────────────────────────────────── 100%
Progress: ────────────────────────────────────────────────────────────── 100%
Progress: ────────────────────────────────────────────────────────────── 100%
Progress: ─────────────────────────────────────────────────────────────── 100%
Progress: ─────────────────────────────────────────────────────────────── 100%
Progress: ─────────────────────────────────────────────────────────────── 100%
Progress: ─────────────────────────────────────────────────────────────── 100%
Progress: ─────────────────────────────────────────────────────────────── 100%
Progress: ─────────────────────────────────────────────────────────────── 100%
Progress: ─────────────────────────────────────────────────────────────── 100%
Progress: ─────────────────────────────────────────────────────────────── 100%
Progress: ──────────────────────────────────────────────────────────────── 100%
Progress: ──────────────────────────────────────────────────────────────── 100%
Progress: ──────────────────────────────────────────────────────────────── 100%
Progress: ──────────────────────────────────────────────────────────────── 100%
Progress: ──────── 100%
Progress: ─────────── 100%
Progress: ────────────── 100%
Progress: ───────────────── 100%
Progress: ──────────────────── 100%
Progress: ──────────────────────── 100%
Progress: ─────────────────────────── 100%
Progress: ────────────────────────────── 100%
Progress: ────────────────────────────────── 100%
Progress: ───────────────────────────────────── 100%
Progress: ───────────────────────────────────────── 100%
Progress: ───────────────────────────────────────────── 100%
Progress: ───────────────────────────────────────────────── 100%
Progress: ────────────────────────────────────────────────────── 100%
Progress: ───────────────────────────────────────────────────────── 100%
Progress: ──────────────────────────────────────────────────────────── 100%
Progress: ───────────────────────────────────────────────────────────── 100%
Progress: ────────────────────────────────────────────────────────────── 100%
Progress: ─────────────────────────────────────────────────────────────── 100%
Progress: ─────────────────────────────────────────────────────────────── 100%
Progress: ─────────────────────────────────────────────────────────────── 100%
Progress: ──────────────────────────────────────────────────────────────── 100%
Progress: ──────────────────────────────────────────────────────────────── 100%
Progress: ──────────────────────────────────────────────────────────────── 100%** Processing: /data/gannet/ripley/R/packages/tests-clang/CAESAR.Suite.Rcheck/vign_test/CAESAR.Suite/vignettes/XeniumBC_files/figure-html/unnamed-chunk-12-1.png
1152x1512 pixels, 3x8 bits/pixel, RGB
Input IDAT size = 527131 bytes
Input file size = 527977 bytes
Trying:
zc = 9 zm = 8 zs = 0 f = 0 IDAT size = 365220
zc = 9 zm = 8 zs = 1 f = 0
zc = 1 zm = 8 zs = 2 f = 0
zc = 9 zm = 8 zs = 3 f = 0
zc = 9 zm = 8 zs = 0 f = 5
zc = 9 zm = 8 zs = 1 f = 5
zc = 1 zm = 8 zs = 2 f = 5
zc = 9 zm = 8 zs = 3 f = 5
Selecting parameters:
zc = 9 zm = 8 zs = 0 f = 0 IDAT size = 365220
Output IDAT size = 365220 bytes (161911 bytes decrease)
Output file size = 365298 bytes (162679 bytes = 30.81% decrease)
** Processing: /data/gannet/ripley/R/packages/tests-clang/CAESAR.Suite.Rcheck/vign_test/CAESAR.Suite/vignettes/XeniumBC_files/figure-html/unnamed-chunk-13-1.png
1152x1512 pixels, 3x8 bits/pixel, RGB
Input IDAT size = 404815 bytes
Input file size = 405481 bytes
Trying:
zc = 9 zm = 8 zs = 0 f = 0 IDAT size = 284971
zc = 9 zm = 8 zs = 1 f = 0
zc = 1 zm = 8 zs = 2 f = 0
zc = 9 zm = 8 zs = 3 f = 0
zc = 9 zm = 8 zs = 0 f = 5
zc = 9 zm = 8 zs = 1 f = 5
zc = 1 zm = 8 zs = 2 f = 5
zc = 9 zm = 8 zs = 3 f = 5
Selecting parameters:
zc = 9 zm = 8 zs = 0 f = 0 IDAT size = 284971
Output IDAT size = 284971 bytes (119844 bytes decrease)
Output file size = 285049 bytes (120432 bytes = 29.70% decrease)
** Processing: /data/gannet/ripley/R/packages/tests-clang/CAESAR.Suite.Rcheck/vign_test/CAESAR.Suite/vignettes/XeniumBC_files/figure-html/unnamed-chunk-16-1.png
1152x480 pixels, 3x8 bits/pixel, RGB
Input IDAT size = 137347 bytes
Input file size = 137617 bytes
Trying:
zc = 9 zm = 8 zs = 0 f = 0 IDAT size = 109537
zc = 9 zm = 8 zs = 1 f = 0
zc = 1 zm = 8 zs = 2 f = 0
zc = 9 zm = 8 zs = 3 f = 0
zc = 9 zm = 8 zs = 0 f = 5
zc = 9 zm = 8 zs = 1 f = 5
zc = 1 zm = 8 zs = 2 f = 5
zc = 9 zm = 8 zs = 3 f = 5
Selecting parameters:
zc = 9 zm = 8 zs = 0 f = 0 IDAT size = 109537
Output IDAT size = 109537 bytes (27810 bytes decrease)
Output file size = 109615 bytes (28002 bytes = 20.35% decrease)
Quitting from lines 287-306 [unnamed-chunk-17] (XeniumBC.Rmd)
Error: processing vignette 'XeniumBC.Rmd' failed with diagnostics:
'length = 151350' in coercion to 'logical(1)'
--- failed re-building ‘XeniumBC.Rmd’
SUMMARY: processing the following files failed:
‘STMOB.Rmd’ ‘XeniumBC.Rmd’
Error: Vignette re-building failed.
Execution halted
Flavor: r-devel-linux-x86_64-fedora-clang
Version: 0.1.0
Check: re-building of vignette outputs
Result: ERROR
Error(s) in re-building vignettes:
--- re-building ‘STMOB.Rmd’ using rmarkdown
trying URL 'https://github.com/XiaoZhangryy/CAESAR.Suite/blob/master/vignettes_data/MOB_ST.rda?raw=true'
Content type 'application/octet-stream' length 5988380 bytes (5.7 MB)
==================================================
downloaded 5.7 MB
trying URL 'https://github.com/XiaoZhangryy/CAESAR.Suite/blob/master/vignettes_data/MOB_scRNA.rda?raw=true'
Content type 'application/octet-stream' length 48066404 bytes (45.8 MB)
==================================================
downloaded 45.8 MB
Performing log-normalization
0% 10 20 30 40 50 60 70 80 90 100%
[----|----|----|----|----|----|----|----|----|----|
**************************************************|
Calculating gene variances
0% 10 20 30 40 50 60 70 80 90 100%
[----|----|----|----|----|----|----|----|----|----|
**************************************************|
Calculating feature variances of standardized and clipped values
0% 10 20 30 40 50 60 70 80 90 100%
[----|----|----|----|----|----|----|----|----|----|
**************************************************|
Performing log-normalization
0% 10 20 30 40 50 60 70 80 90 100%
[----|----|----|----|----|----|----|----|----|----|
**************************************************|
Calculating gene variances
0% 10 20 30 40 50 60 70 80 90 100%
[----|----|----|----|----|----|----|----|----|----|
**************************************************|
Calculating feature variances of standardized and clipped values
0% 10 20 30 40 50 60 70 80 90 100%
[----|----|----|----|----|----|----|----|----|----|
**************************************************|
Progress: ────────────────────────────────────── 100%
Progress: ────────────────────────────────────────── 100%
Progress: ─────────────────────────────────────────── 100%
Progress: ───────────────────────────────────────────── 100%
Progress: ──────────────────────────────────────────────── 100%
Progress: ────────────────────────────────────────────────── 100%
Progress: ───────────────────────────────────────────────────── 100%
Progress: ────────────────────────────────────────────────────── 100%
Progress: ──────────────────────────────────────────────────────── 100%
Progress: ───────────────────────────────────────────────────────── 100%
Progress: ────────────────────────────────────────────────────────── 100%
Progress: ────────────────────────────────────────────────────────── 100%
Progress: ─────────────────────────────────────────────────────────── 100%
Progress: ─────────────────────────────────────────────────────────── 100%
Progress: ──────────────────────────────────────────────────────────── 100%
Progress: ──────────────────────────────────────────────────────────── 100%
Progress: ───────────────────────────────────────────────────────────── 100%
Progress: ───────────────────────────────────────────────────────────── 100%
Progress: ────────────────────────────────────────────────────────────── 100%
Progress: ────────────────────────────────────────────────────────────── 100%
Progress: ─────────────────────────────────────────────────────────────── 100%
Progress: ─────────────────────────────────────────────────────────────── 100%
Progress: ─────────────────────────────────────────────────────────────── 100%
Progress: ──────────────────────────────────────────────────────────────── 100%** Processing: /data/gannet/ripley/R/packages/tests-devel/CAESAR.Suite.Rcheck/vign_test/CAESAR.Suite/vignettes/STMOB_files/figure-html/unnamed-chunk-12-1.png
844x576 pixels, 3x8 bits/pixel, RGB
Input IDAT size = 126368 bytes
Input file size = 126626 bytes
Trying:
zc = 9 zm = 8 zs = 0 f = 0 IDAT size = 92863
zc = 9 zm = 8 zs = 1 f = 0
zc = 1 zm = 8 zs = 2 f = 0
zc = 9 zm = 8 zs = 3 f = 0
zc = 9 zm = 8 zs = 0 f = 5
zc = 9 zm = 8 zs = 1 f = 5
zc = 1 zm = 8 zs = 2 f = 5
zc = 9 zm = 8 zs = 3 f = 5
Selecting parameters:
zc = 9 zm = 8 zs = 0 f = 0 IDAT size = 92863
Output IDAT size = 92863 bytes (33505 bytes decrease)
Output file size = 92941 bytes (33685 bytes = 26.60% decrease)
** Processing: /data/gannet/ripley/R/packages/tests-devel/CAESAR.Suite.Rcheck/vign_test/CAESAR.Suite/vignettes/STMOB_files/figure-html/unnamed-chunk-13-1.png
844x576 pixels, 3x8 bits/pixel, RGB
Input IDAT size = 127839 bytes
Input file size = 128097 bytes
Trying:
zc = 9 zm = 8 zs = 0 f = 0 IDAT size = 93814
zc = 9 zm = 8 zs = 1 f = 0
zc = 1 zm = 8 zs = 2 f = 0
zc = 9 zm = 8 zs = 3 f = 0
zc = 9 zm = 8 zs = 0 f = 5
zc = 9 zm = 8 zs = 1 f = 5
zc = 1 zm = 8 zs = 2 f = 5
zc = 9 zm = 8 zs = 3 f = 5
Selecting parameters:
zc = 9 zm = 8 zs = 0 f = 0 IDAT size = 93814
Output IDAT size = 93814 bytes (34025 bytes decrease)
Output file size = 93892 bytes (34205 bytes = 26.70% decrease)
** Processing: /data/gannet/ripley/R/packages/tests-devel/CAESAR.Suite.Rcheck/vign_test/CAESAR.Suite/vignettes/STMOB_files/figure-html/unnamed-chunk-14-1.png
844x576 pixels, 3x8 bits/pixel, RGB
Input IDAT size = 127839 bytes
Input file size = 128097 bytes
Trying:
zc = 9 zm = 8 zs = 0 f = 0 IDAT size = 93814
zc = 9 zm = 8 zs = 1 f = 0
zc = 1 zm = 8 zs = 2 f = 0
zc = 9 zm = 8 zs = 3 f = 0
zc = 9 zm = 8 zs = 0 f = 5
zc = 9 zm = 8 zs = 1 f = 5
zc = 1 zm = 8 zs = 2 f = 5
zc = 9 zm = 8 zs = 3 f = 5
Selecting parameters:
zc = 9 zm = 8 zs = 0 f = 0 IDAT size = 93814
Output IDAT size = 93814 bytes (34025 bytes decrease)
Output file size = 93892 bytes (34205 bytes = 26.70% decrease)
** Processing: /data/gannet/ripley/R/packages/tests-devel/CAESAR.Suite.Rcheck/vign_test/CAESAR.Suite/vignettes/STMOB_files/figure-html/unnamed-chunk-15-1.png
844x576 pixels, 3x8 bits/pixel, RGB
Input IDAT size = 91989 bytes
Input file size = 92199 bytes
Trying:
zc = 9 zm = 8 zs = 0 f = 0 IDAT size = 66560
zc = 9 zm = 8 zs = 1 f = 0
zc = 1 zm = 8 zs = 2 f = 0
zc = 9 zm = 8 zs = 3 f = 0
zc = 9 zm = 8 zs = 0 f = 5
zc = 9 zm = 8 zs = 1 f = 5
zc = 1 zm = 8 zs = 2 f = 5
zc = 9 zm = 8 zs = 3 f = 5
Selecting parameters:
zc = 9 zm = 8 zs = 0 f = 0 IDAT size = 66560
Output IDAT size = 66560 bytes (25429 bytes decrease)
Output file size = 66638 bytes (25561 bytes = 27.72% decrease)
** Processing: /data/gannet/ripley/R/packages/tests-devel/CAESAR.Suite.Rcheck/vign_test/CAESAR.Suite/vignettes/STMOB_files/figure-html/unnamed-chunk-16-1.png
844x864 pixels, 3x8 bits/pixel, RGB
Input IDAT size = 188968 bytes
Input file size = 189322 bytes
Trying:
zc = 9 zm = 8 zs = 0 f = 0 IDAT size = 168348
zc = 9 zm = 8 zs = 1 f = 0
zc = 1 zm = 8 zs = 2 f = 0
zc = 9 zm = 8 zs = 3 f = 0
zc = 9 zm = 8 zs = 0 f = 5
zc = 9 zm = 8 zs = 1 f = 5
zc = 1 zm = 8 zs = 2 f = 5
zc = 9 zm = 8 zs = 3 f = 5
Selecting parameters:
zc = 9 zm = 8 zs = 0 f = 0 IDAT size = 168348
Output IDAT size = 168348 bytes (20620 bytes decrease)
Output file size = 168426 bytes (20896 bytes = 11.04% decrease)
** Processing: /data/gannet/ripley/R/packages/tests-devel/CAESAR.Suite.Rcheck/vign_test/CAESAR.Suite/vignettes/STMOB_files/figure-html/unnamed-chunk-19-1.png
844x480 pixels, 3x8 bits/pixel, RGB
Input IDAT size = 49375 bytes
Input file size = 49525 bytes
Trying:
zc = 9 zm = 8 zs = 0 f = 0 IDAT size = 38960
zc = 9 zm = 8 zs = 1 f = 0
zc = 1 zm = 8 zs = 2 f = 0
zc = 9 zm = 8 zs = 3 f = 0
zc = 9 zm = 8 zs = 0 f = 5
zc = 9 zm = 8 zs = 1 f = 5
zc = 1 zm = 8 zs = 2 f = 5
zc = 9 zm = 8 zs = 3 f = 5
Selecting parameters:
zc = 9 zm = 8 zs = 0 f = 0 IDAT size = 38960
Output IDAT size = 38960 bytes (10415 bytes decrease)
Output file size = 39038 bytes (10487 bytes = 21.18% decrease)
Quitting from lines 267-282 [unnamed-chunk-20] (STMOB.Rmd)
Error: processing vignette 'STMOB.Rmd' failed with diagnostics:
'length = 14600' in coercion to 'logical(1)'
--- failed re-building ‘STMOB.Rmd’
--- re-building ‘XeniumBC.Rmd’ using rmarkdown
trying URL 'https://github.com/XiaoZhangryy/CAESAR.Suite/blob/master/vignettes_data/BC_scRNAList.rda?raw=true'
Content type 'application/octet-stream' length 2310272 bytes (2.2 MB)
==================================================
downloaded 2.2 MB
trying URL 'https://github.com/XiaoZhangryy/CAESAR.Suite/blob/master/vignettes_data/BC_XeniumList.rda?raw=true'
Content type 'application/octet-stream' length 1256437 bytes (1.2 MB)
==================================================
downloaded 1.2 MB
trying URL 'https://github.com/XiaoZhangryy/CAESAR.Suite/blob/master/vignettes_data/BC_feature_imgList.rda?raw=true'
Content type 'application/octet-stream' length 12559173 bytes (12.0 MB)
==================================================
downloaded 12.0 MB
Performing log-normalization
0% 10 20 30 40 50 60 70 80 90 100%
[----|----|----|----|----|----|----|----|----|----|
**************************************************|
Performing log-normalization
0% 10 20 30 40 50 60 70 80 90 100%
[----|----|----|----|----|----|----|----|----|----|
**************************************************|
Performing log-normalization
0% 10 20 30 40 50 60 70 80 90 100%
[----|----|----|----|----|----|----|----|----|----|
**************************************************|
Performing log-normalization
0% 10 20 30 40 50 60 70 80 90 100%
[----|----|----|----|----|----|----|----|----|----|
**************************************************|
Progress: ──────── 100%
Progress: ─────────── 100%
Progress: ────────────── 100%
Progress: ───────────────── 100%
Progress: ──────────────────── 100%
Progress: ─────────────────────── 100%
Progress: ────────────────────────── 100%
Progress: ───────────────────────────── 100%
Progress: ──────────────────────────────── 100%
Progress: ──────────────────────────────────── 100%
Progress: ───────────────────────────────────────── 100%
Progress: ────────────────────────────────────────────── 100%
Progress: ─────────────────────────────────────────────────── 100%
Progress: ─────────────────────────────────────────────────────── 100%
Progress: ─────────────────────────────────────────────────────────── 100%
Progress: ───────────────────────────────────────────────────────────── 100%
Progress: ────────────────────────────────────────────────────────────── 100%
Progress: ─────────────────────────────────────────────────────────────── 100%
Progress: ─────────────────────────────────────────────────────────────── 100%
Progress: ─────────────────────────────────────────────────────────────── 100%
Progress: ─────────────────────────────────────────────────────────────── 100%
Progress: ──────────────────────────────────────────────────────────────── 100%
Progress: ──────────────────────────────────────────────────────────────── 100%
Progress: ──────────────────────────────────────────────────────────────── 100%
Progress: ──────── 100%
Progress: ─────────── 100%
Progress: ────────────── 100%
Progress: ───────────────── 100%
Progress: ──────────────────── 100%
Progress: ──────────────────────── 100%
Progress: ─────────────────────────── 100%
Progress: ────────────────────────────── 100%
Progress: ───────────────────────────────── 100%
Progress: ──────────────────────────────────── 100%
Progress: ──────────────────────────────────────── 100%
Progress: ──────────────────────────────────────────── 100%
Progress: ──────────────────────────────────────────────── 100%
Progress: ──────────────────────────────────────────────────── 100%
Progress: ──────────────────────────────────────────────────────── 100%
Progress: ─────────────────────────────────────────────────────────── 100%
Progress: ───────────────────────────────────────────────────────────── 100%
Progress: ────────────────────────────────────────────────────────────── 100%
Progress: ─────────────────────────────────────────────────────────────── 100%
Progress: ─────────────────────────────────────────────────────────────── 100%
Progress: ─────────────────────────────────────────────────────────────── 100%
Progress: ──────────────────────────────────────────────────────────────── 100%
Progress: ──────────────────────────────────────────────────────────────── 100%
Progress: ──────────────────────────────────────────────────────────────── 100%** Processing: /data/gannet/ripley/R/packages/tests-devel/CAESAR.Suite.Rcheck/vign_test/CAESAR.Suite/vignettes/XeniumBC_files/figure-html/unnamed-chunk-12-1.png
1152x1512 pixels, 3x8 bits/pixel, RGB
Input IDAT size = 527131 bytes
Input file size = 527977 bytes
Trying:
zc = 9 zm = 8 zs = 0 f = 0 IDAT size = 365220
zc = 9 zm = 8 zs = 1 f = 0
zc = 1 zm = 8 zs = 2 f = 0
zc = 9 zm = 8 zs = 3 f = 0
zc = 9 zm = 8 zs = 0 f = 5
zc = 9 zm = 8 zs = 1 f = 5
zc = 1 zm = 8 zs = 2 f = 5
zc = 9 zm = 8 zs = 3 f = 5
Selecting parameters:
zc = 9 zm = 8 zs = 0 f = 0 IDAT size = 365220
Output IDAT size = 365220 bytes (161911 bytes decrease)
Output file size = 365298 bytes (162679 bytes = 30.81% decrease)
** Processing: /data/gannet/ripley/R/packages/tests-devel/CAESAR.Suite.Rcheck/vign_test/CAESAR.Suite/vignettes/XeniumBC_files/figure-html/unnamed-chunk-13-1.png
1152x1512 pixels, 3x8 bits/pixel, RGB
Input IDAT size = 404815 bytes
Input file size = 405481 bytes
Trying:
zc = 9 zm = 8 zs = 0 f = 0 IDAT size = 284971
zc = 9 zm = 8 zs = 1 f = 0
zc = 1 zm = 8 zs = 2 f = 0
zc = 9 zm = 8 zs = 3 f = 0
zc = 9 zm = 8 zs = 0 f = 5
zc = 9 zm = 8 zs = 1 f = 5
zc = 1 zm = 8 zs = 2 f = 5
zc = 9 zm = 8 zs = 3 f = 5
Selecting parameters:
zc = 9 zm = 8 zs = 0 f = 0 IDAT size = 284971
Output IDAT size = 284971 bytes (119844 bytes decrease)
Output file size = 285049 bytes (120432 bytes = 29.70% decrease)
** Processing: /data/gannet/ripley/R/packages/tests-devel/CAESAR.Suite.Rcheck/vign_test/CAESAR.Suite/vignettes/XeniumBC_files/figure-html/unnamed-chunk-16-1.png
1152x480 pixels, 3x8 bits/pixel, RGB
Input IDAT size = 137347 bytes
Input file size = 137617 bytes
Trying:
zc = 9 zm = 8 zs = 0 f = 0 IDAT size = 109537
zc = 9 zm = 8 zs = 1 f = 0
zc = 1 zm = 8 zs = 2 f = 0
zc = 9 zm = 8 zs = 3 f = 0
zc = 9 zm = 8 zs = 0 f = 5
zc = 9 zm = 8 zs = 1 f = 5
zc = 1 zm = 8 zs = 2 f = 5
zc = 9 zm = 8 zs = 3 f = 5
Selecting parameters:
zc = 9 zm = 8 zs = 0 f = 0 IDAT size = 109537
Output IDAT size = 109537 bytes (27810 bytes decrease)
Output file size = 109615 bytes (28002 bytes = 20.35% decrease)
Quitting from lines 287-306 [unnamed-chunk-17] (XeniumBC.Rmd)
Error: processing vignette 'XeniumBC.Rmd' failed with diagnostics:
'length = 151350' in coercion to 'logical(1)'
--- failed re-building ‘XeniumBC.Rmd’
SUMMARY: processing the following files failed:
‘STMOB.Rmd’ ‘XeniumBC.Rmd’
Error: Vignette re-building failed.
Execution halted
Flavor: r-devel-linux-x86_64-fedora-gcc
Version: 0.1.0
Check: package dependencies
Result: ERROR
Package required but not available: ‘ProFAST’
See section ‘The DESCRIPTION file’ in the ‘Writing R Extensions’
manual.
Flavors: r-devel-macos-arm64, r-devel-macos-x86_64, r-release-macos-arm64, r-oldrel-macos-x86_64
Version: 0.1.0
Check: installed package size
Result: NOTE
installed size is 8.4Mb
sub-directories of 1Mb or more:
data 1.4Mb
doc 1.1Mb
libs 5.5Mb
Flavors: r-release-macos-x86_64, r-oldrel-macos-arm64
These binaries (installable software) and packages are in development.
They may not be fully stable and should be used with caution. We make no claims about them.
Health stats visible at Monitor.