CRAN Package Check Results for Package Brq

Last updated on 2025-05-15 09:52:10 CEST.

Flavor Version Tinstall Tcheck Ttotal Status Flags
r-devel-linux-x86_64-debian-clang 3.0 3.05 50.84 53.89 NOTE
r-devel-linux-x86_64-debian-gcc 3.0 2.24 35.75 37.99 NOTE
r-devel-linux-x86_64-fedora-clang 3.0 84.42 OK
r-devel-linux-x86_64-fedora-gcc 3.0 83.55 OK
r-devel-windows-x86_64 3.0 4.00 78.00 82.00 OK
r-patched-linux-x86_64 3.0 3.33 50.55 53.88 OK
r-release-linux-x86_64 3.0 2.96 51.73 54.69 OK
r-release-macos-arm64 3.0 38.00 OK
r-release-macos-x86_64 3.0 62.00 OK
r-release-windows-x86_64 3.0 5.00 83.00 88.00 OK
r-oldrel-macos-arm64 3.0 35.00 OK
r-oldrel-macos-x86_64 3.0 52.00 OK
r-oldrel-windows-x86_64 3.0 4.00 75.00 79.00 OK

Check Details

Version: 3.0
Check: CRAN incoming feasibility
Result: NOTE Maintainer: ‘Rahim Alhamzawi (University of Al-Qadisiyah) <rahim.alhamzawi@qu.edu.iq>’ No Authors@R field in DESCRIPTION. Please add one, modifying Authors@R: person(given = "Rahim", family = "Alhamzawi", role = c("aut", "cre"), email = "rahim.alhamzawi@qu.edu.iq") as necessary. Flavors: r-devel-linux-x86_64-debian-clang, r-devel-linux-x86_64-debian-gcc

These binaries (installable software) and packages are in development.
They may not be fully stable and should be used with caution. We make no claims about them.
Health stats visible at Monitor.