CRAN Package Check Results for Package BootWPTOS

Last updated on 2025-05-17 19:51:46 CEST.

Flavor Version Tinstall Tcheck Ttotal Status Flags
r-devel-linux-x86_64-debian-clang 1.2.1 2.73 30.48 33.21 NOTE
r-devel-linux-x86_64-debian-gcc 1.2.1 2.13 25.92 28.05 NOTE
r-devel-linux-x86_64-fedora-clang 1.2.1 53.03 OK
r-devel-linux-x86_64-fedora-gcc 1.2.1 56.23 OK
r-devel-windows-x86_64 1.2.1 6.00 60.00 66.00 OK
r-patched-linux-x86_64 1.2.1 3.04 30.81 33.85 OK
r-release-linux-x86_64 1.2.1 2.81 30.54 33.35 OK
r-release-macos-arm64 1.2.1 25.00 OK
r-release-macos-x86_64 1.2.1 45.00 OK
r-release-windows-x86_64 1.2.1 6.00 61.00 67.00 OK
r-oldrel-macos-arm64 1.2.1 23.00 OK
r-oldrel-macos-x86_64 1.2.1 38.00 OK
r-oldrel-windows-x86_64 1.2.1 5.00 68.00 73.00 OK

Check Details

Version: 1.2.1
Check: CRAN incoming feasibility
Result: NOTE Maintainer: ‘Guy Nason <g.nason@imperial.ac.uk>’ Package CITATION file contains call(s) to old-style personList() or as.personList(). Please use c() on person objects instead. Package CITATION file contains call(s) to old-style citEntry(). Please use bibentry() instead. Flavors: r-devel-linux-x86_64-debian-clang, r-devel-linux-x86_64-debian-gcc

These binaries (installable software) and packages are in development.
They may not be fully stable and should be used with caution. We make no claims about them.
Health stats visible at Monitor.