Last updated on 2025-05-15 09:52:10 CEST.
Flavor | Version | Tinstall | Tcheck | Ttotal | Status | Flags |
---|---|---|---|---|---|---|
r-devel-linux-x86_64-debian-clang | 0.9.15 | 1504.70 | 40.81 | 1545.51 | NOTE | |
r-devel-linux-x86_64-debian-gcc | 0.9.15 | 1079.14 | 44.59 | 1123.73 | NOTE | |
r-devel-linux-x86_64-fedora-clang | 0.9.15 | 3788.09 | OK | |||
r-devel-linux-x86_64-fedora-gcc | 0.9.15 | 3540.92 | OK | |||
r-devel-windows-x86_64 | 0.9.15 | 1787.00 | 91.00 | 1878.00 | OK | |
r-patched-linux-x86_64 | 0.9.15 | 1535.78 | 58.29 | 1594.07 | OK | |
r-release-linux-x86_64 | 0.9.15 | 1540.27 | 59.17 | 1599.44 | OK | |
r-release-macos-arm64 | 0.9.15 | 544.00 | OK | |||
r-release-macos-x86_64 | 0.9.15 | 448.00 | OK | |||
r-release-windows-x86_64 | 0.9.15 | 1788.00 | 87.00 | 1875.00 | OK | |
r-oldrel-macos-arm64 | 0.9.15 | 591.00 | NOTE | |||
r-oldrel-macos-x86_64 | 0.9.15 | 359.00 | NOTE | |||
r-oldrel-windows-x86_64 | 0.9.15 | 1697.00 | 96.00 | 1793.00 | NOTE |
Version: 0.9.15
Check: CRAN incoming feasibility
Result: NOTE
Maintainer: ‘Steven L. Scott <steve.the.bayesian@gmail.com>’
No Authors@R field in DESCRIPTION.
Please add one, modifying
Authors@R: c(person(given = c("Steven", "L.", "Scott", "is", "the", "sole"),
family = "author",
role = "aut"),
person(given = c("creator", "of", "the", "BOOM", "project.", "Some", "code", "in", "the", "BOOM", "libraries", "has", "been", "modified", "from", "other", "open", "source", "projects.", "These", "include"),
family = "Cephes",
role = "aut",
comment = "obtained from Netlib, written by Stephen\n L. Moshier"),
person(family = "NEWUOA",
role = "aut",
comment = "M.J.D Powell, obtained from Powell's web site"),
person(given = c("a", "modified", "version", "of", "the", "R", "math", "libraries.", "Original", "copyright", "notices", "have", "been", "maintained", "in", "all", "source", "files.", "In", "these"),
family = "cases",
role = "aut",
comment = "R core development team"),
person(given = c("copyright", "claimed", "by", "Steven", "L.", "Scott", "is", "limited", "to", "modifications", "made", "to", "the", "original", "code.", "Google", "claims", "copyright", "for", "code", "written", "while", "Steven", "L.", "Scott", "was", "employed", "at", "Google", "from", "2008", "-"),
family = "2018",
role = "aut"),
person(given = c("but", "BOOM", "is", "not", "an", "officially", "supported", "Google"),
family = "project.",
role = "aut"),
person(given = c("Steven", "L."),
family = "Scott",
role = "cre",
email = "steve.the.bayesian@gmail.com"))
as necessary.
Flavors: r-devel-linux-x86_64-debian-clang, r-devel-linux-x86_64-debian-gcc
Version: 0.9.15
Check: installed package size
Result: NOTE
installed size is 396.6Mb
sub-directories of 1Mb or more:
include 10.3Mb
lib 385.9Mb
Flavors: r-oldrel-macos-arm64, r-oldrel-macos-x86_64, r-oldrel-windows-x86_64
Version: 0.9.15
Check: for GNU extensions in Makefiles
Result: NOTE
GNU make is a SystemRequirements.
Flavors: r-oldrel-macos-arm64, r-oldrel-macos-x86_64, r-oldrel-windows-x86_64
These binaries (installable software) and packages are in development.
They may not be fully stable and should be used with caution. We make no claims about them.
Health stats visible at Monitor.