Last updated on 2025-05-15 09:52:10 CEST.
Flavor | Version | Tinstall | Tcheck | Ttotal | Status | Flags |
---|---|---|---|---|---|---|
r-devel-linux-x86_64-debian-clang | 1.0 | 5.47 | 59.94 | 65.41 | NOTE | |
r-devel-linux-x86_64-debian-gcc | 1.0 | 3.83 | 43.26 | 47.09 | NOTE | |
r-devel-linux-x86_64-fedora-clang | 1.0 | 107.30 | OK | |||
r-devel-linux-x86_64-fedora-gcc | 1.0 | 120.23 | OK | |||
r-devel-windows-x86_64 | 1.0 | 3.00 | 4.00 | 7.00 | ERROR | |
r-patched-linux-x86_64 | 1.0 | 4.67 | 56.53 | 61.20 | OK | |
r-release-linux-x86_64 | 1.0 | 3.75 | 55.77 | 59.52 | OK | |
r-release-macos-arm64 | 1.0 | 37.00 | OK | |||
r-release-macos-x86_64 | 1.0 | 105.00 | OK | |||
r-release-windows-x86_64 | 1.0 | 5.00 | 20.00 | 25.00 | ERROR | |
r-oldrel-macos-arm64 | 1.0 | 41.00 | OK | |||
r-oldrel-macos-x86_64 | 1.0 | 97.00 | OK | |||
r-oldrel-windows-x86_64 | 1.0 | 7.00 | 88.00 | 95.00 | OK |
Version: 1.0
Check: CRAN incoming feasibility
Result: NOTE
Maintainer: ‘Dongmei Li <dongmei_li@urmc.rochester.edu>’
No Authors@R field in DESCRIPTION.
Please add one, modifying
Authors@R: person(given = "Dongmei",
family = "Li",
role = c("aut", "cre"),
email = "dongmei_li@urmc.rochester.edu")
as necessary.
Found the following \keyword or \concept entries
which likely give several index terms:
File ‘BonEV-package.Rd’:
\keyword{multiple testing procedure, false discove [TRUNCATED]
Flavors: r-devel-linux-x86_64-debian-clang, r-devel-linux-x86_64-debian-gcc
Version: 1.0
Check: whether package can be installed
Result: ERROR
Installation failed.
Flavors: r-devel-windows-x86_64, r-release-windows-x86_64
These binaries (installable software) and packages are in development.
They may not be fully stable and should be used with caution. We make no claims about them.
Health stats visible at Monitor.