Last updated on 2025-05-15 11:49:56 CEST.
Flavor | Version | Tinstall | Tcheck | Ttotal | Status | Flags |
---|---|---|---|---|---|---|
r-devel-linux-x86_64-debian-clang | 1.0-6 | 1.58 | 22.00 | 23.58 | NOTE | |
r-devel-linux-x86_64-debian-gcc | 1.0-6 | 1.55 | 16.93 | 18.48 | NOTE | |
r-devel-linux-x86_64-fedora-clang | 1.0-6 | 39.67 | OK | |||
r-devel-linux-x86_64-fedora-gcc | 1.0-6 | 38.29 | OK | |||
r-devel-windows-x86_64 | 1.0-6 | 2.00 | 46.00 | 48.00 | OK | |
r-patched-linux-x86_64 | 1.0-6 | 2.10 | 21.19 | 23.29 | OK | |
r-release-linux-x86_64 | 1.0-6 | 2.00 | 21.06 | 23.06 | OK | |
r-release-macos-arm64 | 1.0-6 | 16.00 | OK | |||
r-release-macos-x86_64 | 1.0-6 | 25.00 | OK | |||
r-release-windows-x86_64 | 1.0-6 | 4.00 | 46.00 | 50.00 | OK | |
r-oldrel-macos-arm64 | 1.0-6 | 20.00 | OK | |||
r-oldrel-macos-x86_64 | 1.0-6 | 21.00 | OK | |||
r-oldrel-windows-x86_64 | 1.0-6 | 4.00 | 44.00 | 48.00 | OK |
Version: 1.0-6
Check: CRAN incoming feasibility
Result: NOTE
Maintainer: ‘Jan Klaschka <klaschka@cs.cas.cz>’
No Authors@R field in DESCRIPTION.
Please add one, modifying
Authors@R: person(given = "Jan",
family = "Klaschka",
role = c("aut", "cre"),
email = "klaschka@cs.cas.cz")
as necessary.
Found the following URLs which should use \doi (with the DOI name only):
File ‘binom.blaker.VHadj.limits.Rd’:
http://dx.doi.org/10.1080/03610918.2014.911900
File ‘binom.blaker.limits.Rd’:
http://dx.doi.org/10.1080/03610918.2014.911900
File ‘poisson.blaker.limits.Rd’:
http://dx.doi.org/10.1080/03610918.2014.911900
Flavors: r-devel-linux-x86_64-debian-clang, r-devel-linux-x86_64-debian-gcc
These binaries (installable software) and packages are in development.
They may not be fully stable and should be used with caution. We make no claims about them.
Health stats visible at Monitor.