CRAN Package Check Results for Package BivGeo

Last updated on 2025-05-17 15:50:37 CEST.

Flavor Version Tinstall Tcheck Ttotal Status Flags
r-devel-linux-x86_64-debian-clang 2.0.1 2.07 20.26 22.33 NOTE
r-devel-linux-x86_64-debian-gcc 2.0.1 1.81 16.35 18.16 NOTE
r-devel-linux-x86_64-fedora-clang 2.1.1 34.63 OK
r-devel-linux-x86_64-fedora-gcc 2.0.1 35.87 OK
r-devel-windows-x86_64 2.0.1 3.00 42.00 45.00 OK
r-patched-linux-x86_64 2.0.1 2.27 19.52 21.79 OK
r-release-linux-x86_64 2.0.1 2.21 19.57 21.78 OK
r-release-macos-arm64 2.1.1 38.00 OK
r-release-macos-x86_64 2.1.1 25.00 OK
r-release-windows-x86_64 2.1.1 5.00 56.00 61.00 OK
r-oldrel-macos-arm64 2.1.1 34.00 OK
r-oldrel-macos-x86_64 2.1.1 20.00 OK
r-oldrel-windows-x86_64 2.0.1 3.00 40.00 43.00 NOTE

Check Details

Version: 2.0.1
Check: CRAN incoming feasibility
Result: NOTE Maintainer: ‘Ricardo Puziol de Oliveira <rpuziol.oliveira@gmail.com>’ No Authors@R field in DESCRIPTION. Please add one, modifying Authors@R: c(person(given = c("Ricardo", "Puziol"), family = "de Oliveira", role = c("aut", "cre"), email = "rpuziol.oliveira@gmail.com"), person(given = c("Jorge", "Alberto"), family = "Achcar", role = "aut")) as necessary. The URL field contains the following bad parts: For more details see de Oliveira et. al The URL field should be a list of URLs separated by commas or whitespace. Flavors: r-devel-linux-x86_64-debian-clang, r-devel-linux-x86_64-debian-gcc

Version: 2.0.1
Check: LazyData
Result: NOTE 'LazyData' is specified without a 'data' directory Flavor: r-oldrel-windows-x86_64

These binaries (installable software) and packages are in development.
They may not be fully stable and should be used with caution. We make no claims about them.
Health stats visible at Monitor.