CRAN Package Check Results for Package BayesSurvival

Last updated on 2025-05-17 15:50:37 CEST.

Flavor Version Tinstall Tcheck Ttotal Status Flags
r-devel-linux-x86_64-debian-clang 0.2.0 8.77 100.97 109.74 NOTE
r-devel-linux-x86_64-debian-gcc 0.2.0 6.84 70.70 77.54 NOTE
r-devel-linux-x86_64-fedora-clang 0.2.0 178.38 OK
r-devel-linux-x86_64-fedora-gcc 0.2.0 197.16 OK
r-devel-windows-x86_64 0.2.0 10.00 102.00 112.00 OK
r-patched-linux-x86_64 0.2.0 9.39 94.86 104.25 OK
r-release-linux-x86_64 0.2.0 8.02 96.44 104.46 OK
r-release-macos-arm64 0.2.0 67.00 OK
r-release-macos-x86_64 0.2.0 117.00 OK
r-release-windows-x86_64 0.2.0 11.00 102.00 113.00 OK
r-oldrel-macos-arm64 0.2.0 53.00 OK
r-oldrel-macos-x86_64 0.2.0 81.00 OK
r-oldrel-windows-x86_64 0.2.0 12.00 129.00 141.00 OK

Check Details

Version: 0.2.0
Check: CRAN incoming feasibility
Result: NOTE Maintainer: ‘Stephanie van der Pas <s.l.vanderpas@amsterdamumc.nl>’ No Authors@R field in DESCRIPTION. Please add one, modifying Authors@R: c(person(given = "Stephanie", family = "van der Pas", role = c("aut", "cre"), email = "s.l.vanderpas@amsterdamumc.nl"), person(given = "Ismael", family = "Castillo", role = "aut")) as necessary. The Description field contains <arXiv:2005.02889>. In that paper it is also shown that the credible Please refer to arXiv e-prints via their arXiv DOI <doi:10.48550/arXiv.YYMM.NNNNN>. Flavors: r-devel-linux-x86_64-debian-clang, r-devel-linux-x86_64-debian-gcc

These binaries (installable software) and packages are in development.
They may not be fully stable and should be used with caution. We make no claims about them.
Health stats visible at Monitor.