Last updated on 2025-02-08 19:49:14 CET.
Flavor | Version | Tinstall | Tcheck | Ttotal | Status | Flags |
---|---|---|---|---|---|---|
r-devel-linux-x86_64-debian-clang | 1.1.3 | 86.35 | 191.27 | 277.62 | OK | |
r-devel-linux-x86_64-debian-gcc | 1.1.3 | 69.16 | 135.97 | 205.13 | OK | |
r-devel-linux-x86_64-fedora-clang | 1.1.3 | 543.97 | OK | |||
r-devel-linux-x86_64-fedora-gcc | 1.1.3 | 601.36 | OK | |||
r-devel-windows-x86_64 | 1.1.3 | 86.00 | 517.00 | 603.00 | OK | |
r-patched-linux-x86_64 | 1.1.3 | 96.54 | 191.54 | 288.08 | OK | |
r-release-linux-x86_64 | 1.1.3 | 94.40 | 193.75 | 288.15 | OK | |
r-release-macos-arm64 | 1.1.3 | 136.00 | NOTE | |||
r-release-macos-x86_64 | 1.1.3 | 287.00 | NOTE | |||
r-release-windows-x86_64 | 1.1.3 | 85.00 | 527.00 | 612.00 | OK | |
r-oldrel-macos-arm64 | 1.1.3 | 153.00 | WARN | |||
r-oldrel-macos-x86_64 | 1.1.3 | 263.00 | NOTE | |||
r-oldrel-windows-x86_64 | 1.1.3 | 106.00 | 541.00 | 647.00 | OK |
Version: 1.1.3
Check: installed package size
Result: NOTE
installed size is 13.3Mb
sub-directories of 1Mb or more:
libs 12.9Mb
Flavors: r-release-macos-arm64, r-release-macos-x86_64, r-oldrel-macos-arm64, r-oldrel-macos-x86_64
Version: 1.1.3
Check: for code/documentation mismatches
Result: WARN
Fatal error: cannot create 'R_TempDir'
Flavor: r-oldrel-macos-arm64
These binaries (installable software) and packages are in development.
They may not be fully stable and should be used with caution. We make no claims about them.
Health stats visible at Monitor.