CRAN Package Check Results for Package BayesNSGP

Last updated on 2025-05-03 22:49:47 CEST.

Flavor Version Tinstall Tcheck Ttotal Status Flags
r-devel-linux-x86_64-debian-clang 0.1.2 18.91 132.85 151.76 NOTE
r-devel-linux-x86_64-debian-gcc 0.1.2 11.82 102.52 114.34 NOTE
r-devel-linux-x86_64-fedora-clang 0.1.2 229.12 OK
r-devel-linux-x86_64-fedora-gcc 0.1.2 244.28 OK
r-devel-windows-x86_64 0.1.2 18.00 138.00 156.00 OK
r-patched-linux-x86_64 0.1.2 16.88 128.61 145.49 OK
r-release-linux-x86_64 OK
r-release-macos-arm64 0.1.2 65.00 OK
r-release-macos-x86_64 0.1.2 161.00 OK
r-release-windows-x86_64 0.1.2 19.00 140.00 159.00 OK
r-oldrel-macos-arm64 0.1.2 62.00 OK
r-oldrel-macos-x86_64 0.1.2 92.00 OK
r-oldrel-windows-x86_64 0.1.2 24.00 165.00 189.00 OK

Check Details

Version: 0.1.2
Check: CRAN incoming feasibility
Result: NOTE Maintainer: ‘Daniel Turek <danielturek@gmail.com>’ No Authors@R field in DESCRIPTION. Please add one, modifying Authors@R: c(person(given = "Daniel", family = "Turek", role = c("aut", "cre"), email = "danielturek@gmail.com"), person(given = "Mark", family = "Risser", role = "aut")) as necessary. The Description field contains <arXiv:1702.00434v2>). Bayesian inference is carried out using Markov Please refer to arXiv e-prints via their arXiv DOI <doi:10.48550/arXiv.YYMM.NNNNN>. Flavors: r-devel-linux-x86_64-debian-clang, r-devel-linux-x86_64-debian-gcc

These binaries (installable software) and packages are in development.
They may not be fully stable and should be used with caution. We make no claims about them.
Health stats visible at Monitor.