Last updated on 2025-10-30 19:53:19 CET.
| Flavor | Version | Tinstall | Tcheck | Ttotal | Status | Flags | 
|---|---|---|---|---|---|---|
| r-devel-linux-x86_64-debian-clang | 0.0.3 | 126.07 | 53.01 | 179.08 | NOTE | |
| r-devel-linux-x86_64-debian-gcc | 0.0.3 | 75.05 | 39.57 | 114.62 | NOTE | |
| r-devel-linux-x86_64-fedora-clang | 0.0.3 | 279.00 | 63.42 | 342.42 | NOTE | |
| r-devel-linux-x86_64-fedora-gcc | 0.0.3 | 143.00 | 169.54 | 312.54 | NOTE | |
| r-devel-windows-x86_64 | 0.0.3 | 127.00 | 92.00 | 219.00 | NOTE | |
| r-patched-linux-x86_64 | 0.0.3 | 120.40 | 50.27 | 170.67 | NOTE | |
| r-release-linux-x86_64 | 0.0.3 | 117.47 | 50.40 | 167.87 | NOTE | |
| r-release-macos-arm64 | 0.0.3 | 46.00 | 43.00 | 89.00 | NOTE | |
| r-release-macos-x86_64 | 0.0.3 | 44.00 | 78.00 | 122.00 | NOTE | |
| r-release-windows-x86_64 | 0.0.3 | 128.00 | 92.00 | 220.00 | NOTE | |
| r-oldrel-macos-arm64 | 0.0.3 | 46.00 | 34.00 | 80.00 | NOTE | |
| r-oldrel-macos-x86_64 | 0.0.3 | 42.00 | 60.00 | 102.00 | NOTE | |
| r-oldrel-windows-x86_64 | 0.0.3 | 150.00 | 115.00 | 265.00 | NOTE | 
Version: 0.0.3
Check: CRAN incoming feasibility
Result: NOTE
  Maintainer: ‘Carlos Pérez <caaperezag@unal.edu.co>’
  
  The Description field contains
    Cardona-Jiménez (2021) <arXiv:2111.01318>.
  Please refer to arXiv e-prints via their arXiv DOI <doi:10.48550/arXiv.YYMM.NNNNN>.
Flavors: r-devel-linux-x86_64-debian-clang, r-devel-linux-x86_64-debian-gcc
Version: 0.0.3
Check: Rd files
Result: NOTE
  checkRd: (-1) GroupSingleVoxelFETS.Rd:53: Lost braces
      53 | online trajectories related to the state parameter, the simulated BOLD responses, \mjseqn{\hat{Y}}{ascii}.
         |                                                                                                   ^
Flavors: r-devel-linux-x86_64-debian-clang, r-devel-linux-x86_64-debian-gcc, r-devel-linux-x86_64-fedora-clang, r-devel-linux-x86_64-fedora-gcc, r-devel-windows-x86_64, r-patched-linux-x86_64, r-release-linux-x86_64, r-release-macos-arm64, r-release-macos-x86_64, r-release-windows-x86_64, r-oldrel-macos-arm64, r-oldrel-macos-x86_64, r-oldrel-windows-x86_64
Version: 0.0.3
Check: installed package size
Result: NOTE
    installed size is  7.8Mb
    sub-directories of 1Mb or more:
      data   1.2Mb
      libs   6.2Mb
Flavors: r-oldrel-macos-arm64, r-oldrel-macos-x86_64
These binaries (installable software) and packages are in development.
They may not be fully stable and should be used with caution. We make no claims about them.
Health stats visible at Monitor.