CRAN Package Check Results for Package BayesDLMfMRI

Last updated on 2025-05-17 15:50:37 CEST.

Flavor Version Tinstall Tcheck Ttotal Status Flags
r-devel-linux-x86_64-debian-clang 0.0.3 123.28 50.85 174.13 NOTE
r-devel-linux-x86_64-debian-gcc 0.0.3 83.13 37.64 120.77 NOTE
r-devel-linux-x86_64-fedora-clang 0.0.3 312.16 NOTE
r-devel-linux-x86_64-fedora-gcc 0.0.3 371.36 NOTE
r-devel-windows-x86_64 0.0.3 125.00 93.00 218.00 NOTE
r-patched-linux-x86_64 0.0.3 117.72 48.38 166.10 NOTE
r-release-linux-x86_64 0.0.3 113.78 48.16 161.94 NOTE
r-release-macos-arm64 0.0.3 89.00 NOTE
r-release-macos-x86_64 0.0.3 122.00 NOTE
r-release-windows-x86_64 0.0.3 128.00 91.00 219.00 NOTE
r-oldrel-macos-arm64 0.0.3 80.00 NOTE
r-oldrel-macos-x86_64 0.0.3 102.00 NOTE
r-oldrel-windows-x86_64 0.0.3 149.00 110.00 259.00 NOTE

Check Details

Version: 0.0.3
Check: CRAN incoming feasibility
Result: NOTE Maintainer: ‘Carlos Pérez <caaperezag@unal.edu.co>’ The Description field contains Cardona-Jiménez (2021) <arXiv:2111.01318>. Please refer to arXiv e-prints via their arXiv DOI <doi:10.48550/arXiv.YYMM.NNNNN>. Flavors: r-devel-linux-x86_64-debian-clang, r-devel-linux-x86_64-debian-gcc

Version: 0.0.3
Check: Rd files
Result: NOTE checkRd: (-1) GroupSingleVoxelFETS.Rd:53: Lost braces 53 | online trajectories related to the state parameter, the simulated BOLD responses, \mjseqn{\hat{Y}}{ascii}. | ^ Flavors: r-devel-linux-x86_64-debian-clang, r-devel-linux-x86_64-debian-gcc, r-devel-linux-x86_64-fedora-clang, r-devel-linux-x86_64-fedora-gcc, r-devel-windows-x86_64, r-patched-linux-x86_64, r-release-linux-x86_64, r-release-macos-arm64, r-release-macos-x86_64, r-release-windows-x86_64, r-oldrel-macos-arm64, r-oldrel-macos-x86_64, r-oldrel-windows-x86_64

Version: 0.0.3
Check: installed package size
Result: NOTE installed size is 7.8Mb sub-directories of 1Mb or more: data 1.2Mb libs 6.2Mb Flavors: r-oldrel-macos-arm64, r-oldrel-macos-x86_64

These binaries (installable software) and packages are in development.
They may not be fully stable and should be used with caution. We make no claims about them.
Health stats visible at Monitor.