Last updated on 2025-02-23 19:50:59 CET.
Flavor | Version | Tinstall | Tcheck | Ttotal | Status | Flags |
---|---|---|---|---|---|---|
r-devel-linux-x86_64-debian-clang | 0.3.2 | 6.71 | 63.33 | 70.04 | NOTE | |
r-devel-linux-x86_64-debian-gcc | 0.3.2 | 3.92 | 45.60 | 49.52 | NOTE | |
r-devel-linux-x86_64-fedora-clang | 0.3.2 | 109.93 | OK | |||
r-devel-linux-x86_64-fedora-gcc | 0.3.2 | 133.32 | OK | |||
r-devel-macos-arm64 | 0.3.2 | 47.00 | OK | |||
r-devel-macos-x86_64 | 0.3.2 | 103.00 | OK | |||
r-devel-windows-x86_64 | 0.3.2 | 11.00 | 91.00 | 102.00 | NOTE | |
r-patched-linux-x86_64 | 0.3.2 | 15.13 | 59.77 | 74.90 | OK | |
r-release-linux-x86_64 | 0.3.2 | 6.28 | 60.22 | 66.50 | OK | |
r-release-macos-arm64 | 0.3.2 | 41.00 | OK | |||
r-release-macos-x86_64 | 0.3.2 | 106.00 | OK | |||
r-release-windows-x86_64 | 0.3.2 | 11.00 | 87.00 | 98.00 | OK | |
r-oldrel-macos-arm64 | 0.3.2 | 48.00 | OK | |||
r-oldrel-macos-x86_64 | 0.3.2 | 90.00 | OK | |||
r-oldrel-windows-x86_64 | 0.3.2 | 13.00 | 100.00 | 113.00 | OK |
Version: 0.3.2
Check: Rd cross-references
Result: NOTE
Found the following Rd file(s) with Rd \link{} targets missing package
anchors:
AgeC14_Computation.Rd: rjags
AgeS_Computation.Rd: rjags, runjags
Age_Computation.Rd: jags.model, rjags
Age_OSLC14.Rd: rjags, runjags
Generate_DataFile-deprecated.Rd: read_BIN2R, Luminescence
Generate_DataFile_MG-deprecated.Rd: read_BIN2R
Model_Age.Rd: rjags
Model_AgeC14.Rd: rjags
Model_AgeS.Rd: rjags
Model_Palaeodose.Rd: rjags
Palaeodose_Computation.Rd: jags.model, rjags
create_DataFile.Rd: RLum.Analysis-class
plot_MCMC.Rd: rjags
plot_Scatterplots.Rd: rjags
Please provide package anchors for all Rd \link{} targets not in the
package itself and the base packages.
Flavors: r-devel-linux-x86_64-debian-clang, r-devel-linux-x86_64-debian-gcc, r-devel-windows-x86_64
These binaries (installable software) and packages are in development.
They may not be fully stable and should be used with caution. We make no claims about them.
Health stats visible at Monitor.