Last updated on 2024-05-02 01:56:53 CEST.
Flavor | Version | Tinstall | Tcheck | Ttotal | Status | Flags |
---|---|---|---|---|---|---|
r-devel-linux-x86_64-debian-clang | 0.1.1 | 9.67 | 85.47 | 95.14 | NOTE | |
r-devel-linux-x86_64-debian-gcc | 0.1.1 | 7.33 | 58.45 | 65.78 | NOTE | |
r-devel-linux-x86_64-fedora-clang | 0.1.1 | 120.30 | NOTE | |||
r-devel-linux-x86_64-fedora-gcc | 0.1.1 | 121.20 | NOTE | |||
r-devel-windows-x86_64 | 0.1.1 | 10.00 | 77.00 | 87.00 | NOTE | |
r-patched-linux-x86_64 | 0.1.1 | 12.43 | 80.50 | 92.93 | NOTE | |
r-release-linux-x86_64 | 0.1.1 | 9.37 | 77.17 | 86.54 | NOTE | |
r-release-macos-arm64 | 0.1.1 | 30.00 | NOTE | |||
r-release-windows-x86_64 | 0.1.1 | 11.00 | 77.00 | 88.00 | NOTE | |
r-oldrel-macos-arm64 | 0.1.1 | 32.00 | OK | |||
r-oldrel-macos-x86_64 | 0.1.1 | 52.00 | OK | |||
r-oldrel-windows-x86_64 | 0.1.1 | 14.00 | 93.00 | 107.00 | OK |
Version: 0.1.1
Check: Rd files
Result: NOTE
checkRd: (-1) autoplot.tsregime.Rd:20: Lost braces
20 | Graph for the stochastic processes of the object \ dQuote {\ code {tsregime}} for: Output process and if they exist for: Threshold process and Covariates process. In the case that there are missing data, a red line is drawn at the indicated time.
| ^
checkRd: (-1) autoplot.tsregime.Rd:20: Lost braces; missing escapes or markup?
20 | Graph for the stochastic processes of the object \ dQuote {\ code {tsregime}} for: Output process and if they exist for: Threshold process and Covariates process. In the case that there are missing data, a red line is drawn at the indicated time.
| ^
Flavors: r-devel-linux-x86_64-debian-clang, r-devel-linux-x86_64-debian-gcc, r-devel-linux-x86_64-fedora-clang, r-devel-linux-x86_64-fedora-gcc, r-devel-windows-x86_64, r-patched-linux-x86_64, r-release-linux-x86_64, r-release-macos-arm64, r-release-windows-x86_64
These binaries (installable software) and packages are in development.
They may not be fully stable and should be used with caution. We make no claims about them.
Health stats visible at Monitor.