Last updated on 2025-02-23 19:51:00 CET.
Flavor | Version | Tinstall | Tcheck | Ttotal | Status | Flags |
---|---|---|---|---|---|---|
r-devel-linux-x86_64-debian-clang | 0.1.0 | 20.63 | 27.89 | 48.52 | NOTE | |
r-devel-linux-x86_64-debian-gcc | 0.1.0 | 16.09 | 22.33 | 38.42 | NOTE | |
r-devel-linux-x86_64-fedora-clang | 0.1.0 | 89.45 | NOTE | |||
r-devel-linux-x86_64-fedora-gcc | 0.1.0 | 85.84 | NOTE | |||
r-devel-macos-arm64 | 0.1.0 | 26.00 | NOTE | |||
r-devel-macos-x86_64 | 0.1.0 | 44.00 | NOTE | |||
r-devel-windows-x86_64 | 0.1.0 | 23.00 | 68.00 | 91.00 | NOTE | |
r-patched-linux-x86_64 | 0.1.0 | 24.21 | 27.71 | 51.92 | NOTE | |
r-release-linux-x86_64 | 0.1.0 | 21.37 | 27.57 | 48.94 | NOTE | |
r-release-macos-arm64 | 0.1.0 | 28.00 | NOTE | |||
r-release-macos-x86_64 | 0.1.0 | 39.00 | NOTE | |||
r-release-windows-x86_64 | 0.1.0 | 24.00 | 66.00 | 90.00 | NOTE | |
r-oldrel-macos-arm64 | 0.1.0 | 30.00 | OK | |||
r-oldrel-macos-x86_64 | 0.1.0 | 43.00 | OK | |||
r-oldrel-windows-x86_64 | 0.1.0 | 28.00 | 75.00 | 103.00 | OK |
Version: 0.1.0
Check: Rd files
Result: NOTE
checkRd: (-1) estimate_latent_positions.Rd:51: Lost braces
51 | \item \code{Alpha }{\eqn{\alpha} values from the sampled iterations}
| ^
checkRd: (-1) estimate_latent_positions.Rd:52: Lost braces
52 | \item \code{Likelihood }{Log-likelihood values from the sampled iterations}
| ^
checkRd: (-1) estimate_latent_positions.Rd:53-57: Lost braces
53 | \item \code{Iterations }{Latent space coordinates from the sampled iterations. Latent positions are stored in a
| ^
checkRd: (-1) estimate_latent_positions.Rd:58: Lost braces
58 | \item \code{StartingPositions }{Latent space coordinates right after the initialization step. In the non-Procrustean framework starting distances are given instead.}
| ^
checkRd: (-1) estimate_latent_positions.Rd:59: Lost braces
59 | \item \code{Matrix }{Original matrices of the network (adjacency and BLSM weights)}
| ^
checkRd: (-1) estimate_latent_positions.Rd:60: Lost braces
60 | \item \code{Parameters }{List of parameters specified during the call to \link[BLSM]{estimate_latent_positions}}
| ^
checkRd: (-1) example_blsm_obj.Rd:9: Lost braces
9 | \item \code{Alpha }{\eqn{\alpha} values from the sampled iterations}
| ^
checkRd: (-1) example_blsm_obj.Rd:10: Lost braces
10 | \item \code{Likelihood }{Log-likelihood values from the sampled iterations}
| ^
checkRd: (-1) example_blsm_obj.Rd:11-15: Lost braces
11 | \item \code{Iterations }{Latent space coordinates from the sampled iterations. Latent positions are stored in a
| ^
checkRd: (-1) example_blsm_obj.Rd:16: Lost braces
16 | \item \code{StartingPositions }{Latent space coordinates right after the initialization step. In the non-Procrustean framework starting distances are given instead.}
| ^
checkRd: (-1) example_blsm_obj.Rd:17: Lost braces
17 | \item \code{Matrix }{Original matrices of the network (adjacency and BLSM weights)}
| ^
checkRd: (-1) example_blsm_obj.Rd:18: Lost braces
18 | \item \code{Parameters }{List of parameters specified during the call to \link[BLSM]{estimate_latent_positions}}
| ^
Flavors: r-devel-linux-x86_64-debian-clang, r-devel-linux-x86_64-debian-gcc, r-devel-linux-x86_64-fedora-clang, r-devel-linux-x86_64-fedora-gcc, r-devel-macos-arm64, r-devel-macos-x86_64, r-devel-windows-x86_64, r-patched-linux-x86_64, r-release-linux-x86_64, r-release-macos-arm64, r-release-macos-x86_64, r-release-windows-x86_64
Version: 0.1.0
Check: installed package size
Result: NOTE
installed size is 5.4Mb
sub-directories of 1Mb or more:
libs 5.1Mb
Flavors: r-release-macos-arm64, r-release-macos-x86_64
These binaries (installable software) and packages are in development.
They may not be fully stable and should be used with caution. We make no claims about them.
Health stats visible at Monitor.