CRAN Package Check Results for Package BHH2

Last updated on 2025-05-17 15:50:37 CEST.

Flavor Version Tinstall Tcheck Ttotal Status Flags
r-devel-linux-x86_64-debian-clang 2016.05.31 2.29 31.93 34.22 NOTE
r-devel-linux-x86_64-debian-gcc 2016.05.31 1.61 24.75 26.36 NOTE
r-devel-linux-x86_64-fedora-clang 2016.05.31 56.33 NOTE
r-devel-linux-x86_64-fedora-gcc 2016.05.31 64.82 NOTE
r-devel-windows-x86_64 2016.05.31 3.00 71.00 74.00 NOTE
r-patched-linux-x86_64 2016.05.31 2.14 30.77 32.91 NOTE
r-release-linux-x86_64 2016.05.31 2.21 31.04 33.25 NOTE
r-release-macos-arm64 2016.05.31 29.00 NOTE
r-release-macos-x86_64 2016.05.31 60.00 NOTE
r-release-windows-x86_64 2016.05.31 5.00 75.00 80.00 NOTE
r-oldrel-macos-arm64 2016.05.31 33.00 NOTE
r-oldrel-macos-x86_64 2016.05.31 68.00 NOTE
r-oldrel-windows-x86_64 2016.05.31 4.00 71.00 75.00 NOTE

Check Details

Version: 2016.05.31
Check: CRAN incoming feasibility
Result: NOTE Maintainer: ‘Kjetil B.Halvorsen <kjetil1001@gmail.com>’ No Authors@R field in DESCRIPTION. Please add one, modifying Authors@R: c(person(given = "Ernesto", family = "Barrios", role = "aut"), person(given = "Kjetil", family = "B.Halvorsen", role = "cre", email = "kjetil1001@gmail.com")) as necessary. Flavors: r-devel-linux-x86_64-debian-clang, r-devel-linux-x86_64-debian-gcc

Version: 2016.05.31
Check: Rd files
Result: NOTE checkRd: (-1) dotPlot.Rd:56: Escaped LaTeX specials: \& Flavors: r-devel-linux-x86_64-debian-clang, r-devel-linux-x86_64-debian-gcc, r-devel-linux-x86_64-fedora-clang, r-devel-linux-x86_64-fedora-gcc, r-devel-windows-x86_64, r-patched-linux-x86_64, r-release-linux-x86_64, r-release-macos-arm64, r-release-macos-x86_64, r-release-windows-x86_64, r-oldrel-macos-arm64, r-oldrel-macos-x86_64, r-oldrel-windows-x86_64

These binaries (installable software) and packages are in development.
They may not be fully stable and should be used with caution. We make no claims about them.
Health stats visible at Monitor.