Last updated on 2025-02-23 15:49:37 CET.
Flavor | Version | Tinstall | Tcheck | Ttotal | Status | Flags |
---|---|---|---|---|---|---|
r-devel-linux-x86_64-debian-clang | 0.4.9 | 18.83 | 131.96 | 150.79 | NOTE | |
r-devel-linux-x86_64-debian-gcc | 0.4.9 | 13.38 | 92.65 | 106.03 | NOTE | |
r-devel-linux-x86_64-fedora-clang | 0.4.9 | 242.20 | NOTE | |||
r-devel-linux-x86_64-fedora-gcc | 0.4.9 | 233.85 | NOTE | |||
r-devel-macos-arm64 | 0.4.9 | 64.00 | NOTE | |||
r-devel-macos-x86_64 | 0.4.9 | 127.00 | NOTE | |||
r-devel-windows-x86_64 | 0.4.9 | 21.00 | 141.00 | 162.00 | NOTE | |
r-patched-linux-x86_64 | 0.4.9 | 16.59 | 121.85 | 138.44 | NOTE | |
r-release-linux-x86_64 | 0.4.9 | 16.13 | 122.44 | 138.57 | NOTE | |
r-release-macos-arm64 | 0.4.9 | 61.00 | NOTE | |||
r-release-macos-x86_64 | 0.4.9 | 109.00 | NOTE | |||
r-release-windows-x86_64 | 0.4.9 | 21.00 | 140.00 | 161.00 | NOTE | |
r-oldrel-macos-arm64 | 0.4.9 | 63.00 | NOTE | |||
r-oldrel-macos-x86_64 | 0.4.9 | 117.00 | NOTE | |||
r-oldrel-windows-x86_64 | 0.4.9 | 28.00 | 169.00 | 197.00 | NOTE |
Version: 0.4.9
Check: Rd files
Result: NOTE
checkRd: (-1) BETSsearch.Rd:56: Lost braces
56 | \item{To exclude whole expressions from the search, surround them with code{' '} and insert a \code{~} before each of them.
| ^
checkRd: (-1) dummy.Rd:23: Lost braces; missing escapes or markup?
23 | \item{date}{a \code{list}. The periods for which the dummy must be set to one. Periods must be represented as {integer vectors}, as described for \code{start} and \code{end}.}
| ^
checkRd: (-1) dummy.Rd:25: Lost braces; missing escapes or markup?
25 | \item{from}{An \code{integer vector} The starting period of a sequence of perids for which the dummy must be set to one. Periods must be represented as {integer vectors}, as described for \code{start} and \code{end}.}
| ^
checkRd: (-1) dummy.Rd:27: Lost braces; missing escapes or markup?
27 | \item{to}{The ending period of a sequence of perids for which the dummy must be set to one. Periods must be represented as {integer vectors}, as described for \code{start} and \code{end}.}
| ^
Flavors: r-devel-linux-x86_64-debian-clang, r-devel-linux-x86_64-debian-gcc, r-devel-linux-x86_64-fedora-clang, r-devel-linux-x86_64-fedora-gcc, r-devel-macos-arm64, r-devel-macos-x86_64, r-devel-windows-x86_64, r-patched-linux-x86_64, r-release-linux-x86_64, r-release-macos-arm64, r-release-macos-x86_64, r-release-windows-x86_64
Version: 0.4.9
Check: LazyData
Result: NOTE
'LazyData' is specified without a 'data' directory
Flavors: r-patched-linux-x86_64, r-release-linux-x86_64, r-release-macos-arm64, r-release-macos-x86_64, r-release-windows-x86_64, r-oldrel-macos-arm64, r-oldrel-macos-x86_64, r-oldrel-windows-x86_64
These binaries (installable software) and packages are in development.
They may not be fully stable and should be used with caution. We make no claims about them.
Health stats visible at Monitor.