CRAN Package Check Results for Package BClustLonG

Last updated on 2025-05-07 20:49:39 CEST.

Flavor Version Tinstall Tcheck Ttotal Status Flags
r-devel-linux-x86_64-debian-clang 0.1.3 34.10 71.92 106.02 NOTE
r-devel-linux-x86_64-debian-gcc 0.1.3 22.64 52.96 75.60 NOTE
r-devel-linux-x86_64-fedora-clang 0.1.3 176.13 NOTE
r-devel-linux-x86_64-fedora-gcc 0.1.3 285.50 NOTE
r-devel-windows-x86_64 0.1.3 36.00 98.00 134.00 NOTE
r-patched-linux-x86_64 0.1.3 32.23 70.33 102.56 NOTE
r-release-linux-x86_64 0.1.3 33.22 69.33 102.55 NOTE
r-release-macos-arm64 0.1.3 99.00 NOTE
r-release-macos-x86_64 0.1.3 165.00 NOTE
r-release-windows-x86_64 0.1.3 37.00 106.00 143.00 NOTE
r-oldrel-macos-arm64 0.1.3 82.00 NOTE
r-oldrel-macos-x86_64 0.1.3 177.00 NOTE
r-oldrel-windows-x86_64 0.1.3 45.00 124.00 169.00 NOTE

Check Details

Version: 0.1.3
Check: CRAN incoming feasibility
Result: NOTE Maintainer: ‘Jiehuan Sun <jiehuan.sun@gmail.com>’ No Authors@R field in DESCRIPTION. Please add one, modifying Authors@R: c(person(given = "Jiehuan", family = "Sun", role = c("aut", "cre"), email = "jiehuan.sun@gmail.com"), person(given = c("Jose", "D."), family = "Herazo-Maya", role = "aut"), person(given = "Naftali", family = "Kaminski", role = "aut"), person(given = "Hongyu", family = "Zhao", role = "aut"), person(given = c("Joshua", "L."), family = "Warren,", role = "aut")) as necessary. Flavors: r-devel-linux-x86_64-debian-clang, r-devel-linux-x86_64-debian-gcc

Version: 0.1.3
Check: C++ specification
Result: NOTE Specified C++11: please drop specification unless essential Flavors: r-devel-linux-x86_64-debian-clang, r-devel-linux-x86_64-debian-gcc, r-devel-linux-x86_64-fedora-clang, r-devel-linux-x86_64-fedora-gcc, r-devel-windows-x86_64, r-patched-linux-x86_64, r-release-linux-x86_64, r-release-macos-arm64, r-release-macos-x86_64, r-release-windows-x86_64, r-oldrel-macos-arm64, r-oldrel-macos-x86_64, r-oldrel-windows-x86_64

These binaries (installable software) and packages are in development.
They may not be fully stable and should be used with caution. We make no claims about them.
Health stats visible at Monitor.